{"id":47,"date":"2024-04-03T23:10:34","date_gmt":"2024-04-03T20:10:34","guid":{"rendered":"https:\/\/sisu.ut.ee\/hambaravi4\/52-kaviteedi-paiknemine\/"},"modified":"2024-04-09T15:00:58","modified_gmt":"2024-04-09T12:00:58","slug":"52-kaviteedi-paiknemine","status":"publish","type":"page","link":"https:\/\/sisu.ut.ee\/hambaravi4\/52-kaviteedi-paiknemine\/","title":{"rendered":"5.2. Kaviteedi paiknemine"},"content":{"rendered":"<p>Hamba nurga taastamist vajavad peamiselt <strong style=\"font-family: verdana, geneva; font-size: small; line-height: 1.6em;\">intsisiivid <\/strong>ehk l\u00f5ikehambad. Kuigi esihammaste hulka kuuluvad ka kaniinid, vajavad need harvem ulatuslikku restauratsiooni. <strong style=\"font-family: verdana, geneva; font-size: small; line-height: 1.6em;\">Silmahambad ehk kaniinid<\/strong> on kaarieskahjustusele <strong style=\"font-family: verdana, geneva; font-size: small; line-height: 1.6em;\">vastupidavamad<\/strong> t\u00e4nu oma heale ligip\u00e4\u00e4sule harjamisel, siledale pinnale ja ulatuslikumale hambakoe hulgale.<\/p>\n<p>Hambanurga taastamise <strong>vajaduseks<\/strong> v\u00f5ib olla <strong>ulatuslik kaarieskahjustus<\/strong> (mis on alanud kontaktpinnalt, kuid levides haarab ka hambanurga) v\u00f5i<strong> hambatrauma<\/strong>. Kahjustus paikneb hamba proksimaalsel- v\u00f5i aproksimaalsel k\u00fcljel ja ulatub l\u00f5ikeservale. Selline kaviteet klassifitseerub Blacki IV t\u00fc\u00fcpi kaviteedi alla.<\/p>\n<p>K\u00f5ige enam leiavad <strong>hambamurrud<\/strong> aset just <strong>l\u00f5ikehammastel<\/strong>. Selle p\u00f5hjuseks on intsisiivide eesmine asend, esmane kokkupuude toimiva traumatilise j\u00f5uga ja suhteliselt \u00f5hukesed hambakoed. <strong>K\u00f5ige sagedamini<\/strong> (ligi 3\/4 hamba murdudest) kahjustuvad <strong>\u00fclemised tsentraalsed intsisiivid<\/strong>.<\/p>\n<p><img loading=\"lazy\" decoding=\"async\" width=\"300\" height=\"200\" class=\"alignnone wp-image-99 aligncenter\" style=\"margin-left: auto; margin-right: auto;\" title=\"4406.jpg\" src=\"https:\/\/sisu.ut.ee\/wp-content\/uploads\/sites\/22\/4406.jpg\" alt=\"4406.jpg\"><\/p>\n<p style=\"text-align: center;\"><em>Murdunud esihammas,\u00a0<a href=\"http:\/\/www.mountainviewfamilydentistry.com\/ourblog\/?p=496\" target=\"_blank\" rel=\"noopener\">http:\/\/www.mountainviewfamilydentistry.com\/ourblog\/?p=496<\/a><\/em><\/p>\n","protected":false},"excerpt":{"rendered":"<p>Hamba nurga taastamist vajavad peamiselt intsisiivid ehk l\u00f5ikehambad. Kuigi esihammaste hulka kuuluvad ka kaniinid, vajavad need harvem ulatuslikku restauratsiooni. Silmahambad ehk kaniinid on kaarieskahjustusele vastupidavamad t\u00e4nu oma heale ligip\u00e4\u00e4sule harjamisel, siledale pinnale ja ulatuslikumale hambakoe hulgale. Hambanurga taastamise vajaduseks v\u00f5ib &#8230;<\/p>\n","protected":false},"author":12,"featured_media":0,"parent":0,"menu_order":0,"comment_status":"closed","ping_status":"closed","template":"","meta":{"_acf_changed":false,"inline_featured_image":false,"footnotes":""},"class_list":["post-47","page","type-page","status-publish","hentry"],"acf":[],"_links":{"self":[{"href":"https:\/\/sisu.ut.ee\/hambaravi4\/wp-json\/wp\/v2\/pages\/47","targetHints":{"allow":["GET"]}}],"collection":[{"href":"https:\/\/sisu.ut.ee\/hambaravi4\/wp-json\/wp\/v2\/pages"}],"about":[{"href":"https:\/\/sisu.ut.ee\/hambaravi4\/wp-json\/wp\/v2\/types\/page"}],"author":[{"embeddable":true,"href":"https:\/\/sisu.ut.ee\/hambaravi4\/wp-json\/wp\/v2\/users\/12"}],"replies":[{"embeddable":true,"href":"https:\/\/sisu.ut.ee\/hambaravi4\/wp-json\/wp\/v2\/comments?post=47"}],"version-history":[{"count":2,"href":"https:\/\/sisu.ut.ee\/hambaravi4\/wp-json\/wp\/v2\/pages\/47\/revisions"}],"predecessor-version":[{"id":308,"href":"https:\/\/sisu.ut.ee\/hambaravi4\/wp-json\/wp\/v2\/pages\/47\/revisions\/308"}],"wp:attachment":[{"href":"https:\/\/sisu.ut.ee\/hambaravi4\/wp-json\/wp\/v2\/media?parent=47"}],"curies":[{"name":"wp","href":"https:\/\/api.w.org\/{rel}","templated":true}]}}