{"id":4,"date":"2024-04-03T23:10:32","date_gmt":"2024-04-03T20:10:32","guid":{"rendered":"https:\/\/sisu.ut.ee\/hambaravi4\/avaleht\/"},"modified":"2024-04-11T16:17:18","modified_gmt":"2024-04-11T13:17:18","slug":"avaleht","status":"publish","type":"page","link":"https:\/\/sisu.ut.ee\/hambaravi4\/","title":{"rendered":"Avaleht"},"content":{"rendered":"<p><img loading=\"lazy\" decoding=\"async\" class=\"alignnone wp-image-56\" style=\"float: right; margin-left: 5px; margin-right: 5px;\" title=\"avalehe_pilt.jpg\" src=\"https:\/\/sisu.ut.ee\/wp-content\/uploads\/sites\/22\/avalehe_pilt.jpg\" alt=\"avalehe_pilt.jpg\" width=\"423\" height=\"282\" srcset=\"https:\/\/sisu.ut.ee\/wp-content\/uploads\/sites\/22\/avalehe_pilt.jpg 500w, https:\/\/sisu.ut.ee\/wp-content\/uploads\/sites\/22\/avalehe_pilt-300x200.jpg 300w\" sizes=\"auto, (max-width: 423px) 100vw, 423px\">Hambaarsti\u00f5pingute oluline osa on hammaste restauratiivne taastamine ehk kaariesest tingitud kahjustuste parandamine t\u00e4idismaterjalidega. \u00d5igesti prepareeritud kaviteet tagab hea juurdep\u00e4\u00e4su kaarieskahjustusele, mittekahjustunud hambakudede s\u00e4\u00e4stliku eemaldamise ja t\u00e4idise hea p\u00fcsivuse hambas.<\/p>\n<p>Kaviteedi preparatsiooni aluseks on kahjustuse paiknemine hambapinna suhtes. Antud \u00f5piobjektide kogumikus on materjal liigendatud vastavalt kahjustuse paiknemisele. Iga peat\u00fckki on v\u00f5imalik kasutada eraldiseisva \u00f5ppevahendina, aega neist igale \u00a0kulub umbes neli tundi.<\/p>\n<p>\u00d5piobjektide kogu\u00a0<strong>\u2018Kaviteedi preparatsiooni \u00f5petus\u2019<\/strong>\u00a0koosneb eraldiseisvatest osadest, mis on m\u00f5eldud iseseisvaks l\u00e4bimiseks. Loe l\u00e4bi \u00f5ppematerjalid, vaata videoklippe ja p\u00fc\u00fca lahendada \u00fclesandeid, mis aitavad sul materjali omandamist hinnata. Materjali eduka omandamise j\u00e4rgselt sa m\u00f5istad kaviteedi loomise n\u00f5udeid ja oskad kavandada preparatsiooni s\u00f5ltuvalt kaarieskahjustuse paiknemisest.<\/p>\n<p>Edukat \u00f5pet!<\/p>\n<p>Riina Runnel<br>Tartu \u00dclikool<br>Suu- ja hambahaiguste \u00f5ppej\u00f5ud<br><a href=\"mailto:Riina.runnel@ut.ee\">riina.runnel@ut.ee<\/a><\/p>\n<p style=\"text-align: left;\"><span style=\"font-size: xx-small;\">Pildi allikas:\u00a0<a href=\"http:\/\/blog.drtomfarley.com\/cavity-cleaned-out-of-tooth.html\" target=\"_blank\" rel=\"noopener\">http:\/\/blog.drtomfarley.com\/cavity-cleaned-out-of-tooth.html<\/a><\/span><\/p>\n\n\n<figure class=\"wp-block-image aligncenter size-full\"><img loading=\"lazy\" decoding=\"async\" width=\"185\" height=\"102\" src=\"https:\/\/sisu.ut.ee\/wp-content\/uploads\/sites\/22\/esf185.jpg\" alt=\"\" class=\"wp-image-111\"><\/figure>\n\n\n\n<p class=\"has-extra-small-font-size\">K\u00e4esolev \u00f5piobjekt on autorikaitse all vastavalt Eesti Vabariigi autori\u00f5iguse seadusele. \u00d5piobjekti varalised \u00f5igused kuuluvad Tartu \u00dclikoolile. \u00d5piobjekti on lubatud reprodutseerida, levitada ja avalikult esitada ainult \u00f5piotstarbel kui tervikut, va refereerimine ja tsiteerimine motiveeritud mahus. \u00d5piobjekti ei ole lubatud kasutada kommertseesm\u00e4rgil. \u00d5piobjekti igakordsel kasutamisel on kasutaja kohustatud viitama \u00f5piobjekti autorile. \u00d5piobjekti pole lubatud muuta ega t\u00e4iendada.<\/p>\n","protected":false},"excerpt":{"rendered":"<p>Hambaarsti\u00f5pingute oluline osa on hammaste restauratiivne taastamine ehk kaariesest tingitud kahjustuste parandamine t\u00e4idismaterjalidega. \u00d5igesti prepareeritud kaviteet tagab hea juurdep\u00e4\u00e4su kaarieskahjustusele, mittekahjustunud hambakudede s\u00e4\u00e4stliku eemaldamise ja t\u00e4idise hea p\u00fcsivuse hambas. Kaviteedi preparatsiooni aluseks on kahjustuse paiknemine hambapinna suhtes. Antud \u00f5piobjektide kogumikus &#8230;<\/p>\n","protected":false},"author":12,"featured_media":0,"parent":0,"menu_order":0,"comment_status":"closed","ping_status":"closed","template":"","meta":{"_acf_changed":false,"inline_featured_image":false,"footnotes":""},"class_list":["post-4","page","type-page","status-publish","hentry"],"acf":[],"_links":{"self":[{"href":"https:\/\/sisu.ut.ee\/hambaravi4\/wp-json\/wp\/v2\/pages\/4","targetHints":{"allow":["GET"]}}],"collection":[{"href":"https:\/\/sisu.ut.ee\/hambaravi4\/wp-json\/wp\/v2\/pages"}],"about":[{"href":"https:\/\/sisu.ut.ee\/hambaravi4\/wp-json\/wp\/v2\/types\/page"}],"author":[{"embeddable":true,"href":"https:\/\/sisu.ut.ee\/hambaravi4\/wp-json\/wp\/v2\/users\/12"}],"replies":[{"embeddable":true,"href":"https:\/\/sisu.ut.ee\/hambaravi4\/wp-json\/wp\/v2\/comments?post=4"}],"version-history":[{"count":2,"href":"https:\/\/sisu.ut.ee\/hambaravi4\/wp-json\/wp\/v2\/pages\/4\/revisions"}],"predecessor-version":[{"id":323,"href":"https:\/\/sisu.ut.ee\/hambaravi4\/wp-json\/wp\/v2\/pages\/4\/revisions\/323"}],"wp:attachment":[{"href":"https:\/\/sisu.ut.ee\/hambaravi4\/wp-json\/wp\/v2\/media?parent=4"}],"curies":[{"name":"wp","href":"https:\/\/api.w.org\/{rel}","templated":true}]}}