{"id":39,"date":"2024-04-03T23:10:33","date_gmt":"2024-04-03T20:10:33","guid":{"rendered":"https:\/\/sisu.ut.ee\/hambaravi4\/342-pilujas-preparatsioon\/"},"modified":"2024-04-03T23:10:51","modified_gmt":"2024-04-03T20:10:51","slug":"342-pilujas-preparatsioon","status":"publish","type":"page","link":"https:\/\/sisu.ut.ee\/hambaravi4\/342-pilujas-preparatsioon\/","title":{"rendered":"3.4.2. Pilujas preparatsioon"},"content":{"rendered":"<p style=\"text-align: center\"><img loading=\"lazy\" decoding=\"async\" width=\"400\" height=\"249\" class=\"alignnone wp-image-90\" src=\"https:\/\/sisu.ut.ee\/wp-content\/uploads\/sites\/22\/4206.jpg\" title=\"4206.jpg\" alt=\"4206.jpg\" srcset=\"https:\/\/sisu.ut.ee\/wp-content\/uploads\/sites\/22\/4206.jpg 400w, https:\/\/sisu.ut.ee\/wp-content\/uploads\/sites\/22\/4206-300x187.jpg 300w\" sizes=\"auto, (max-width: 400px) 100vw, 400px\"><em style=\"line-height: 1.6em\"><br><\/em><img loading=\"lazy\" decoding=\"async\" width=\"400\" height=\"266\" class=\"alignnone wp-image-91\" src=\"https:\/\/sisu.ut.ee\/wp-content\/uploads\/sites\/22\/4205.jpg\" title=\"4205.jpg\" alt=\"4205.jpg\" srcset=\"https:\/\/sisu.ut.ee\/wp-content\/uploads\/sites\/22\/4205.jpg 400w, https:\/\/sisu.ut.ee\/wp-content\/uploads\/sites\/22\/4205-300x200.jpg 300w\" sizes=\"auto, (max-width: 400px) 100vw, 400px\"><\/p>\n<p style=\"text-align: center\"><em style=\"line-height: 1.6em\">Hamba kontaktpinnal on kahjustus, mida on v\u00f5imalik n\u00e4ha vaatlusel hallika kumana v\u00f5i r\u00f6ntgen\u00fclesv\u00f5ttel. Kuigi oklusaalpinna email on terve, l\u00e4henetakse kahjustusele siiski eelistatult m\u00e4lumispinna kaudu. <a style=\"line-height: 1.6em\" href=\"http:\/\/www.dentalcompare.com\/Featured-Articles\/2245-Tetric-EvoCeram-Case-Study-Restoration-of-a-Class-II-Lesion\/\" target=\"_blank\" rel=\"noopener\">http:\/\/www.dentalcompare.com\/Featured-Articles\/2245-Tetric-EvoCeram-Case-Study-Restoration-of-a-Class-II-Lesion\/<\/a><\/em><\/p>\n<p><strong>Pilujas preparatsioon<\/strong> on t\u00e4nap\u00e4evane <strong>levinud tehnika<\/strong>, mis on v\u00f5imalik adhesiivs\u00fcsteemi t\u00e4iustumisele. Enamasti tagab <strong>adhesiivi kasutamine<\/strong> <strong>piisava seose<\/strong> hamba ja t\u00e4idismeterjali vahel, nii et lisaretentsioone vaja ei ole.<\/p>\n<p>Vaata <strong>\u00f5ppevideot<\/strong> \u2018II klassi pilujas preparatsioon\u2019: \u00a0<\/p>\n<p style=\"text-align: center\"><\/p><div class=\"ratio ratio-16x9 mb-3\"><div class=\"video-placeholder-wrapper video-placeholder-wrapper--16x9\">\n\t\t\t    <div class=\"video-placeholder d-flex justify-content-center align-items-center\">\n\t\t\t        <div class=\"overlay text-white p-2 w-100 text-center d-block justify-content-center align-items-center\">\n\t\t\t            <div>Kolmandate osapoolte sisu n\u00e4gemiseks palun n\u00f5ustu k\u00fcpsistega.<\/div>\n\t\t\t            <button class=\"btn btn-secondary btn-sm mt-1 consent-change\">Muuda n\u00f5usolekut<\/button>\n\t\t\t        <\/div>\n\t\t\t    <\/div>\n\t\t\t<\/div>\n<\/div>\n<p>Mida <strong>kitsam<\/strong> on preparatsioon, seda suurem on <strong>oht<\/strong>, et kaviteeti j\u00e4\u00e4b <strong>eemaldamata karioosset hambakude.<\/strong> Heaks abivahendiks selle v\u00e4ltimisel on <strong>kaariesmarker.<\/strong> Samuti aitab n\u00e4htavust parandada eelnev <strong>hammaste separatsioon<\/strong> ehk lahku nihutamine, n\u00e4iteks interdentaalset kiilu v\u00f5i separatsioonikummi kasutades.<\/p>\n<p>Mida suuremad on hambaarsti kogemused, seda enam saab kasutada baastehnikate <strong>modifikatsioone<\/strong>.\u00a0<\/p>\n","protected":false},"excerpt":{"rendered":"<p>Hamba kontaktpinnal on kahjustus, mida on v\u00f5imalik n\u00e4ha vaatlusel hallika kumana v\u00f5i r\u00f6ntgen\u00fclesv\u00f5ttel. Kuigi oklusaalpinna email on terve, l\u00e4henetakse kahjustusele siiski eelistatult m\u00e4lumispinna kaudu. http:\/\/www.dentalcompare.com\/Featured-Articles\/2245-Tetric-EvoCeram-Case-Study-Restoration-of-a-Class-II-Lesion\/ Pilujas preparatsioon on t\u00e4nap\u00e4evane levinud tehnika, mis on v\u00f5imalik adhesiivs\u00fcsteemi t\u00e4iustumisele. Enamasti tagab adhesiivi kasutamine &#8230;<\/p>\n","protected":false},"author":12,"featured_media":0,"parent":0,"menu_order":0,"comment_status":"closed","ping_status":"closed","template":"","meta":{"_acf_changed":false,"inline_featured_image":false,"footnotes":""},"class_list":["post-39","page","type-page","status-publish","hentry"],"acf":[],"_links":{"self":[{"href":"https:\/\/sisu.ut.ee\/hambaravi4\/wp-json\/wp\/v2\/pages\/39","targetHints":{"allow":["GET"]}}],"collection":[{"href":"https:\/\/sisu.ut.ee\/hambaravi4\/wp-json\/wp\/v2\/pages"}],"about":[{"href":"https:\/\/sisu.ut.ee\/hambaravi4\/wp-json\/wp\/v2\/types\/page"}],"author":[{"embeddable":true,"href":"https:\/\/sisu.ut.ee\/hambaravi4\/wp-json\/wp\/v2\/users\/12"}],"replies":[{"embeddable":true,"href":"https:\/\/sisu.ut.ee\/hambaravi4\/wp-json\/wp\/v2\/comments?post=39"}],"version-history":[{"count":1,"href":"https:\/\/sisu.ut.ee\/hambaravi4\/wp-json\/wp\/v2\/pages\/39\/revisions"}],"predecessor-version":[{"id":221,"href":"https:\/\/sisu.ut.ee\/hambaravi4\/wp-json\/wp\/v2\/pages\/39\/revisions\/221"}],"wp:attachment":[{"href":"https:\/\/sisu.ut.ee\/hambaravi4\/wp-json\/wp\/v2\/media?parent=39"}],"curies":[{"name":"wp","href":"https:\/\/api.w.org\/{rel}","templated":true}]}}