{"id":31,"date":"2024-04-03T23:10:33","date_gmt":"2024-04-03T20:10:33","guid":{"rendered":"https:\/\/sisu.ut.ee\/hambaravi4\/241-premolaari-malumispind\/"},"modified":"2024-04-09T14:46:09","modified_gmt":"2024-04-09T11:46:09","slug":"241-premolaari-malumispind","status":"publish","type":"page","link":"https:\/\/sisu.ut.ee\/hambaravi4\/241-premolaari-malumispind\/","title":{"rendered":"2.4.2. Premolaari m\u00e4lumispind"},"content":{"rendered":"<p><strong>Premolaaride kaviteedi loomine<\/strong> on v\u00e4ga <strong>sarnane<\/strong> molaaridel paikneva kaviteeedi\u00a0 loomisele. Erinevused tulenevad ainult anatoomia erinevusest ja sellest, et premolarid on molaaridest tunduvalt v\u00e4iksemad.<\/p>\n<p>Kaviteedi loomisel arvesta fissuuride kuju ja k\u00f6prude paiknemist ja suurust.<strong> \u00dclemiste premolaaride antoomiat<\/strong> saad korrata veebilehel <a href=\"http:\/\/quizlet.com\/15126425\/umkc-sod-2016-morphology-maxillary-premolars-flash-cards\/\" target=\"_blank\" rel=\"noopener\">http:\/\/quizlet.com\/15126425\/umkc-sod-2016-morphology-maxillary-premolars-flash-cards\/<\/a> ja <strong>alumiste premolaaride anatoomiat<\/strong> lehelt <a href=\"http:\/\/quizlet.com\/3014368\/ch-10-mandibular-premolars-flash-cards\/\" target=\"_blank\" rel=\"noopener\">http:\/\/quizlet.com\/3014368\/ch-10-mandibular-premolars-flash-cards\/<\/a><\/p>\n<p>Vaata <strong>videot,<\/strong> mis demonstreerib kaviteedi loomist \u00fclemistel molaaridel:<\/p>\n<p style=\"text-align: center;\"><\/p><div class=\"ratio ratio-16x9 mb-3\"><div class=\"video-placeholder-wrapper video-placeholder-wrapper--16x9\">\n\t\t\t    <div class=\"video-placeholder d-flex justify-content-center align-items-center\">\n\t\t\t        <div class=\"overlay text-white p-2 w-100 text-center d-block justify-content-center align-items-center\">\n\t\t\t            <div>Kolmandate osapoolte sisu n\u00e4gemiseks palun n\u00f5ustu k\u00fcpsistega.<\/div>\n\t\t\t            <button class=\"btn btn-secondary btn-sm mt-1 consent-change\">Muuda n\u00f5usolekut<\/button>\n\t\t\t        <\/div>\n\t\t\t    <\/div>\n\t\t\t<\/div>\n<\/div>\n<p>Vaata <strong>videot<\/strong>, mis demonstreerib kaviteedi loomist\u00a0alumistel premolaaridel:<\/p>\n<p style=\"text-align: center;\"><\/p><div class=\"ratio ratio-16x9 mb-3\"><div class=\"video-placeholder-wrapper video-placeholder-wrapper--16x9\">\n\t\t\t    <div class=\"video-placeholder d-flex justify-content-center align-items-center\">\n\t\t\t        <div class=\"overlay text-white p-2 w-100 text-center d-block justify-content-center align-items-center\">\n\t\t\t            <div>Kolmandate osapoolte sisu n\u00e4gemiseks palun n\u00f5ustu k\u00fcpsistega.<\/div>\n\t\t\t            <button class=\"btn btn-secondary btn-sm mt-1 consent-change\">Muuda n\u00f5usolekut<\/button>\n\t\t\t        <\/div>\n\t\t\t    <\/div>\n\t\t\t<\/div>\n<\/div>\n<div id=\"accordion\" class=\"accordion\">\n<p class=\"p1\"><\/p><div class=\"accordion mb-3\">\n        <div class=\"accordion-item accordion-item--white\">\n        <h2 class=\"accordion-header\" id=\"accordion-69e0af8e24a48-heading\">\n            <button class=\"accordion-button collapsed\" type=\"button\" data-bs-toggle=\"collapse\" data-bs-target=\"#accordion-69e0af8e24a48-collapse\" aria-expanded=\"true\" aria-controls=\"accordion-69e0af8e24a48-collapse\">Milline on peamine erinevus \u00fclemiste ja alumiste premolaaride vahel?<\/button>\n        <\/h2>\n        <div id=\"accordion-69e0af8e24a48-collapse\" class=\"accordion-collapse collapse\" aria-labelledby=\"accordion-69e0af8e24a48-heading\">\n            <div class=\"accordion-body\">\n<div><strong>\u00dclemiste premolaaride<\/strong> k\u00f6brud on enam-v\u00e4hem v\u00f5rdse suurusega ja <strong>fissuur<\/strong> paikneb seet\u00f5ttu k\u00f6prde vahel, <strong>hamba keskel<\/strong>. <strong>Alumistel premolaaridel<\/strong> on lingvaalne k\u00f6ber tunduvalt v\u00e4iksem ja seet\u00f5ttu <strong>fissuur<\/strong> enam <strong>U-kujuliselt kaarduv<\/strong>. <\/div>\n        <\/div>\n        <\/div>\n    <\/div><\/div>\n<\/div>\n","protected":false},"excerpt":{"rendered":"<p>Premolaaride kaviteedi loomine on v\u00e4ga sarnane molaaridel paikneva kaviteeedi\u00a0 loomisele. Erinevused tulenevad ainult anatoomia erinevusest ja sellest, et premolarid on molaaridest tunduvalt v\u00e4iksemad. Kaviteedi loomisel arvesta fissuuride kuju ja k\u00f6prude paiknemist ja suurust. \u00dclemiste premolaaride antoomiat saad korrata veebilehel http:\/\/quizlet.com\/15126425\/umkc-sod-2016-morphology-maxillary-premolars-flash-cards\/ &#8230;<\/p>\n","protected":false},"author":12,"featured_media":0,"parent":0,"menu_order":0,"comment_status":"closed","ping_status":"closed","template":"","meta":{"_acf_changed":false,"inline_featured_image":false,"footnotes":""},"class_list":["post-31","page","type-page","status-publish","hentry"],"acf":[],"_links":{"self":[{"href":"https:\/\/sisu.ut.ee\/hambaravi4\/wp-json\/wp\/v2\/pages\/31","targetHints":{"allow":["GET"]}}],"collection":[{"href":"https:\/\/sisu.ut.ee\/hambaravi4\/wp-json\/wp\/v2\/pages"}],"about":[{"href":"https:\/\/sisu.ut.ee\/hambaravi4\/wp-json\/wp\/v2\/types\/page"}],"author":[{"embeddable":true,"href":"https:\/\/sisu.ut.ee\/hambaravi4\/wp-json\/wp\/v2\/users\/12"}],"replies":[{"embeddable":true,"href":"https:\/\/sisu.ut.ee\/hambaravi4\/wp-json\/wp\/v2\/comments?post=31"}],"version-history":[{"count":2,"href":"https:\/\/sisu.ut.ee\/hambaravi4\/wp-json\/wp\/v2\/pages\/31\/revisions"}],"predecessor-version":[{"id":294,"href":"https:\/\/sisu.ut.ee\/hambaravi4\/wp-json\/wp\/v2\/pages\/31\/revisions\/294"}],"wp:attachment":[{"href":"https:\/\/sisu.ut.ee\/hambaravi4\/wp-json\/wp\/v2\/media?parent=31"}],"curies":[{"name":"wp","href":"https:\/\/api.w.org\/{rel}","templated":true}]}}