{"id":28,"date":"2024-04-03T23:10:33","date_gmt":"2024-04-03T20:10:33","guid":{"rendered":"https:\/\/sisu.ut.ee\/hambaravi4\/23-instrumentaarium\/"},"modified":"2024-04-03T23:10:51","modified_gmt":"2024-04-03T20:10:51","slug":"23-instrumentaarium","status":"publish","type":"page","link":"https:\/\/sisu.ut.ee\/hambaravi4\/23-instrumentaarium\/","title":{"rendered":"2.3. Instrumentaarium"},"content":{"rendered":"<p><img loading=\"lazy\" decoding=\"async\" width=\"203\" height=\"200\" class=\"alignnone wp-image-80\" style=\"float: right\" src=\"https:\/\/sisu.ut.ee\/wp-content\/uploads\/sites\/22\/instrumendid4-2.png\" title=\"instrumendid4-2.png\" alt=\"instrumendid4-2.png\"><\/p>\n<p>Vajalik instrumentaarium:<\/p>\n<div class=\"iDevice emphasis0\">\n<div class=\"block\">\n<ul>\n<li><span style=\"line-height: 1.6em\">Peegel<\/span><\/li>\n<li><span style=\"line-height: 1.6em\">Sond<\/span><\/li>\n<li><span style=\"line-height: 1.6em\">Puurid (k\u00f5rval pildil):<\/span><\/li>\n<ul>\n<li><span style=\"line-height: 1.6em\">1. Kerapuur<\/span><\/li>\n<li><span style=\"line-height: 1.6em\">2. \u00dcmaraotsaline fissuuripuur<\/span><\/li>\n<li><span style=\"line-height: 1.6em\">3. Pirnikujuline puur<\/span><\/li>\n<li><span style=\"line-height: 1.6em\">4. V\u00e4heabrasiivne leegikujuline puur<\/span><\/li>\n<\/ul>\n<\/ul>\n<\/div>\n<\/div>\n","protected":false},"excerpt":{"rendered":"<p>Vajalik instrumentaarium: Peegel Sond Puurid (k\u00f5rval pildil): 1. Kerapuur 2. \u00dcmaraotsaline fissuuripuur 3. Pirnikujuline puur 4. V\u00e4heabrasiivne leegikujuline puur<\/p>\n","protected":false},"author":12,"featured_media":0,"parent":0,"menu_order":0,"comment_status":"closed","ping_status":"closed","template":"","meta":{"_acf_changed":false,"inline_featured_image":false,"footnotes":""},"class_list":["post-28","page","type-page","status-publish","hentry"],"acf":[],"_links":{"self":[{"href":"https:\/\/sisu.ut.ee\/hambaravi4\/wp-json\/wp\/v2\/pages\/28","targetHints":{"allow":["GET"]}}],"collection":[{"href":"https:\/\/sisu.ut.ee\/hambaravi4\/wp-json\/wp\/v2\/pages"}],"about":[{"href":"https:\/\/sisu.ut.ee\/hambaravi4\/wp-json\/wp\/v2\/types\/page"}],"author":[{"embeddable":true,"href":"https:\/\/sisu.ut.ee\/hambaravi4\/wp-json\/wp\/v2\/users\/12"}],"replies":[{"embeddable":true,"href":"https:\/\/sisu.ut.ee\/hambaravi4\/wp-json\/wp\/v2\/comments?post=28"}],"version-history":[{"count":1,"href":"https:\/\/sisu.ut.ee\/hambaravi4\/wp-json\/wp\/v2\/pages\/28\/revisions"}],"predecessor-version":[{"id":210,"href":"https:\/\/sisu.ut.ee\/hambaravi4\/wp-json\/wp\/v2\/pages\/28\/revisions\/210"}],"wp:attachment":[{"href":"https:\/\/sisu.ut.ee\/hambaravi4\/wp-json\/wp\/v2\/media?parent=28"}],"curies":[{"name":"wp","href":"https:\/\/api.w.org\/{rel}","templated":true}]}}