{"id":16,"date":"2024-04-03T23:10:32","date_gmt":"2024-04-03T20:10:32","guid":{"rendered":"https:\/\/sisu.ut.ee\/hambaravi4\/18-pulbi-kaitmine\/"},"modified":"2024-04-03T23:10:51","modified_gmt":"2024-04-03T20:10:51","slug":"18-pulbi-kaitmine","status":"publish","type":"page","link":"https:\/\/sisu.ut.ee\/hambaravi4\/18-pulbi-kaitmine\/","title":{"rendered":"1.7. Pulbi kaitsmine"},"content":{"rendered":"<p>S\u00fcgava, <strong>pulbi l\u00e4hedusse ulatuva kaviteedi<\/strong> korral v\u00f5ib olla vajalik<strong> isoleeriva alusmaterjali<\/strong> kasutamine.<\/p>\n<p><img loading=\"lazy\" decoding=\"async\" width=\"750\" height=\"562\" class=\"alignnone wp-image-71\" style=\"margin-left: auto;margin-right: auto\" src=\"https:\/\/sisu.ut.ee\/wp-content\/uploads\/sites\/22\/4010.jpg\" title=\"4010.jpg\" alt=\"4010.jpg\" srcset=\"https:\/\/sisu.ut.ee\/wp-content\/uploads\/sites\/22\/4010.jpg 750w, https:\/\/sisu.ut.ee\/wp-content\/uploads\/sites\/22\/4010-300x225.jpg 300w\" sizes=\"auto, (max-width: 750px) 100vw, 750px\"><\/p>\n<p style=\"text-align: center\"><em>Enne t\u00e4idismaterjali asetamist on kaviteedi s\u00fcgavamasse ossa asetatud ionomeerne alusmaterjal, mis kaitseb pulpi v\u00f5imalike \u00e4rritajate eest. <\/em>\u00a0<em><a style=\"line-height: 1.6em\" href=\"http:\/\/www.dentaljuce.com\/fruit\/page.asp?pid=687\">http:\/\/www.dentaljuce.com\/fruit\/page.asp?pid=687<\/a><\/em><\/p>\n<div class=\"iDevice emphasis0\">\n<div class=\"block\">\n<p>Isolatsioonkihi v\u00f5i alusmaterjali kasutamise p\u00f5hjuseks on kas <strong>pulbi kaitsmine<\/strong>, pulbi <strong>taastumisele kaasaaitamine<\/strong> v\u00f5i m\u00f5lemad p\u00f5hjused \u00fcheaegselt.<\/p>\n<p>Tegurid, mis <strong>pulpi \u00e4rritada<\/strong> v\u00f5ivad, on:<\/p>\n<ul>\n<li>Hamba preparatsioon<\/li>\n<li>T\u00e4idismaterjali koostisosad<\/li>\n<li>L\u00e4bi t\u00e4idismaterjali m\u00f5juvad termilised \u00e4rritajad (n\u00e4iteks kuum ja k\u00fclm s\u00f6\u00f6k ja jook)<\/li>\n<li>J\u00f5ud, mis kanduvad l\u00e4bi t\u00e4idismaterjali dentiini (n\u00e4iteks m\u00e4lumisr\u00f5hk, t\u00e4idise kootumisel tekkivad j\u00f5ud jpt)<\/li>\n<li>Mikrolekke kaudu pulpi tungivad ained<\/li>\n<\/ul>\n<p>Lihtsaim viis dentiinikanalite sulgemiseks, v\u00e4hendamaks pulbi\u00e4rrituse v\u00f5imalust, on <strong>adhesiiivs\u00fcsteemi kasutamine.<\/strong><\/p>\n<p>Pulbi isoleerimiseks ja sulgemiseks on mitmeid v\u00f5imalusi <strong>erinevate materjalidega<\/strong>. P\u00f5hjalikumalt on pulbi katmist k\u00e4sitletud \u00f5piobjektis \u2018<a href=\"http:\/\/sisu.ut.ee\/hambaravi2\" target=\"_blank\" rel=\"noopener\">Pulbi isoleerimine<\/a>\u2018.\u00a0<\/p>\n<\/div>\n<\/div>\n","protected":false},"excerpt":{"rendered":"<p>S\u00fcgava, pulbi l\u00e4hedusse ulatuva kaviteedi korral v\u00f5ib olla vajalik isoleeriva alusmaterjali kasutamine. Enne t\u00e4idismaterjali asetamist on kaviteedi s\u00fcgavamasse ossa asetatud ionomeerne alusmaterjal, mis kaitseb pulpi v\u00f5imalike \u00e4rritajate eest. \u00a0http:\/\/www.dentaljuce.com\/fruit\/page.asp?pid=687 Isolatsioonkihi v\u00f5i alusmaterjali kasutamise p\u00f5hjuseks on kas pulbi kaitsmine, pulbi taastumisele &#8230;<\/p>\n","protected":false},"author":12,"featured_media":0,"parent":0,"menu_order":0,"comment_status":"closed","ping_status":"closed","template":"","meta":{"_acf_changed":false,"inline_featured_image":false,"footnotes":""},"class_list":["post-16","page","type-page","status-publish","hentry"],"acf":[],"_links":{"self":[{"href":"https:\/\/sisu.ut.ee\/hambaravi4\/wp-json\/wp\/v2\/pages\/16","targetHints":{"allow":["GET"]}}],"collection":[{"href":"https:\/\/sisu.ut.ee\/hambaravi4\/wp-json\/wp\/v2\/pages"}],"about":[{"href":"https:\/\/sisu.ut.ee\/hambaravi4\/wp-json\/wp\/v2\/types\/page"}],"author":[{"embeddable":true,"href":"https:\/\/sisu.ut.ee\/hambaravi4\/wp-json\/wp\/v2\/users\/12"}],"replies":[{"embeddable":true,"href":"https:\/\/sisu.ut.ee\/hambaravi4\/wp-json\/wp\/v2\/comments?post=16"}],"version-history":[{"count":1,"href":"https:\/\/sisu.ut.ee\/hambaravi4\/wp-json\/wp\/v2\/pages\/16\/revisions"}],"predecessor-version":[{"id":240,"href":"https:\/\/sisu.ut.ee\/hambaravi4\/wp-json\/wp\/v2\/pages\/16\/revisions\/240"}],"wp:attachment":[{"href":"https:\/\/sisu.ut.ee\/hambaravi4\/wp-json\/wp\/v2\/media?parent=16"}],"curies":[{"name":"wp","href":"https:\/\/api.w.org\/{rel}","templated":true}]}}