{"id":13,"date":"2024-04-03T23:10:32","date_gmt":"2024-04-03T20:10:32","guid":{"rendered":"https:\/\/sisu.ut.ee\/hambaravi4\/15-retentsioonikuju-loomine\/"},"modified":"2024-04-09T14:23:53","modified_gmt":"2024-04-09T11:23:53","slug":"15-retentsioonikuju-loomine","status":"publish","type":"page","link":"https:\/\/sisu.ut.ee\/hambaravi4\/15-retentsioonikuju-loomine\/","title":{"rendered":"1.4. Retentsioonikuju loomine"},"content":{"rendered":"<div><strong style=\"line-height: 1.6em;\">Esmane retentsioonikuju<\/strong> on kuju, mis antakse tavap\u00e4rase preparatsiooniga, et <strong style=\"line-height: 1.6em;\">tagada t\u00e4idise p\u00fcsivus<\/strong> kaviteedis kallutavatele ja t\u00f5stvatele j\u00f5ududele.\u00a0Sageli\u00a0 v\u00f5ib retentsioonikuju parandada ja t\u00f5sta vastupanu m\u00e4lumisr\u00f5hule.\u00a0M\u00f5nikord lisatakse retentsiooni suurendavad elemendid hilisemas kaviteedi preparatsiooni etapis.<strong style=\"line-height: 1.6em;\">Printsiibid<\/strong>, mida tuleb <strong style=\"line-height: 1.6em;\">kaviteedidele retentsioonikuju andmisel<\/strong> arvestada:\n<\/div>\n<div class=\"iDevice emphasis0\">\n<div class=\"block\">\n<ul>\n<li>Retentsioonikuju <strong>s\u00f5ltub<\/strong> kasutatavast <strong>t\u00e4idismaterjalist<\/strong>.<\/li>\n<li>Amalgaamile saadakse retentsioon oklusaalsele konvergeeruvate seinte abil. Konvergeerumine ei tohi tulla rippuva, toetuseta emaili arvelt.<\/li>\n<li><strong>Konvergeeruv proksimaalne kaviteedi osa<\/strong> II t\u00fc\u00fcpi kaviteedi korral aitab s\u00e4ilitada marginaalset serva ja <strong>parandab t\u00e4idise p\u00fcsivust.<\/strong><\/li>\n<li>Komposiit kinnitub kaviteeti adhesiivs\u00fcsteemi abil, kuid <strong>lisaretentsioon <\/strong>on vajalik just <strong>suurte, ulatuslike restauratsioonide <\/strong>korral.<\/li>\n<li><strong>Emaili kaldlihv <\/strong>aitab vajadusel suurendada emaili pinda, et parandada ja anda juurde adhesiivs\u00fcsteemi kinnitust.<\/li>\n<li>II klassi preparatsioon, mis on ainult \u00fchel proksimaalpinnal, n\u00f5uab <strong>lisaretentsiooniks<\/strong> oklusaalsele \u2018<strong>p\u00e4\u00e4susaba<\/strong>\u2018 preparatsiooni, mille laienev osa paikneb proksimaalsele kaviteedile vastaspoolselt. Selline preparatsioon aitab v\u00e4ltida t\u00e4idise v\u00e4ljapoole kallutust m\u00e4lumisel.<\/li>\n<li>Sekundaarsete ehk teiseste lisaretentsioonide vajadus on seoses adhesiivs\u00fcsteemi kasutamisel v\u00f5tmisega v\u00e4henenud. Vajadusel v\u00f5ib neid teha kaviteedi\u00a0 hilisema viimistluse k\u00e4igus.<\/li>\n<\/ul>\n<p><img loading=\"lazy\" decoding=\"async\" width=\"491\" height=\"357\" class=\"wp-image-67 aligncenter\" style=\"margin-left: auto; margin-right: auto;\" title=\"4009.jpg\" src=\"https:\/\/sisu.ut.ee\/wp-content\/uploads\/sites\/22\/4009.jpg\" alt=\"4009.jpg\" srcset=\"https:\/\/sisu.ut.ee\/wp-content\/uploads\/sites\/22\/4009.jpg 491w, https:\/\/sisu.ut.ee\/wp-content\/uploads\/sites\/22\/4009-300x218.jpg 300w\" sizes=\"auto, (max-width: 491px) 100vw, 491px\"><\/p>\n<p style=\"text-align: center;\"><em>Fotol on n\u00e4ha proksimaalpinnal paikneva kaviteedi laiendus oklusaalsele. J\u00e4lgi, et oklusaalse astme s\u00fcgavus on v\u00e4iksem ja preparatsioon laieneb kahjustusest kaugemal \u2013 see aitab v\u00e4hendada m\u00e4lumisel tekkivat kallutavat j\u00f5udu ja parandab t\u00e4idise p\u00fcsivust. \u00a0<\/em><em><a style=\"line-height: 1.6em;\" href=\"http:\/\/g.web.umkc.edu\/gdkmq3\/Lessons\/Lesson1photos.htm\" target=\"_blank\" rel=\"noopener\">http:\/\/g.web.umkc.edu\/gdkmq3\/Lessons\/Lesson1photos.htm<\/a><\/em><\/p>\n<\/div>\n<\/div>\n","protected":false},"excerpt":{"rendered":"<p>Esmane retentsioonikuju on kuju, mis antakse tavap\u00e4rase preparatsiooniga, et tagada t\u00e4idise p\u00fcsivus kaviteedis kallutavatele ja t\u00f5stvatele j\u00f5ududele.\u00a0Sageli\u00a0 v\u00f5ib retentsioonikuju parandada ja t\u00f5sta vastupanu m\u00e4lumisr\u00f5hule.\u00a0M\u00f5nikord lisatakse retentsiooni suurendavad elemendid hilisemas kaviteedi preparatsiooni etapis.Printsiibid, mida tuleb kaviteedidele retentsioonikuju andmisel arvestada: Retentsioonikuju s\u00f5ltub &#8230;<\/p>\n","protected":false},"author":12,"featured_media":0,"parent":0,"menu_order":0,"comment_status":"closed","ping_status":"closed","template":"","meta":{"_acf_changed":false,"inline_featured_image":false,"footnotes":""},"class_list":["post-13","page","type-page","status-publish","hentry"],"acf":[],"_links":{"self":[{"href":"https:\/\/sisu.ut.ee\/hambaravi4\/wp-json\/wp\/v2\/pages\/13","targetHints":{"allow":["GET"]}}],"collection":[{"href":"https:\/\/sisu.ut.ee\/hambaravi4\/wp-json\/wp\/v2\/pages"}],"about":[{"href":"https:\/\/sisu.ut.ee\/hambaravi4\/wp-json\/wp\/v2\/types\/page"}],"author":[{"embeddable":true,"href":"https:\/\/sisu.ut.ee\/hambaravi4\/wp-json\/wp\/v2\/users\/12"}],"replies":[{"embeddable":true,"href":"https:\/\/sisu.ut.ee\/hambaravi4\/wp-json\/wp\/v2\/comments?post=13"}],"version-history":[{"count":2,"href":"https:\/\/sisu.ut.ee\/hambaravi4\/wp-json\/wp\/v2\/pages\/13\/revisions"}],"predecessor-version":[{"id":282,"href":"https:\/\/sisu.ut.ee\/hambaravi4\/wp-json\/wp\/v2\/pages\/13\/revisions\/282"}],"wp:attachment":[{"href":"https:\/\/sisu.ut.ee\/hambaravi4\/wp-json\/wp\/v2\/media?parent=13"}],"curies":[{"name":"wp","href":"https:\/\/api.w.org\/{rel}","templated":true}]}}