{"id":7,"date":"2024-04-03T23:10:28","date_gmt":"2024-04-03T20:10:28","guid":{"rendered":"https:\/\/sisu.ut.ee\/hambaravi3\/4-matriitsi-asetamine-hambale\/"},"modified":"2024-04-03T23:10:31","modified_gmt":"2024-04-03T20:10:31","slug":"4-matriitsi-asetamine-hambale","status":"publish","type":"page","link":"https:\/\/sisu.ut.ee\/hambaravi3\/4-matriitsi-asetamine-hambale\/","title":{"rendered":"4.  Matriitss\u00fcsteemi valmispanek"},"content":{"rendered":"<p>Matriitsiriba asetatakse matriitsihoidja peas olevasse pilusse, nii et \u2018sabakesed\u2019 j\u00e4\u00e4vad libisevasse osasse ja <strong>lukustatakse keerates kruvi <\/strong>l\u00f5puni, kuni matriits j\u00e4\u00e4b kindlalt kinni. P\u00f6\u00f6ra t\u00e4helepanu sellele, et r\u00f5ngasse keeratud <strong>matriitsiriba j\u00e4\u00e4b samale poolele<\/strong>, kus paikneb matriitsihoidja peas olev pilu. V\u00e4iksema diameeteriga riba pool l\u00e4heb gingivaalsele.<\/p>\n<p>Vaata videot \u2013 matriitsihoidja valmispanek ja matriitsiriba asetamine matriitsihoidjasse.<a style=\"line-height: 1.6em\" href=\"http:\/\/uttv.ee\/naita?id=17543\"><br><\/a><\/p>\n<p><\/p><div class=\"ratio ratio-16x9 mb-3\"><div class=\"video-placeholder-wrapper video-placeholder-wrapper--16x9\">\n\t\t\t    <div class=\"video-placeholder d-flex justify-content-center align-items-center\">\n\t\t\t        <div class=\"overlay text-white p-2 w-100 text-center d-block justify-content-center align-items-center\">\n\t\t\t            <div>Kolmandate osapoolte sisu n\u00e4gemiseks palun n\u00f5ustu k\u00fcpsistega.<\/div>\n\t\t\t            <button class=\"btn btn-secondary btn-sm mt-1 consent-change\">Muuda n\u00f5usolekut<\/button>\n\t\t\t        <\/div>\n\t\t\t    <\/div>\n\t\t\t<\/div>\n<\/div>\n","protected":false},"excerpt":{"rendered":"<p>Matriitsiriba asetatakse matriitsihoidja peas olevasse pilusse, nii et \u2018sabakesed\u2019 j\u00e4\u00e4vad libisevasse osasse ja lukustatakse keerates kruvi l\u00f5puni, kuni matriits j\u00e4\u00e4b kindlalt kinni. P\u00f6\u00f6ra t\u00e4helepanu sellele, et r\u00f5ngasse keeratud matriitsiriba j\u00e4\u00e4b samale poolele, kus paikneb matriitsihoidja peas olev pilu. V\u00e4iksema diameeteriga &#8230;<\/p>\n","protected":false},"author":12,"featured_media":0,"parent":0,"menu_order":0,"comment_status":"closed","ping_status":"closed","template":"","meta":{"_acf_changed":false,"inline_featured_image":false,"footnotes":""},"class_list":["post-7","page","type-page","status-publish","hentry"],"acf":[],"_links":{"self":[{"href":"https:\/\/sisu.ut.ee\/hambaravi3\/wp-json\/wp\/v2\/pages\/7","targetHints":{"allow":["GET"]}}],"collection":[{"href":"https:\/\/sisu.ut.ee\/hambaravi3\/wp-json\/wp\/v2\/pages"}],"about":[{"href":"https:\/\/sisu.ut.ee\/hambaravi3\/wp-json\/wp\/v2\/types\/page"}],"author":[{"embeddable":true,"href":"https:\/\/sisu.ut.ee\/hambaravi3\/wp-json\/wp\/v2\/users\/12"}],"replies":[{"embeddable":true,"href":"https:\/\/sisu.ut.ee\/hambaravi3\/wp-json\/wp\/v2\/comments?post=7"}],"version-history":[{"count":1,"href":"https:\/\/sisu.ut.ee\/hambaravi3\/wp-json\/wp\/v2\/pages\/7\/revisions"}],"predecessor-version":[{"id":38,"href":"https:\/\/sisu.ut.ee\/hambaravi3\/wp-json\/wp\/v2\/pages\/7\/revisions\/38"}],"wp:attachment":[{"href":"https:\/\/sisu.ut.ee\/hambaravi3\/wp-json\/wp\/v2\/media?parent=7"}],"curies":[{"name":"wp","href":"https:\/\/api.w.org\/{rel}","templated":true}]}}