{"id":9,"date":"2024-04-03T23:10:22","date_gmt":"2024-04-03T20:10:22","guid":{"rendered":"https:\/\/sisu.ut.ee\/hambaravi2\/15-tehnika\/"},"modified":"2024-04-09T13:32:43","modified_gmt":"2024-04-09T10:32:43","slug":"15-tehnika","status":"publish","type":"page","link":"https:\/\/sisu.ut.ee\/hambaravi2\/15-tehnika\/","title":{"rendered":"1.5. Tehnika"},"content":{"rendered":"<p><strong>Klassikaline pulbi isoleerimine<\/strong> v\u00f5iks toimuda j\u00e4rgmiselt:<\/p>\n<ul>\n<li><strong style=\"line-height: 1.6em;\">Pulbi projektsioonile<\/strong> (s\u00fcgava kaariese korral) <strong style=\"line-height: 1.6em;\">v\u00f5i pulbikoele<\/strong> (avanenud pulbi\u00f5\u00f5ne puhul) asetatakse <strong style=\"line-height: 1.6em;\">minimaalne kogus kaltsiumh\u00fcdroksiidi<\/strong>.<\/li>\n<li>Kaltsiumh\u00fcdroksiidi kuivades asetatakse kaviteedi dentiiniossa <strong style=\"line-height: 1.6em;\">klaasionomeertsemendist aluskiht.<\/strong><\/li>\n<li>\u00dclej\u00e4\u00e4nud kaviteediosa <strong style=\"line-height: 1.6em;\">taastatakse komposiitt\u00e4idisega<\/strong>.<\/li>\n<\/ul>\n<h2><span style=\"color: #800000;\" data-mce-mark=\"1\"><strong><br>\n<\/strong><\/span>Keemiliselt k\u00f5vastuv kaltsiumh\u00fcdroksiid<\/h2>\n<p>Kaltsiumh\u00fcdroksiidi ettevalmistus ja asetamise tehnika<\/p>\n<div class=\"iDevice emphasis0\">\n<div class=\"block\">\n<p>Eelnevalt on olnud juttu, kui oluline on kaltsiumh\u00fcdroksiidi <strong>kuivamise v\u00e4ltimine<\/strong>. Seet\u00f5ttu valmistatakse materjal pulbi katmiseks ette <strong>vahetult enne<\/strong> selle <strong>asetamist<\/strong> kaviteeti.<\/p>\n<p>Kaviteet loputatakse ja kuivatatakse kergelt.<\/p>\n<p>Paberalusele pannakse <strong>v\u00f5rdne kogus pastat ja katal\u00fcsaatorit<\/strong>. Materjalid segatakse kokku \u00fchtlaseks massiks. Segamiseks v\u00f5ib kasutada spaatlit v\u00f5i sondi. Oluline on j\u00e4lgida, et <strong>segunemine oleks t\u00e4ielik<\/strong>. Enamasti on p\u00f5himaterjal ja katal\u00fcsaator eri tooni, mis kergendab t\u00e4ieliku segunemise saavutamist.<\/p>\n<p>Kaltsiumh\u00fcdroksiidi aplikaatori v\u00f5i parodontoloogilise sondi ots kastetakse kaltsiumh\u00fcdrokiiidi sisse ja viiakse kaviteeti. Materjal aplitseeritakse <strong>pulbile k\u00f5ige l\u00e4hemal olevassse kaviteedi osasse<\/strong>. Tuleb v\u00e4ltida j\u00f5u kasutamist ja instrumendi survet kaviteedi p\u00f5hjale.<\/p>\n<p>Kaltsiumh\u00fcdroksiidiga kaetud ala peab olema <strong>v\u00f5imalikult v\u00e4ike<\/strong>, sest materjalil on halvad adhesiivsed omadused.<\/p>\n<p>Kaltsiumh\u00fcdroksiidi kuivamist oodatakse <strong>1-3 minutit<\/strong>. Kui materjali on sattunud kaviteedi servale (emailile), tuleb see kindlasti enne t\u00e4idise valmistamisega j\u00e4tkamist emaililt eemaldada.<\/p>\n<p>Vaata \u00f5ppevideot kaltsiumh\u00fcdroksiidiga pulbi isoleerimise tehnikast.<\/p>\n<p style=\"text-align: center;\"><span style=\"color: #ff0000;\" data-mce-mark=\"1\"><div class=\"ratio ratio-16x9 mb-3\"><div class=\"video-placeholder-wrapper video-placeholder-wrapper--16x9\">\n\t\t\t    <div class=\"video-placeholder d-flex justify-content-center align-items-center\">\n\t\t\t        <div class=\"overlay text-white p-2 w-100 text-center d-block justify-content-center align-items-center\">\n\t\t\t            <div>Kolmandate osapoolte sisu n\u00e4gemiseks palun n\u00f5ustu k\u00fcpsistega.<\/div>\n\t\t\t            <button class=\"btn btn-secondary btn-sm mt-1 consent-change\">Muuda n\u00f5usolekut<\/button>\n\t\t\t        <\/div>\n\t\t\t    <\/div>\n\t\t\t<\/div>\n<\/div><\/span><\/p>\n<div id=\"accordion\">\n<p><\/p><div class=\"accordion mb-3\">\n        <div class=\"accordion-item accordion-item--white\">\n        <h2 class=\"accordion-header\" id=\"accordion-69ffc22922379-heading\">\n            <button class=\"accordion-button collapsed\" type=\"button\" data-bs-toggle=\"collapse\" data-bs-target=\"#accordion-69ffc22922379-collapse\" aria-expanded=\"true\" aria-controls=\"accordion-69ffc22922379-collapse\">Loe lisaks<\/button>\n        <\/h2>\n        <div id=\"accordion-69ffc22922379-collapse\" class=\"accordion-collapse collapse\" aria-labelledby=\"accordion-69ffc22922379-heading\">\n            <div class=\"accordion-body\">\n<p>P\u00f5hjalikumaks tutvumiseks v\u00f5id kasutada Google otsingus\u00f5nana nt \u2018<em>pulp capping\u2019\u00a0<\/em>ehk pulbi katmine, mis v\u00f5ib toimuda nii otsesest (ingl k\u00a0<em>direct<\/em>) kui kaudset (<em>indirect<\/em>) meetodit kasutades. Loe ja vaata videosid ning m\u00e4rka erinevusi.<\/p>\n<p>P\u00f6\u00f6ra t\u00e4helepanu sellele, millised tingimused peavad olema t\u00e4idetud, et pulbi katmine oleks edukas.\u00a0 Sobiv artikkel pulbi katmise edukuse v\u00f5tmekomponentidest ja kasutatavate materjalide tutvustusest on\u00a0<a href=\"http:\/\/www.jopdentonline.org\/doi\/full\/10.2341\/09-132-0\" target=\"_blank\" rel=\"noopener\">http:\/\/www.jopdentonline.org\/doi\/full\/10.2341\/09-132-0<\/a>. Neid n\u00f5uandeid kliinilises t\u00f6\u00f6s j\u00e4rgides on prognoos pulbi vitaalsuse s\u00e4ilumiseks hea ning hammas ei vaja juureravi.<\/p>\n<p>Kui sulle j\u00e4\u00e4b inglisekeelne materjal segaseks ja sa soovid erinevatest pulbikatmise v\u00f5imalustest lugeda eesti keeles, siis sobib selleks artikkel <a href=\"http:\/\/www.hambaarst.ee\/artiklid\/709\/\" target=\"_blank\" rel=\"noopener\">http:\/\/www.hambaarst.ee\/artiklid\/709\/<\/a>\u00a0(sellest eelk\u00f5ige osad \u2018s\u00fcgav kaaries\u2019 ja \u2018kaariese perforatsioon\u2019). N\u00fc\u00fcd peaks tegevuste erinevus selgem olema.<\/p><\/div>\n        <\/div>\n        <\/div>\n    <\/div>\n<\/div>\n<h2>Valgusk\u00f5vastuv kaltsiumh\u00fcdroksiid<\/h2>\n<p>Valgusk\u00f5vastuva kaltsiumh\u00fcdroksiidi kasutamise <strong>n\u00e4idustused on samad<\/strong> mis keemiliselt k\u00f5vastuval. Ainukene erinevus on materjali k\u00f5vastumisprotsessis \u2013 valgusk\u00f5vastuv kaltsiumh\u00fcdroksiid vajab kaviteeti asetamise j\u00e4rgselt <strong>pol\u00fcmeriseerimislambiga valgustamist<\/strong>. Pol\u00fcmeriseerimiseks vajalikku aja pikkust vaata konkreetse toote infolehelt.<\/p>\n<\/div>\n<\/div>\n","protected":false},"excerpt":{"rendered":"<p>Klassikaline pulbi isoleerimine v\u00f5iks toimuda j\u00e4rgmiselt: Pulbi projektsioonile (s\u00fcgava kaariese korral) v\u00f5i pulbikoele (avanenud pulbi\u00f5\u00f5ne puhul) asetatakse minimaalne kogus kaltsiumh\u00fcdroksiidi. Kaltsiumh\u00fcdroksiidi kuivades asetatakse kaviteedi dentiiniossa klaasionomeertsemendist aluskiht. \u00dclej\u00e4\u00e4nud kaviteediosa taastatakse komposiitt\u00e4idisega. Keemiliselt k\u00f5vastuv kaltsiumh\u00fcdroksiid Kaltsiumh\u00fcdroksiidi ettevalmistus ja asetamise tehnika Eelnevalt &#8230;<\/p>\n","protected":false},"author":12,"featured_media":0,"parent":0,"menu_order":0,"comment_status":"closed","ping_status":"closed","template":"","meta":{"_acf_changed":false,"inline_featured_image":false,"footnotes":""},"class_list":["post-9","page","type-page","status-publish","hentry"],"acf":[],"_links":{"self":[{"href":"https:\/\/sisu.ut.ee\/hambaravi2\/wp-json\/wp\/v2\/pages\/9","targetHints":{"allow":["GET"]}}],"collection":[{"href":"https:\/\/sisu.ut.ee\/hambaravi2\/wp-json\/wp\/v2\/pages"}],"about":[{"href":"https:\/\/sisu.ut.ee\/hambaravi2\/wp-json\/wp\/v2\/types\/page"}],"author":[{"embeddable":true,"href":"https:\/\/sisu.ut.ee\/hambaravi2\/wp-json\/wp\/v2\/users\/12"}],"replies":[{"embeddable":true,"href":"https:\/\/sisu.ut.ee\/hambaravi2\/wp-json\/wp\/v2\/comments?post=9"}],"version-history":[{"count":3,"href":"https:\/\/sisu.ut.ee\/hambaravi2\/wp-json\/wp\/v2\/pages\/9\/revisions"}],"predecessor-version":[{"id":99,"href":"https:\/\/sisu.ut.ee\/hambaravi2\/wp-json\/wp\/v2\/pages\/9\/revisions\/99"}],"wp:attachment":[{"href":"https:\/\/sisu.ut.ee\/hambaravi2\/wp-json\/wp\/v2\/media?parent=9"}],"curies":[{"name":"wp","href":"https:\/\/api.w.org\/{rel}","templated":true}]}}