{"id":15,"date":"2024-04-03T23:10:22","date_gmt":"2024-04-03T20:10:22","guid":{"rendered":"https:\/\/sisu.ut.ee\/hambaravi2\/23-pulbi-isoleerimine\/"},"modified":"2024-04-09T13:44:02","modified_gmt":"2024-04-09T10:44:02","slug":"23-pulbi-isoleerimine","status":"publish","type":"page","link":"https:\/\/sisu.ut.ee\/hambaravi2\/23-pulbi-isoleerimine\/","title":{"rendered":"2.3. Pulbi isoleerimine"},"content":{"rendered":"<p>S\u00fcgavale, pulbi l\u00e4hedusse ulatuv kaviteet v\u00f5i olukord, kus pulp avaneb preparatsiooni k\u00e4igus, vajab otsustavat tegutsemist. Oluline on v\u00e4ltida pulbi kontamineerumist ehk bakteritega saastumist, et pulbi vitaalsus s\u00e4iliks. <strong style=\"line-height: 1.6em; font-family: verdana, geneva; font-size: small;\">Pulbi kaitseks<\/strong> asetatakse kaviteeti materjal, mis aitab regeneratsiooniprotsessidele kaasa.\u00a0\u00dchest reeglit pulbi isoleerimisel ei ole.<\/p>\n<p>Klassikalise <strong>mitmekihilise t\u00e4idise valmistamine<\/strong> koosneb mitmest etapist:<\/p>\n<ol>\n<li>Pulbi projektsioonile (s\u00fcgava kaariese korral) v\u00f5i pulbikoele (avanenud pulbi\u00f5\u00f5ne puhul) asetatakse<strong style=\"line-height: 1.6em;\"> isoleerimiseks <\/strong><span style=\"line-height: 1.6em;\" data-mce-mark=\"1\">minimaalne kogus <\/span><strong style=\"line-height: 1.6em;\">kaltsiumh\u00fcdroksiidi<\/strong><span style=\"line-height: 1.6em;\" data-mce-mark=\"1\">.<\/span><\/li>\n<li>Kuivanud isoleerivale materjalile asetatakse kaviteedi dentiiniossa <strong style=\"line-height: 1.6em;\">klaasionomeertsemendist<\/strong> <strong style=\"line-height: 1.6em;\">aluskiht<\/strong>.<\/li>\n<li><span style=\"line-height: 1.6em;\" data-mce-mark=\"1\">Pindmine kaviteediosa <\/span><strong style=\"line-height: 1.6em;\">taastatakse komposiitt\u00e4idisega<\/strong>.<\/li>\n<\/ol>\n<p>Neid etappe v\u00f5ib vastavalt vajadusele \u00e4ra j\u00e4tta.<\/p>\n<p><\/p><div class=\"accordion mb-3\">\n        <div class=\"accordion-item accordion-item--white\">\n        <h2 class=\"accordion-header\" id=\"accordion-69e346099bb09-heading\">\n            <button class=\"accordion-button collapsed\" type=\"button\" data-bs-toggle=\"collapse\" data-bs-target=\"#accordion-69e346099bb09-collapse\" aria-expanded=\"true\" aria-controls=\"accordion-69e346099bb09-collapse\">Loe lisaks!<\/button>\n        <\/h2>\n        <div id=\"accordion-69e346099bb09-collapse\" class=\"accordion-collapse collapse\" aria-labelledby=\"accordion-69e346099bb09-heading\">\n            <div class=\"accordion-body\">Kaltsiumh\u00fcdroksiidmaterjali ja pulbi katmist k\u00e4sitleb p\u00f5hjalikumalt \u00f5piobjekt \u2018<a href=\"http:\/\/sisu.ut.ee\/hambaravi2\/1-kaltsiumh%C3%BCdroksiidaluse-asetamine-kaviteeti\" target=\"_blank\" rel=\"noopener\">Kaltsiumh\u00fcdroksiidaluse asetamine kaviteeti<\/a>\u2018. Tutvu sealse \u00f5ppematerjaliga.<\/div>\n        <\/div>\n        <\/div>\n    <\/div>\n","protected":false},"excerpt":{"rendered":"<p>S\u00fcgavale, pulbi l\u00e4hedusse ulatuv kaviteet v\u00f5i olukord, kus pulp avaneb preparatsiooni k\u00e4igus, vajab otsustavat tegutsemist. Oluline on v\u00e4ltida pulbi kontamineerumist ehk bakteritega saastumist, et pulbi vitaalsus s\u00e4iliks. Pulbi kaitseks asetatakse kaviteeti materjal, mis aitab regeneratsiooniprotsessidele kaasa.\u00a0\u00dchest reeglit pulbi isoleerimisel ei &#8230;<\/p>\n","protected":false},"author":12,"featured_media":0,"parent":0,"menu_order":0,"comment_status":"closed","ping_status":"closed","template":"","meta":{"_acf_changed":false,"inline_featured_image":false,"footnotes":""},"class_list":["post-15","page","type-page","status-publish","hentry"],"acf":[],"_links":{"self":[{"href":"https:\/\/sisu.ut.ee\/hambaravi2\/wp-json\/wp\/v2\/pages\/15","targetHints":{"allow":["GET"]}}],"collection":[{"href":"https:\/\/sisu.ut.ee\/hambaravi2\/wp-json\/wp\/v2\/pages"}],"about":[{"href":"https:\/\/sisu.ut.ee\/hambaravi2\/wp-json\/wp\/v2\/types\/page"}],"author":[{"embeddable":true,"href":"https:\/\/sisu.ut.ee\/hambaravi2\/wp-json\/wp\/v2\/users\/12"}],"replies":[{"embeddable":true,"href":"https:\/\/sisu.ut.ee\/hambaravi2\/wp-json\/wp\/v2\/comments?post=15"}],"version-history":[{"count":2,"href":"https:\/\/sisu.ut.ee\/hambaravi2\/wp-json\/wp\/v2\/pages\/15\/revisions"}],"predecessor-version":[{"id":109,"href":"https:\/\/sisu.ut.ee\/hambaravi2\/wp-json\/wp\/v2\/pages\/15\/revisions\/109"}],"wp:attachment":[{"href":"https:\/\/sisu.ut.ee\/hambaravi2\/wp-json\/wp\/v2\/media?parent=15"}],"curies":[{"name":"wp","href":"https:\/\/api.w.org\/{rel}","templated":true}]}}