{"id":16,"date":"2024-04-03T23:10:16","date_gmt":"2024-04-03T20:10:16","guid":{"rendered":"https:\/\/sisu.ut.ee\/hambaravi1\/tooprintsiibid\/"},"modified":"2024-04-09T10:58:18","modified_gmt":"2024-04-09T07:58:18","slug":"tooprintsiibid","status":"publish","type":"page","link":"https:\/\/sisu.ut.ee\/hambaravi1\/tooprintsiibid\/","title":{"rendered":"6. T\u00f6\u00f6printsiibid"},"content":{"rendered":"<p>T\u00f6\u00f6printsiibi alusel v\u00f5ib adhesiivs\u00fcsteemid jaotada nelja gruppi.<\/p>\n<ul>\n<li><strong>Kolmeastmeline t\u00f6\u00f6protsess<\/strong>. Happe aplikatsioon ja selle mahapesemine, et eemaldada preparatsioonitolmu kihti. Praimer ja adhesiiv aplitseeritakse kumbki omaette etapina.<\/li>\n<li><strong>Kaheastmeline t\u00f6\u00f6protsess.<\/strong> Happe aplikatsioon ja selle mahapesemine, et eemaldada preparatsioonitolmu kihti. Praimer ja adhesiiv aplitseeritakse koos, seguna.<\/li>\n<li><strong>Ises\u00f6\u00f6vitav praimer preparatsioonitolmu lahustamiseks<\/strong> (ei pesta). Adhesiiv aplitseeritakse eraldi.<\/li>\n<li><strong>Ises\u00f6\u00f6vitav praimer ja adhesiiv aplitseeritakse koos<\/strong>, \u00fche lahusena (ei pesta).<\/li>\n<\/ul>\n<p><img loading=\"lazy\" decoding=\"async\" width=\"650\" height=\"452\" class=\"alignnone wp-image-26 aligncenter\" style=\"margin-left: auto; margin-right: auto;\" title=\"joonis6-adhesiivid.png\" src=\"https:\/\/sisu.ut.ee\/wp-content\/uploads\/sites\/19\/joonis6-adhesiivid.png\" alt=\"joonis6-adhesiivid.png\" srcset=\"https:\/\/sisu.ut.ee\/wp-content\/uploads\/sites\/19\/joonis6-adhesiivid.png 650w, https:\/\/sisu.ut.ee\/wp-content\/uploads\/sites\/19\/joonis6-adhesiivid-300x209.png 300w\" sizes=\"auto, (max-width: 650px) 100vw, 650px\"><\/p>\n<p>Vaata videot, mis tutvustab levinud kaheastmelist t\u00f6\u00f6protsessi. P\u00f6\u00f6ra t\u00e4helepanu tehnikale.<\/p>\n<p style=\"text-align: center;\"><\/p><div class=\"ratio ratio-16x9 mb-3\"><div class=\"video-placeholder-wrapper video-placeholder-wrapper--16x9\">\n\t\t\t    <div class=\"video-placeholder d-flex justify-content-center align-items-center\">\n\t\t\t        <div class=\"overlay text-white p-2 w-100 text-center d-block justify-content-center align-items-center\">\n\t\t\t            <div>Kolmandate osapoolte sisu n\u00e4gemiseks palun n\u00f5ustu k\u00fcpsistega.<\/div>\n\t\t\t            <button class=\"btn btn-secondary btn-sm mt-1 consent-change\">Muuda n\u00f5usolekut<\/button>\n\t\t\t        <\/div>\n\t\t\t    <\/div>\n\t\t\t<\/div>\n<\/div>\n","protected":false},"excerpt":{"rendered":"<p>T\u00f6\u00f6printsiibi alusel v\u00f5ib adhesiivs\u00fcsteemid jaotada nelja gruppi. Kolmeastmeline t\u00f6\u00f6protsess. Happe aplikatsioon ja selle mahapesemine, et eemaldada preparatsioonitolmu kihti. Praimer ja adhesiiv aplitseeritakse kumbki omaette etapina. Kaheastmeline t\u00f6\u00f6protsess. Happe aplikatsioon ja selle mahapesemine, et eemaldada preparatsioonitolmu kihti. Praimer ja adhesiiv aplitseeritakse &#8230;<\/p>\n","protected":false},"author":12,"featured_media":0,"parent":0,"menu_order":0,"comment_status":"closed","ping_status":"closed","template":"","meta":{"_acf_changed":false,"inline_featured_image":false,"footnotes":""},"class_list":["post-16","page","type-page","status-publish","hentry"],"acf":[],"_links":{"self":[{"href":"https:\/\/sisu.ut.ee\/hambaravi1\/wp-json\/wp\/v2\/pages\/16","targetHints":{"allow":["GET"]}}],"collection":[{"href":"https:\/\/sisu.ut.ee\/hambaravi1\/wp-json\/wp\/v2\/pages"}],"about":[{"href":"https:\/\/sisu.ut.ee\/hambaravi1\/wp-json\/wp\/v2\/types\/page"}],"author":[{"embeddable":true,"href":"https:\/\/sisu.ut.ee\/hambaravi1\/wp-json\/wp\/v2\/users\/12"}],"replies":[{"embeddable":true,"href":"https:\/\/sisu.ut.ee\/hambaravi1\/wp-json\/wp\/v2\/comments?post=16"}],"version-history":[{"count":2,"href":"https:\/\/sisu.ut.ee\/hambaravi1\/wp-json\/wp\/v2\/pages\/16\/revisions"}],"predecessor-version":[{"id":93,"href":"https:\/\/sisu.ut.ee\/hambaravi1\/wp-json\/wp\/v2\/pages\/16\/revisions\/93"}],"wp:attachment":[{"href":"https:\/\/sisu.ut.ee\/hambaravi1\/wp-json\/wp\/v2\/media?parent=16"}],"curies":[{"name":"wp","href":"https:\/\/api.w.org\/{rel}","templated":true}]}}