{"id":4,"date":"2024-04-04T03:18:05","date_gmt":"2024-04-04T00:18:05","guid":{"rendered":"https:\/\/sisu.ut.ee\/halduroim\/cv\/"},"modified":"2024-04-24T17:14:11","modified_gmt":"2024-04-24T14:14:11","slug":"cv","status":"publish","type":"page","link":"https:\/\/sisu.ut.ee\/halduroim\/cv\/","title":{"rendered":"CV"},"content":{"rendered":"<p><strong>Haldur \u00d5im<\/strong><\/p>\n<p>S\u00fcnniaeg ja koht: 22.01.1942, Helme vald, Valgamaa<\/p>\n<p>Kodakondsus: Eesti<\/p>\n<p>Kontakt:\u00a0haldur.oim@ut.ee<\/p>\n<p><strong>Haridusk\u00e4ik:<\/strong><\/p>\n<p>1960-1965 TR\u00dc ajaloo-keeleteaduskond, matemaatiline ja strukturaalne lingvistika;<\/p>\n<p>1966- 1969 aspirantuur TR\u00dc eesti keele kateedri juures<\/p>\n<p>1970 kandidaadikraad, TR\u00dc eesti keele\u00a0 kateedri juures<\/p>\n<p>1985 (kaitstud 1983), doktorikraad (eesti keel ja \u00fcldkeeleteadus), \u201eSemantika ja keele m\u00f5istmise teooria\u201c, TR\u00dc.<\/p>\n<p><strong>Keelteoskus<\/strong>:<\/p>\n<p>eesti, soome, vene, inglise, saksa<\/p>\n<p><strong>Teenistusk\u00e4ik<\/strong>:<\/p>\n<p>1969-1977 vanemteadur TR\u00dc kriminoloogia labori \u00f5igusliku informatsiooni probleemgrupis, hilisema nimetusega tehisintellekti laboris;<\/p>\n<p>1975-1976\u00a0 stazeerimine Z\u00fcrichi \u00fclikoolis (10 kuud),<\/p>\n<p>1977-1983\u00a0 TR\u00dc eesti keele kateedri vanem\u00f5petaja;<\/p>\n<p>1981-1984\u00a0 Helsingi \u00dclikoolis lektor;<\/p>\n<p>1983-1985\u00a0 sama kateedri dotsent;<\/p>\n<p>1991-1992\u00a0 Saksamaal Koblenz-Landau \u00dclikooli arvutuslingvistika instituudis k\u00fclalisprofessor<\/p>\n<p>1985 -1992\u00a0 TR\u00dc eesti keele kateedri professor;<\/p>\n<p>1992 -2007 Tartu \u00dclikool, filosoofiateaduskond, \u00fcldkeeleteaduse korraline professor;<\/p>\n<p>2007 \u2013 \u2026 Tartu \u00dclikool, filosoofiateaduskond; erakorraline vanemteadur<\/p>\n<p>2007 \u2013 \u2026 Tartu \u00dclikool, filosoofiateaduskond, emeriitprofessor<\/p>\n<p>2013 \u2013 2020\u00a0eesti ja \u00fcldkeeleteaduse instituudi arvutilingvistika vanemteadur<\/p>\n<p><strong>Uurimist\u00f6\u00f6 peasuunad<\/strong><\/p>\n<p>Keeleteaduse metodoloogia; keeleteooria; semantika; semantilised v\u00e4ljad eesti keeles; loomuliku keele arvutimudelid; tekstide arvutit\u00f6\u00f6tlus; keeleteaduse seosed teiste teadustega<\/p>\n","protected":false},"excerpt":{"rendered":"<p>Haldur \u00d5im S\u00fcnniaeg ja koht: 22.01.1942, Helme vald, Valgamaa Kodakondsus: Eesti Kontakt:\u00a0haldur.oim@ut.ee Haridusk\u00e4ik: 1960-1965 TR\u00dc ajaloo-keeleteaduskond, matemaatiline ja strukturaalne lingvistika; 1966- 1969 aspirantuur TR\u00dc eesti keele kateedri juures 1970 kandidaadikraad, TR\u00dc eesti keele\u00a0 kateedri juures 1985 (kaitstud 1983), doktorikraad (eesti &#8230;<\/p>\n","protected":false},"author":102,"featured_media":0,"parent":0,"menu_order":0,"comment_status":"closed","ping_status":"closed","template":"","meta":{"_acf_changed":false,"inline_featured_image":false,"footnotes":""},"class_list":["post-4","page","type-page","status-publish","hentry"],"acf":[],"_links":{"self":[{"href":"https:\/\/sisu.ut.ee\/halduroim\/wp-json\/wp\/v2\/pages\/4","targetHints":{"allow":["GET"]}}],"collection":[{"href":"https:\/\/sisu.ut.ee\/halduroim\/wp-json\/wp\/v2\/pages"}],"about":[{"href":"https:\/\/sisu.ut.ee\/halduroim\/wp-json\/wp\/v2\/types\/page"}],"author":[{"embeddable":true,"href":"https:\/\/sisu.ut.ee\/halduroim\/wp-json\/wp\/v2\/users\/102"}],"replies":[{"embeddable":true,"href":"https:\/\/sisu.ut.ee\/halduroim\/wp-json\/wp\/v2\/comments?post=4"}],"version-history":[{"count":2,"href":"https:\/\/sisu.ut.ee\/halduroim\/wp-json\/wp\/v2\/pages\/4\/revisions"}],"predecessor-version":[{"id":171,"href":"https:\/\/sisu.ut.ee\/halduroim\/wp-json\/wp\/v2\/pages\/4\/revisions\/171"}],"wp:attachment":[{"href":"https:\/\/sisu.ut.ee\/halduroim\/wp-json\/wp\/v2\/media?parent=4"}],"curies":[{"name":"wp","href":"https:\/\/api.w.org\/{rel}","templated":true}]}}