{"id":20,"date":"2024-04-04T03:18:06","date_gmt":"2024-04-04T00:18:06","guid":{"rendered":"https:\/\/sisu.ut.ee\/halduroim\/avaleht\/"},"modified":"2024-04-24T16:53:32","modified_gmt":"2024-04-24T13:53:32","slug":"avaleht","status":"publish","type":"page","link":"https:\/\/sisu.ut.ee\/halduroim\/","title":{"rendered":"Avaleht"},"content":{"rendered":"<p>Keeleteadlane, professor, akadeemik<\/p>\n<p><img loading=\"lazy\" decoding=\"async\" src=\"\/wp-content\/uploads\/sites\/205\/haldur_oim.jpg\" width=\"356\" height=\"384\"><\/p>\n<p>Haldur \u00d5im on l\u00f5petanud T\u00f5rva keskkooli ja Tartu \u00fclikooli.<\/p>\n<p>Kandidaadiv\u00e4itekirja (vastab t\u00e4nap\u00e4eval PhD-le) kaitses Tartu \u00fclikoolis 1970. aastal isikuga seotud s\u00f5nar\u00fchmadest ja doktoriv\u00e4itekirja 1983 direktiivse suhtluse semantikast.<\/p>\n<p>Alates 1969. aastast on t\u00f6\u00f6tanud Tartu \u00fclikoolis, alguses vanemteadurina ja siis \u00f5ppej\u00f5una. 1986. aastast on ta professor\u00a0 ja 1992. aastast Tartu \u00fclikooli esimene \u00fcldkeeleteaduse professor. Praegu on Haldur \u00d5im Tartu \u00dclikooli emeriitprofessor.<\/p>\n<p>Haldur \u00d5imu teadust\u00f6\u00f6 v\u00f5ib tinglikult jagada kahe suuna vahel:<\/p>\n<ul>\n<li>t\u00e4henduse uurimine: \u00a0semantika ja pragmaatika, alguses formaalsema, hiljem pigem kognitiivse paradigma raames<\/li>\n<li>arvutilingvistika: dialoogi modelleerimine, freimisemantika rakendused jms.<\/li>\n<\/ul>\n<p>Haldur \u00d5im on osalenud\u00a0legendaarse <a title=\"\" href=\"http:\/\/ggg.ut.ee\/\" target=\"_blank\" rel=\"noopener\" data-url=\"http:\/\/ggg.ut.ee\/\">Generatiivse Grammatika Grupi<\/a> tegevuses.<\/p>\n<p>Haldur \u00d5imu v\u00f5ib pidada arvutilingvistika\u00a0ja kognitiivse keeleteaduse t\u00f6\u00f6r\u00fchmade alusepanijaks.<\/p>\n<p>Haldur \u00d5im valiti Eesti Teaduste Akadeemia liikmeks 1994, ta on saanud <a title=\"Valget\u00e4he IV klassi teenetem\u00e4rk\" href=\"http:\/\/et.wikipedia.org\/wiki\/Valget%C3%A4he_IV_klassi_teenetem%C3%A4rk\">Valget\u00e4he IV klassi teenetem\u00e4r<\/a>gi <a title=\"2001\" href=\"http:\/\/et.wikipedia.org\/wiki\/2001\">2001<\/a> ja <a title=\"Ferdinand Johann Wiedemanni keeleauhind\" href=\"http:\/\/et.wikipedia.org\/wiki\/Ferdinand_Johann_Wiedemanni_keeleauhind\">Ferdinand Johann Wiedemanni keeleauhin<\/a>na 2005.<\/p>\n<p><em>SELLE KODULEHEK\u00dcLJE ON HALDUR \u00d5IMULE 70. S\u00dcNNIP\u00c4EVAKS KINKINUD TEMA \u00d5PILASED JA KOLLEEGID.<\/em><\/p>\n","protected":false},"excerpt":{"rendered":"<p>Keeleteadlane, professor, akadeemik Haldur \u00d5im on l\u00f5petanud T\u00f5rva keskkooli ja Tartu \u00fclikooli. Kandidaadiv\u00e4itekirja (vastab t\u00e4nap\u00e4eval PhD-le) kaitses Tartu \u00fclikoolis 1970. aastal isikuga seotud s\u00f5nar\u00fchmadest ja doktoriv\u00e4itekirja 1983 direktiivse suhtluse semantikast. Alates 1969. aastast on t\u00f6\u00f6tanud Tartu \u00fclikoolis, alguses vanemteadurina ja &#8230;<\/p>\n","protected":false},"author":102,"featured_media":0,"parent":0,"menu_order":0,"comment_status":"closed","ping_status":"closed","template":"","meta":{"_acf_changed":false,"inline_featured_image":false,"footnotes":""},"class_list":["post-20","page","type-page","status-publish","hentry"],"acf":[],"_links":{"self":[{"href":"https:\/\/sisu.ut.ee\/halduroim\/wp-json\/wp\/v2\/pages\/20","targetHints":{"allow":["GET"]}}],"collection":[{"href":"https:\/\/sisu.ut.ee\/halduroim\/wp-json\/wp\/v2\/pages"}],"about":[{"href":"https:\/\/sisu.ut.ee\/halduroim\/wp-json\/wp\/v2\/types\/page"}],"author":[{"embeddable":true,"href":"https:\/\/sisu.ut.ee\/halduroim\/wp-json\/wp\/v2\/users\/102"}],"replies":[{"embeddable":true,"href":"https:\/\/sisu.ut.ee\/halduroim\/wp-json\/wp\/v2\/comments?post=20"}],"version-history":[{"count":3,"href":"https:\/\/sisu.ut.ee\/halduroim\/wp-json\/wp\/v2\/pages\/20\/revisions"}],"predecessor-version":[{"id":149,"href":"https:\/\/sisu.ut.ee\/halduroim\/wp-json\/wp\/v2\/pages\/20\/revisions\/149"}],"wp:attachment":[{"href":"https:\/\/sisu.ut.ee\/halduroim\/wp-json\/wp\/v2\/media?parent=20"}],"curies":[{"name":"wp","href":"https:\/\/api.w.org\/{rel}","templated":true}]}}