{"id":6,"date":"2024-04-04T09:13:01","date_gmt":"2024-04-04T06:13:01","guid":{"rendered":"https:\/\/sisu.ut.ee\/gys\/juhatus\/"},"modified":"2025-09-12T13:56:57","modified_gmt":"2025-09-12T10:56:57","slug":"juhatus","status":"publish","type":"page","link":"https:\/\/sisu.ut.ee\/gys\/juhatus\/","title":{"rendered":"Juhatus"},"content":{"rendered":"<p><strong>Geoteaduste \u00dcli\u00f5pilaste Seltsi teine juhatus 2025\/2026 \u00f5ppeaastal:<\/strong><\/p>\n\n\n\n<p>Esimees \u2013 Anne Greete Gribulis (annegreete.gribulis@ut.ee)<\/p>\n\n\n\n<p>Laekur \u2013 Astrid J\u00f5erand (astrid.joerand@ut.ee)<\/p>\n\n\n\n<p>Sekret\u00e4r \u2013 Sandra Sereda (sandra.sereda@ut.ee)<\/p>\n\n\n\n<p>\u00dcrituste t\u00f6\u00f6grupi juht \u2013 Liisi Brett (liisi.brett@ut.ee)<\/p>\n\n\n\n<p>Hariduse t\u00f6\u00f6grupi juht \u2013 Rhea K\u00f5ivutalu (rhea.koivutalu@ut.ee)<\/p>\n\n\n\n<p>Meedia t\u00f6\u00f6grupi juht \u2013 Anette Merivee (anette.merivee@ut.ee)<\/p>\n\n\n\n<figure class=\"wp-block-image size-large is-resized\"><img loading=\"lazy\" decoding=\"async\" width=\"1024\" height=\"782\" src=\"https:\/\/sisu.ut.ee\/wp-content\/uploads\/sites\/675\/Screenshot-2025-09-12-at-13.44.18-1024x782.png\" alt=\"\" class=\"wp-image-391\" style=\"width:487px;height:auto\" srcset=\"https:\/\/sisu.ut.ee\/wp-content\/uploads\/sites\/675\/Screenshot-2025-09-12-at-13.44.18-1024x782.png 1024w, https:\/\/sisu.ut.ee\/wp-content\/uploads\/sites\/675\/Screenshot-2025-09-12-at-13.44.18-300x229.png 300w, https:\/\/sisu.ut.ee\/wp-content\/uploads\/sites\/675\/Screenshot-2025-09-12-at-13.44.18-768x586.png 768w, https:\/\/sisu.ut.ee\/wp-content\/uploads\/sites\/675\/Screenshot-2025-09-12-at-13.44.18.png 1082w\" sizes=\"auto, (max-width: 1024px) 100vw, 1024px\"><\/figure>\n\n\n\n<div style=\"height:100px\" aria-hidden=\"true\" class=\"wp-block-spacer\"><\/div>\n\n\n\n<p><strong>Geoteaduste \u00dcli\u00f5pilaste Seltsi teine juhatus 2024\/2025 \u00f5ppeaastal:<\/strong><\/p>\n\n\n\n<p>Esimees \u2013 Astrid J\u00f5erand (astridjoerand@gmail.com)<\/p>\n\n\n\n<p>Laekur \u2013 Richard Pihel (richardpihel@hotmail.com)<\/p>\n\n\n\n<p>Sekret\u00e4r \u2013 Anne Greete Gribulis (annegreeteg@gmail.com)<\/p>\n\n\n\n<p>\u00dcrituste t\u00f6\u00f6grupi juht \u2013 Krete Roop\u00f5ld (roopold.krete@gmail.com)<\/p>\n\n\n\n<p>Hariduse t\u00f6\u00f6grupi juht\u00a0\u2013 Martin Aava (nitramaava182@gmail.com)<\/p>\n\n\n\n<p>Meedia t\u00f6\u00f6grupi juht \u2013 Maileen Muttik (maileen.muttik@gmail.com)<\/p>\n\n\n\n<div style=\"height:100px\" aria-hidden=\"true\" class=\"wp-block-spacer\"><\/div>\n\n\n<p><strong>Geoteaduste \u00dcli\u00f5pilaste Seltsi asutajad ja esimene juhatus 2023\/2024 \u00f5ppeaastal:<\/strong><\/p>\n<p>Esimees \u2013 Eelika Kiil (kiil.eelika@gmail.com)<\/p>\n<p>Abiesimees \u2013 Richard Pihel (richardpihel@hotmail.com)<\/p>\n<p>Abiesimees \u2013 Krete Roop\u00f5ld (roopold.krete@gmail.com)<\/p>\n<p>\u00dcrituste t\u00f6\u00f6grupi juht\u00a0\u2013 Astrid J\u00f5erand (astridjoerand@gmail.com)<\/p>\n<p>\u00dcrituste t\u00f6\u00f6grupi juhi abi\u00a0\u2013 Markus Ausmeel (markus.ausmeel@gmail.com)<\/p>\n<p>Hariduse t\u00f6\u00f6grupi juht\u00a0\u2013 Martin Aava (nitramaava182@gmail.com)<\/p>\n<p>Hariduse t\u00f6\u00f6grupi juhi abi\u00a0\u2013 Johanna Maria Ojap (johanna.maria.ojap@ut.ee)<\/p>\n<p>Meedia\u00a0t\u00f6\u00f6grupi juht\u00a0\u2013 Georg Rahu (rahugeorg@gmail.com)<\/p>\n<p>Meedia t\u00f6\u00f6grupi juhi abi\u00a0\u2013 Martin Riives (martin.riives@gmail.com)<\/p>\n<p><img loading=\"lazy\" decoding=\"async\" class=\"wp-image-16 alignleft\" src=\"https:\/\/sisu.ut.ee\/wp-content\/uploads\/sites\/675\/juhatus_asutajad.jpg\" alt=\"Seltsi juhatus\" width=\"518\" height=\"389\" data-pin-me-only=\"true\" srcset=\"https:\/\/sisu.ut.ee\/wp-content\/uploads\/sites\/675\/juhatus_asutajad.jpg 2048w, https:\/\/sisu.ut.ee\/wp-content\/uploads\/sites\/675\/juhatus_asutajad-300x225.jpg 300w, https:\/\/sisu.ut.ee\/wp-content\/uploads\/sites\/675\/juhatus_asutajad-1024x768.jpg 1024w, https:\/\/sisu.ut.ee\/wp-content\/uploads\/sites\/675\/juhatus_asutajad-768x576.jpg 768w, https:\/\/sisu.ut.ee\/wp-content\/uploads\/sites\/675\/juhatus_asutajad-1536x1152.jpg 1536w, https:\/\/sisu.ut.ee\/wp-content\/uploads\/sites\/675\/juhatus_asutajad-1920x1440.jpg 1920w\" sizes=\"auto, (max-width: 518px) 100vw, 518px\"><\/p>","protected":false},"excerpt":{"rendered":"<p>Geoteaduste \u00dcli\u00f5pilaste Seltsi teine juhatus 2025\/2026 \u00f5ppeaastal: Esimees \u2013 Anne Greete Gribulis (annegreete.gribulis@ut.ee) Laekur \u2013 Astrid J\u00f5erand (astrid.joerand@ut.ee) Sekret\u00e4r \u2013 Sandra Sereda (sandra.sereda@ut.ee) \u00dcrituste t\u00f6\u00f6grupi juht \u2013 Liisi Brett (liisi.brett@ut.ee) Hariduse t\u00f6\u00f6grupi juht \u2013 Rhea K\u00f5ivutalu (rhea.koivutalu@ut.ee) Meedia t\u00f6\u00f6grupi juht &#8230;<\/p>\n","protected":false},"author":334,"featured_media":0,"parent":0,"menu_order":0,"comment_status":"closed","ping_status":"closed","template":"","meta":{"_acf_changed":false,"inline_featured_image":false,"footnotes":""},"class_list":["post-6","page","type-page","status-publish","hentry"],"acf":[],"_links":{"self":[{"href":"https:\/\/sisu.ut.ee\/gys\/wp-json\/wp\/v2\/pages\/6","targetHints":{"allow":["GET"]}}],"collection":[{"href":"https:\/\/sisu.ut.ee\/gys\/wp-json\/wp\/v2\/pages"}],"about":[{"href":"https:\/\/sisu.ut.ee\/gys\/wp-json\/wp\/v2\/types\/page"}],"author":[{"embeddable":true,"href":"https:\/\/sisu.ut.ee\/gys\/wp-json\/wp\/v2\/users\/334"}],"replies":[{"embeddable":true,"href":"https:\/\/sisu.ut.ee\/gys\/wp-json\/wp\/v2\/comments?post=6"}],"version-history":[{"count":15,"href":"https:\/\/sisu.ut.ee\/gys\/wp-json\/wp\/v2\/pages\/6\/revisions"}],"predecessor-version":[{"id":396,"href":"https:\/\/sisu.ut.ee\/gys\/wp-json\/wp\/v2\/pages\/6\/revisions\/396"}],"wp:attachment":[{"href":"https:\/\/sisu.ut.ee\/gys\/wp-json\/wp\/v2\/media?parent=6"}],"curies":[{"name":"wp","href":"https:\/\/api.w.org\/{rel}","templated":true}]}}