{"id":7,"date":"2024-04-04T06:15:46","date_gmt":"2024-04-04T03:15:46","guid":{"rendered":"https:\/\/sisu.ut.ee\/geoteadused\/mineraloogia-korvekula\/"},"modified":"2024-04-04T06:15:56","modified_gmt":"2024-04-04T03:15:56","slug":"mineraloogia-korvekula","status":"publish","type":"page","link":"https:\/\/sisu.ut.ee\/geoteadused\/mineraloogia-korvekula\/","title":{"rendered":"Mineraalide \u00f5ppep\u00e4ev"},"content":{"rendered":"<p style=\"text-align:-webkit-center\">\n\t<span style=\"color:#000000\"><span><span style=\"font-style:normal\"><span><span><span style=\"font-weight:400\"><span style=\"letter-spacing:normal\"><span><span style=\"text-transform:none\"><span><span><span><span><span><font face=\"Arial\">16. aprillil 2013 koolitasid geoloogid Ivo Paalits ja Karin Truuver K\u00f5rvek\u00fcla P\u00f5hikooli \u00f5pilasi. Koolitus toimus Keskkonnainvesteeringute Keskuse (KIK) toel. Ivo Paalitsa fotod.<\/font><\/span><\/span><\/span><\/span><\/span><\/span><\/span><\/span><\/span><\/span><\/span><\/span><\/span><\/span>\n<\/p>\n<p style=\"text-align:-webkit-center\">\n\t\u00a0\n<\/p>\n<p style=\"text-align:-webkit-center\">\n\t<img loading=\"lazy\" decoding=\"async\" width=\"200\" height=\"150\" class=\"alignnone wp-image-53\" src=\"https:\/\/sisu.ut.ee\/wp-content\/uploads\/sites\/442\/41a.jpg\" title=\"41a.jpg\" alt=\"41a.jpg\"><span style=\"color:#000000\"><span><span style=\"font-style:normal\"><span><span><span style=\"font-weight:400\"><span style=\"letter-spacing:normal\"><span><span style=\"text-transform:none\"><span><span><span><span><span><font face=\"Arial\">\u00a0<\/font><\/span><\/span><\/span><\/span><\/span><\/span><\/span><\/span><\/span><\/span><\/span><\/span><\/span><\/span><img loading=\"lazy\" decoding=\"async\" width=\"200\" height=\"150\" class=\"alignnone wp-image-54\" src=\"https:\/\/sisu.ut.ee\/wp-content\/uploads\/sites\/442\/43a.jpg\" title=\"43a.jpg\" alt=\"43a.jpg\"><span style=\"color:#000000\"><span><span style=\"font-style:normal\"><span><span><span style=\"font-weight:400\"><span style=\"letter-spacing:normal\"><span><span style=\"text-transform:none\"><span><span><span><span><span><font face=\"Arial\">\u00a0<\/font><\/span><\/span><\/span><\/span><\/span><\/span><\/span><\/span><\/span><\/span><\/span><\/span><\/span><\/span><img loading=\"lazy\" decoding=\"async\" width=\"200\" height=\"150\" class=\"alignnone wp-image-55\" src=\"https:\/\/sisu.ut.ee\/wp-content\/uploads\/sites\/442\/46a.jpg\" title=\"46a.jpg\" alt=\"46a.jpg\">\n<\/p>\n<p style=\"text-align:-webkit-center\">\n\t<img loading=\"lazy\" decoding=\"async\" width=\"200\" height=\"150\" class=\"alignnone wp-image-56\" src=\"https:\/\/sisu.ut.ee\/wp-content\/uploads\/sites\/442\/45a.jpg\" title=\"45a.jpg\" alt=\"45a.jpg\"><span style=\"color:#000000\"><span><span style=\"font-style:normal\"><span><span><span style=\"font-weight:400\"><span style=\"letter-spacing:normal\"><span><span style=\"text-transform:none\"><span><span><span><span><span><font face=\"Arial\">\u00a0<\/font><\/span><\/span><\/span><\/span><\/span><\/span><\/span><\/span><\/span><\/span><\/span><\/span><\/span><\/span><img loading=\"lazy\" decoding=\"async\" width=\"200\" height=\"150\" class=\"alignnone wp-image-57\" src=\"https:\/\/sisu.ut.ee\/wp-content\/uploads\/sites\/442\/44a.jpg\" title=\"44a.jpg\" alt=\"44a.jpg\">\n<\/p>\n<p style=\"text-align:-webkit-center\">\n\t<img loading=\"lazy\" decoding=\"async\" width=\"200\" height=\"150\" class=\"alignnone wp-image-58\" src=\"https:\/\/sisu.ut.ee\/wp-content\/uploads\/sites\/442\/42a.jpg\" title=\"42a.jpg\" alt=\"42a.jpg\"><br><span style=\"color:#000000\"><span><span style=\"font-style:normal\"><span><span><span style=\"font-weight:400\"><span style=\"letter-spacing:normal\"><span><span style=\"text-transform:none\"><span><span><span><span><span><font face=\"Arial\">Konodonti pildistas Taavi<\/font><\/span><\/span><\/span><\/span><\/span><\/span><\/span><\/span><\/span><\/span><\/span><\/span><\/span><\/span><\/p>\n","protected":false},"excerpt":{"rendered":"<p>16. aprillil 2013 koolitasid geoloogid Ivo Paalits ja Karin Truuver K\u00f5rvek\u00fcla P\u00f5hikooli \u00f5pilasi. Koolitus toimus Keskkonnainvesteeringute Keskuse (KIK) toel. Ivo Paalitsa fotod. \u00a0 \u00a0\u00a0 \u00a0 Konodonti pildistas Taavi<\/p>\n","protected":false},"author":226,"featured_media":0,"parent":0,"menu_order":0,"comment_status":"closed","ping_status":"closed","template":"","meta":{"_acf_changed":false,"inline_featured_image":false,"footnotes":""},"class_list":["post-7","page","type-page","status-publish","hentry"],"acf":[],"_links":{"self":[{"href":"https:\/\/sisu.ut.ee\/geoteadused\/wp-json\/wp\/v2\/pages\/7","targetHints":{"allow":["GET"]}}],"collection":[{"href":"https:\/\/sisu.ut.ee\/geoteadused\/wp-json\/wp\/v2\/pages"}],"about":[{"href":"https:\/\/sisu.ut.ee\/geoteadused\/wp-json\/wp\/v2\/types\/page"}],"author":[{"embeddable":true,"href":"https:\/\/sisu.ut.ee\/geoteadused\/wp-json\/wp\/v2\/users\/226"}],"replies":[{"embeddable":true,"href":"https:\/\/sisu.ut.ee\/geoteadused\/wp-json\/wp\/v2\/comments?post=7"}],"version-history":[{"count":1,"href":"https:\/\/sisu.ut.ee\/geoteadused\/wp-json\/wp\/v2\/pages\/7\/revisions"}],"predecessor-version":[{"id":100,"href":"https:\/\/sisu.ut.ee\/geoteadused\/wp-json\/wp\/v2\/pages\/7\/revisions\/100"}],"wp:attachment":[{"href":"https:\/\/sisu.ut.ee\/geoteadused\/wp-json\/wp\/v2\/media?parent=7"}],"curies":[{"name":"wp","href":"https:\/\/api.w.org\/{rel}","templated":true}]}}