{"id":14,"date":"2024-04-04T06:15:47","date_gmt":"2024-04-04T03:15:47","guid":{"rendered":"https:\/\/sisu.ut.ee\/geoteadused\/kirjandus\/"},"modified":"2024-04-04T06:15:55","modified_gmt":"2024-04-04T03:15:55","slug":"kirjandus","status":"publish","type":"page","link":"https:\/\/sisu.ut.ee\/geoteadused\/kirjandus\/","title":{"rendered":"Kirjandus"},"content":{"rendered":"<p>\n\t<b>Elken, J.<\/b>\u00a02009. Merehoovuste trikid. Horisont, 1, lk 8-9\u00a0<a href=\"http:\/\/www.horisont.ee\/node\/846\" target=\"_blank\" rel=\"noopener\">Internet<\/a>\n<\/p>\n<p>\n\t<b>Kalm, V.<\/b>\u00a02009. Kliimamuutused eri ajaskaalades. Horisont, 2, lk 38-41\u00a0<a href=\"http:\/\/www.horisont.ee\/node\/1013\" target=\"_blank\" rel=\"noopener\">Internet<\/a>\n<\/p>\n<p>\n\t<b>Karu, V.<\/b>\u00a02006. Vana maardla kohale puhkemaastiku kujundamist tasub planeerida juba kaevandamise ajal. \u00c4rip\u00e4ev 04.05.2006\u00a0<a href=\"http:\/\/www.ap3.ee\/?PublicationId=31503ED6-39D4-4163-9D98-74AA1E3959CE&amp;code=61966\" target=\"_blank\" rel=\"noopener\">Internet<\/a>\n<\/p>\n<p>\n\t<b>Kask, \u00dc.<\/b>\u00a02011. Energeetika otsapidi biomajanduse k\u00fcljes. Horisont, 3, 24-28\u00a0<a href=\"http:\/\/www.horisont.ee\/node\/1848\" target=\"_blank\" rel=\"noopener\">Internet<\/a>\n<\/p>\n<p>\n\t<b>Meidla, T.<\/b>\u00a02008. Maa-aasta tuleb \u00fchiskonnale appi. Tarkade Klubi, 3, lk 52-53\n<\/p>\n<p>\n\t<b>Meidla, T.<\/b>\u00a02008. Milleks meile (veel ka) Maa-aasta? Horisont, 2, lk 8-9\u00a0<a href=\"http:\/\/www.horisont.ee\/node\/425\" target=\"_blank\" rel=\"noopener\">Internet<\/a>\n<\/p>\n<p>\n\t<b>Plado, J.<\/b>\u00a02009. S\u00fcgav Maa: litosf\u00e4\u00e4rist tuumani. Horisont, 3, lk 40-41\u00a0<a href=\"http:\/\/www.horisont.ee\/node\/506\" target=\"_blank\" rel=\"noopener\">Internet<\/a>\n<\/p>\n<p>\n\t<b>Raukas, A.\u00a0<\/b>2004. Inimene Maa \u00fcmberkujundajana. Rmt: Nestor, H., Raukas, A., Veskim\u00e4e, R. (toim). Maa universumis. M\u00f6\u00f6danik, t\u00e4nap\u00e4ev, tulevik. Tallinn, lk 168-173\n<\/p>\n<p>\n\t<b>Reinsalu, E.<\/b>\u00a02011. ENERGEETIKA: meie p\u00f5levkivi. Horisont, 1\u00a0<a href=\"http:\/\/www.horisont.ee\/node\/1574\" target=\"_blank\" rel=\"noopener\">Internet<\/a>\n<\/p>\n<p>\n\t<b>Soesoo, A.<\/b>\u00a02008. Maap\u00f5uerikkused: \u00fchiskonna delikaatne arengumootor? Horisont, 6, lk 32-34<a href=\"http:\/\/www.horisont.ee\/node\/746\" target=\"_blank\" rel=\"noopener\">\u00a0Internet<\/a>\n<\/p>\n<p>\n\t<b>Valdma, M.<\/b>\u00a02011. ENERGIAS\u00dcSTEEMID \u2013 elektrijaamad ja tarbijad juhtmeid pidi \u00fcksteise k\u00fcljes. Horisont, 5, 42-47\u00a0<a href=\"http:\/\/www.horisont.ee\/node\/1717\" target=\"_blank\" rel=\"noopener\">Internet<\/a>\u00a0\u00a0<\/p>\n","protected":false},"excerpt":{"rendered":"<p>Elken, J.\u00a02009. Merehoovuste trikid. Horisont, 1, lk 8-9\u00a0Internet Kalm, V.\u00a02009. Kliimamuutused eri ajaskaalades. Horisont, 2, lk 38-41\u00a0Internet Karu, V.\u00a02006. Vana maardla kohale puhkemaastiku kujundamist tasub planeerida juba kaevandamise ajal. \u00c4rip\u00e4ev 04.05.2006\u00a0Internet Kask, \u00dc.\u00a02011. Energeetika otsapidi biomajanduse k\u00fcljes. Horisont, 3, 24-28\u00a0Internet &#8230;<\/p>\n","protected":false},"author":226,"featured_media":0,"parent":0,"menu_order":0,"comment_status":"closed","ping_status":"closed","template":"","meta":{"_acf_changed":false,"inline_featured_image":false,"footnotes":""},"class_list":["post-14","page","type-page","status-publish","hentry"],"acf":[],"_links":{"self":[{"href":"https:\/\/sisu.ut.ee\/geoteadused\/wp-json\/wp\/v2\/pages\/14","targetHints":{"allow":["GET"]}}],"collection":[{"href":"https:\/\/sisu.ut.ee\/geoteadused\/wp-json\/wp\/v2\/pages"}],"about":[{"href":"https:\/\/sisu.ut.ee\/geoteadused\/wp-json\/wp\/v2\/types\/page"}],"author":[{"embeddable":true,"href":"https:\/\/sisu.ut.ee\/geoteadused\/wp-json\/wp\/v2\/users\/226"}],"replies":[{"embeddable":true,"href":"https:\/\/sisu.ut.ee\/geoteadused\/wp-json\/wp\/v2\/comments?post=14"}],"version-history":[{"count":1,"href":"https:\/\/sisu.ut.ee\/geoteadused\/wp-json\/wp\/v2\/pages\/14\/revisions"}],"predecessor-version":[{"id":93,"href":"https:\/\/sisu.ut.ee\/geoteadused\/wp-json\/wp\/v2\/pages\/14\/revisions\/93"}],"wp:attachment":[{"href":"https:\/\/sisu.ut.ee\/geoteadused\/wp-json\/wp\/v2\/media?parent=14"}],"curies":[{"name":"wp","href":"https:\/\/api.w.org\/{rel}","templated":true}]}}