{"id":6,"date":"2024-04-04T04:58:45","date_gmt":"2024-04-04T01:58:45","guid":{"rendered":"https:\/\/sisu.ut.ee\/geoinformaatika\/sisukord\/"},"modified":"2024-04-04T04:58:49","modified_gmt":"2024-04-04T01:58:49","slug":"sisukord","status":"publish","type":"page","link":"https:\/\/sisu.ut.ee\/geoinformaatika\/sisukord\/","title":{"rendered":"Sisukord"},"content":{"rendered":"<h3>\r\n\tSissejuhatus. Mida \u00f5petab k\u00e4esolev raamat ja kuidas seda kasutada (<a data-fid=\"39784\" href=\"https:\/\/sisu.ut.ee\/wp-content\/uploads\/sites\/349\/017-021_sissejuhatus.pdf\">PDF<\/a>)\r\n<\/h3>\r\n\r\n<h2 class=\"s2\">\r\n\tI. ALUSTEADMISED\r\n<\/h2>\r\n\r\n<h3>\r\n\t1. L\u00fchike jalutusk\u00e4ik l\u00e4bi ainevalla\r\n<\/h3>\r\n\r\n<p class=\"s3\">\r\n\tJ\u00fcri Roosaare, Kiira M\u00f5isja\r\n<\/p>\r\n\r\n<p>\r\n\t1.1. Kaartidest geomeediani<br>1.1.1. Esimestest kaartidest digitaalkartograafiani<br>1.1.2. GIS \u2013 teke ja areng<br>1.2. Geoinformaatika teke ja areng Eestis<br>1.2.1. Kartograafia areng Eestis<br>1.2.2. GISid Eestis<br>1.3. Geoinformaatika kui teadus<br>1.3.1. Geoinformaatika seos teiste teadustega<br>1.4. Geoinformaatika kui \u00f5ppeaine<br>1.5. Geoinformaatika kui tehnoloogia<br>1.5.1. Geoinfos\u00fcsteemi \u00fcldine \u00fclesehitus<br>1.5.2. Geoinfoteenused<br>1.5.3. Protsessid geoinformaatikas<br>1.6. Kokkuv\u00f5te \u2013 kohateave n\u00fc\u00fcdismaailmas\r\n<\/p>\r\n\r\n<h3>\r\n\t2. Informaatilised alused\r\n<\/h3>\r\n\r\n<p class=\"s3\">\r\n\tJ\u00fcri Roosaare\r\n<\/p>\r\n\r\n<p>\r\n\t2.1. Andmed ja informatsioon<br>2.1.1. Andmehulk<br>2.1.2. Informatsioon \u00fcldteadusliku metodoloogilise m\u00f5istena<br>2.1.3. Informatsiooni kvantitatiivne k\u00fclg<br>2.1.4. Informatsiooni semantiline k\u00fclg<br>2.1.5. Informatsiooni pragmaatiline k\u00fclg<br>2.1.6. Kommunikatsioon<br>2.1.7. Informatsioon otsustuste alusena<br>2.1.8. Andmeringe<br>2.2. Andmed ja nende t\u00fc\u00fcbid<br>2.2.1. Kvantitatiivsed andmed<br>2.2.2. Kvalitatiivsed andmed<br>2.2.2.1. Operatsioonid kvalitatiivsete andmetega<br>2.2.3. Objekti t\u00fc\u00fcpi andmed<br>2.2.4. Spetsiifilised andmet\u00fc\u00fcbid<br>2.3. Andmekogumid, andmebaasid ja infos\u00fcsteemid<br>2.3.1. Andmestruktuurid<br>2.3.2. Andmestikud ja andmekogud<br>2.3.3. Andmebaas ja andmebaasihaldur<br>2.3.3.1. Relatsiooniline andmebaas<br>2.3.3.2. Objektorienteeritud k\u00e4sitlusviis ja andmebaasid<br>2.3.4. Infos\u00fcsteem<br>2.4. Infos\u00fcsteemide projekteerimine<br>2.4.1. Zachmani raamistik<br>2.4.2. Informaatiline modelleerimine<br>2.5. P\u00e4ringud<br>2.5.1. P\u00e4ringud kui loogilised laused<br>2.5.2. Andmete j\u00e4rjestamine ja r\u00fchmitamine<br>2.5.3. P\u00e4ringukeel SQL<br>2.6. Kokkuv\u00f5te\r\n<\/p>\r\n\r\n<h3>\r\n\t3. Geograafilised alused\r\n<\/h3>\r\n\r\n<p class=\"s3\">\r\n\tJ\u00fcri Roosaare\r\n<\/p>\r\n\r\n<p>\r\n\t3.1. Geograafilised s\u00fcsteemid<br>3.1.1. S\u00fcsteemidest ja modelleerimisest \u00fcldiselt<br>3.1.2. Geos\u00fcsteemid ja maastikud<br>3.2. Geograafia ruumikontseptsioonid<br>3.2.1. Reaalsed, abstraktsed ja virtuaalsed ruumid<br>3.2.1.1. Kolmem\u00f5\u00f5tmeline eukleidiline ruum<br>3.2.1.2. <i>N<\/i>-m\u00f5\u00f5tmeline eukleidiline ruum<br>3.2.1.3. Ruumi anisotroopia<br>3.2.1.4. Kauguse erinevad k\u00e4sitlused<br>3.2.2. Pidevus ja s\u00f5redus<br>3.2.2.1. Geo-objektid kui punktid, jooned ja pinnad<br>3.2.2.2. V\u00e4ljad, tesselatsioonid ja rastrid<br>3.2.3. Hierarhiad ja skaalad<br>3.2.3.1. Elementaar\u00fcksuse probleem<br>3.3. Geograafiline asend<br>3.3.1. Asukoht ja selle m\u00e4\u00e4ramine<br>3.3.2. Asendi kirjeldamise viisid<br>3.4. Kokkuv\u00f5te\r\n<\/p>\r\n\r\n<h3>\r\n\t4. Geodeetilised alused\r\n<\/h3>\r\n\r\n<p class=\"s3\">\r\n\tRaivo Aunap\r\n<\/p>\r\n\r\n<p>\r\n\t4.1. Maa ruumilised mudelid<br>4.1.1. Geoid<br>4.1.2. Maaellipsoid<br>4.1.2.1. Geograafilised koordinaadid<br>4.1.2.2. Daatumid<br>4.1.2.3. Sf\u00e4\u00e4riline geomeetria<br>4.2. Navigatsioonisatelliitidel p\u00f5hinev positsioneerimine<br>4.2.1. Positsioneerimise t\u00f6\u00f6p\u00f5him\u00f5te ja t\u00e4psus<br>4.2.2. Navigatsioonisatelliitide s\u00fcsteemid<br>4.2.2.1. GPS<br>4.2.2.2. GALILEO<br>4.2.2.3. Teised s\u00fcsteemid<br>4.3. Maa tasapinnalised mudelid<br>4.3.1. Kaardiprojektsioonid<br>4.3.1.1. Projitseerimisviisid ja projektsiooni omadused<br>4.3.1.2. Kaardiprojektsiooni liigid<br>4.3.1.3. Kaardiprojektsiooni valikup\u00f5him\u00f5tted<br>4.3.2. Ristkoordinaatide s\u00fcsteemid<br>4.4. Alusv\u00f5rgud<br>4.4.1. Geodeetilised p\u00f5hiv\u00f5rgud<br>4.4.2. Kaardiv\u00f5rgud, kaardijagu ja -nomenklatuur<br>4.5. Kokkuv\u00f5te\r\n<\/p>\r\n\r\n<h3>\r\n\t5. Arvutusgeomeetria ruumiandmete geomeetria alusena\r\n<\/h3>\r\n\r\n<p class=\"s3\">\r\n\tJ\u00fcri Roosaare\r\n<\/p>\r\n\r\n<p>\r\n\t5.1. Arvutusgeomeetria<br>5.1.1. Algoritmid ja nende efektiivsus<br>5.1.2. Arvutusgeomeetria t\u00fc\u00fcp\u00fclesandeid \u2013 m\u00f5ned n\u00e4ited<br>5.1.2.1. Geomeetriline otsing<br>5.1.2.2. Kumera katte konstrueerimine<br>5.1.2.3. L\u00e4hima naabri leidmine<br>5.2. Operatsioonid joontega<br>5.2.1. Joonte l\u00f5ikumine<br>5.2.2. Joonte esitusviisid<br>5.2.3. Joonte lihtsustamine ja silumine<br>5.3. Operatsioonid punktide ja pol\u00fcgoonidega<br>5.3.1. Punkt pol\u00fcgoonis<br>5.3.2. Punkti asukoht<br>5.3.3. Pol\u00fcgoonide pindala<br>5.3.4. Pol\u00fcgooni tsentroidid ja skelettjooned<br>5.4. Tesselatsioonid<br>5.4.1. Thiesseni pol\u00fcgoonid<br>5.4.2. Delaunay triangulatsioon<br>5.5. Fraktalid<br>5.6. Kokkuv\u00f5te\r\n<\/p>\r\n\r\n<h2 class=\"s2\">\r\n\tII. RUUMIANDMED\r\n<\/h2>\r\n\r\n<h3>\r\n\t6. Ruumiandmed ja -andmestikud\r\n<\/h3>\r\n\r\n<p class=\"s3\">\r\n\tJ\u00fcri Roosaare, Kiira M\u00f5isja\r\n<\/p>\r\n\r\n<p>\r\n\t6.1. Metaandmed<br>6.2. Vektorandmed<br>6.2.1. Vektorandmete geomeetriat\u00fc\u00fcbid<br>6.2.2. Vektorandmete atribuudid<br>6.2.2.1. Aeg ruumiandmete atribuudina<br>6.2.3. Vektorandmete topoloogia<br>6.2.4. Vektorandmete vormingud<br>6.3. Rasterandmed<br>6.3.1. Rasterandmete topoloogia<br>6.3.2. Rasterandmete vormingud<br>6.3.2.1. Andmetihendus<br>6.3.2.2. V\u00e4rvis\u00fcsteemid, -paletid ja -kanalid<br>6.4. Ruumiandmestikud<br>6.4.1. Mosaiikandmed<br>6.4.2. Reljeefiandmed<br>6.4.3. V\u00f5rgustikandmed<br>6.4.4. Aegruumilised read<br>6.4.5. Ruumiandmebaasid<br>6.4.6. Ruumiandmekogud<br>6.5. Kokkuv\u00f5te\r\n<\/p>\r\n\r\n<h3>\r\n\t7. Ruumiandmete mudelid\r\n<\/h3>\r\n\r\n<p class=\"s3\">\r\n\tKiira M\u00f5isja\r\n<\/p>\r\n\r\n<p>\r\n\t7.1. Eesm\u00e4rk, m\u00f5\u00f5tkava ja ruumikontseptsioon<br>7.2. Reaalsusmudel<br>7.3. Andmemudel<br>7.3.1. Objektiklassi geomeetriat\u00fc\u00fcp<br>7.3.2. Atribuutide tabeli struktuur<br>7.3.3. Topoloogiareeglid<br>7.3.3.1. Ruumiobjektide paiknemissuhted<br>7.3.3.2. Geomeetriareeglid<br>7.3.3.3. Loogilised reeglid<br>7.3.3.4. Tolerants ja kaalud<br>7.3.3.5. Digimisjuhendid<br>7.4. Esitusmudel<br>7.5. Mudelitevahelised seosed<br>7.6. Kokkuv\u00f5te\r\n<\/p>\r\n\r\n<h3>\r\n\t8. Ruumiandmete h\u00f5ive\r\n<\/h3>\r\n\r\n<p class=\"s3\">\r\n\tKiira M\u00f5isja, Raivo Aunap, T\u00f5nu Oja, J\u00fcri Roosaare, Edgar Sepp\r\n<\/p>\r\n\r\n<p>\r\n\t8.1. Andmeh\u00f5iveprotsess<br>8.2. Esmane andmeh\u00f5ive<br>8.2.1. Instrumentaalne m\u00f5\u00f5distamine<br>8.2.1.1. Nivelleerimine<br>8.2.1.2. Joonpikkuste m\u00f5\u00f5tmine<br>8.2.1.3. Nurgam\u00f5\u00f5duinstrumendid<br>8.2.1.4. Tahh\u00fcmeetria<br>8.2.1.5. M\u00f5\u00f5distusviisid<br>8.2.1.6. M\u00f5\u00f5distusp\u00f5hise loomine<br>8.2.1.7. M\u00f5\u00f5distamine absoluutsetes koordinaatides<br>8.2.2. Kaugseire<br>8.2.2.1. Kaugseire f\u00fc\u00fcsikaline alus<br>8.2.2.2. Aktiiv- ja passiivs\u00fcsteemid<br>8.2.2.3. Kaugseireandmete parameetrid<br>8.2.3. Fotogramm-meetria<br>8.2.3.1. Fotogramm-meetria teke, areng ja liigitumine<br>8.2.3.2. Klassikalise fotogramm-meetria p\u00f5hiprintsiibid<br>8.2.3.3. Aerofotode koordinaats\u00fcsteemid<br>8.2.3.4. Aerofotode orienteerimiselemendid ja m\u00f5\u00f5tkava<br>8.2.3.5. Aerofotode esmat\u00f6\u00f6tlus ja kasutamine<br>8.2.3.6. Stereofotogramm-meetria<br>8.2.3.7. Droonifotogramm-meetria erip\u00e4rad<br>8.3. Teisene andmeh\u00f5ive<br>8.3.1. Skaneerimine<br>8.3.2. Digimine<br>8.3.3. Rasterdamine ja vektordamine<br>8.4. Asukohaga sidumine<br>8.4.1. Koordinaatimine ja koolutamine<br>8.4.2. Geokodeerimine<br>8.4.3. Joonosundamine<br>8.5. Ruumiline indekseerimine<br>8.5.1. Pinna k\u00f5iki punkte l\u00e4biv joon<br>8.5.2. Rastrip\u00f5hised ruumi-indeksid<br>8.5.3. Kvadropuud<br>8.5.4. R-puud<br>8.6. Kokkuv\u00f5te\r\n<\/p>\r\n\r\n<h3>\r\n\t9. Ruumiandmete haldamine ja levitamine\r\n<\/h3>\r\n\r\n<p class=\"s3\">\r\n\tJ\u00fcri Roosaare, Kiira M\u00f5isja\r\n<\/p>\r\n\r\n<p>\r\n\t9.1. Ruumiandmekogude haldamise p\u00f5him\u00f5tted<br>9.2. Ruumiandmete kaasajastamine ja korrashoid<br>9.3. Ruumiandmete levitamine<br>9.3.1. Kes ja milleks vajavad ruumiandmeid<br>9.3.2. Ruumiandmeteenused<br>9.3.2.1. WMS<br>9.3.2.2. WFS<br>9.4. Kokkuv\u00f5te\r\n<\/p>\r\n\r\n<h3>\r\n\t10. Ruumiandmete kvaliteet\r\n<\/h3>\r\n\r\n<p class=\"s3\">\r\n\tKiira M\u00f5isja\r\n<\/p>\r\n\r\n<p>\r\n\t10.1. Ebam\u00e4\u00e4rasus ruumiandmetes<br>10.1.1. Hajusus ja mitmet\u00e4henduslikkus<br>10.1.2. Vigasus<br>10.1.3. Aeg ja ebam\u00e4\u00e4rasus<br>10.1.4. Andmeanal\u00fc\u00fcs ja ebam\u00e4\u00e4rasus<br>10.2. Ruumiandmete kvaliteedi m\u00f5iste<br>10.2.1. Mis on kvaliteet?<br>10.2.2. Ruumiandmete kvaliteet<br>10.3. Ruumiandmete kvaliteedi hindamine<br>10.4. Ruumiandmete kvaliteedielemendid ja -n\u00e4itajad<br>10.4.1. Vektorandmete kvaliteedielemendid<br>10.4.1.1. T\u00e4ielikkus<br>10.4.1.2. Temaatiline \u00f5igsus<br>10.4.1.3. Loogiline koosk\u00f5la<br>10.4.1.4. Asukohat\u00e4psus<br>10.4.1.5. Ajakohasus<br>10.4.1.6. Kasutatavus<br>10.4.2. Rasterandmete kvaliteedielemendid<br>10.4.2.1. Geomeetrilised kvaliteedielemendid<br>10.4.2.2. Radiomeetrilised kvaliteedielemendid<br>10.4.3. Kvaliteedin\u00e4itajad<br>10.5. Ruumiandmete kvaliteedi hindamise meetodid<br>10.6. Kokkuv\u00f5te\r\n<\/p>\r\n\r\n<h2 class=\"s2\">\r\n\tIII. RUUMIANDMETE ANAL\u00dc\u00dcS\r\n<\/h2>\r\n\r\n<h3>\r\n\t11. Ruumiandmete p\u00e4ringud ja ruumilised p\u00e4ringud\r\n<\/h3>\r\n\r\n<p class=\"s3\">\r\n\tJ\u00fcri Roosaare\r\n<\/p>\r\n\r\n<p>\r\n\t11.1. Kursor- ja atribuutp\u00e4ringud<br>11.2. Asendip\u00e4ringud 357<br>11.2.1. Kaugus asendi parameetrina<br>11.2.2. Asendip\u00e4ringud SQLis<br>11.3. Teekonnap\u00e4ringud<br>11.4. Kokkuv\u00f5te\r\n<\/p>\r\n\r\n<h3>\r\n\t12. Kartomeetria\r\n<\/h3>\r\n\r\n<p class=\"s3\">\r\n\tJ\u00fcri Roosaare\r\n<\/p>\r\n\r\n<p>\r\n\t12.1. Kujuindeksid<br>12.2. Kompositsiooni- ja tekstuuri-indeksid<br>12.2.1. M\u00e4\u00e4ramatusel p\u00f5hinevad m\u00f5\u00f5dud<br>12.2.2. Naabrusindeksid<br>12.3. M\u00f5\u00f5tude normeerimine ja s\u00fcntees<br>12.4. Kokkuv\u00f5te: kartomeetria v\u00f5imalused ja piirangud\r\n<\/p>\r\n\r\n<h3>\r\n\t13. \u00dclekatteoperatsioonid\r\n<\/h3>\r\n\r\n<p class=\"s3\">\r\n\tJ\u00fcri Roosaare\r\n<\/p>\r\n\r\n<p>\r\n\t13.1. Vektorkihtide \u00fclekatted<br>13.1.1. Ebapol\u00fcgoonid ja nende eemaldamine<br>13.1.2. \u00dclekatete atribuudid<br>13.2. Rasterkihtide \u00fclekatted<br>13.3. Loogilised kihid ja tehted nendega<br>13.4. H\u00e4gusloogilised \u00fclekatted<br>13.5. Kokkuv\u00f5te\r\n<\/p>\r\n\r\n<h3>\r\n\t14. Kartograafiline modelleerimine\r\n<\/h3>\r\n\r\n<p class=\"s3\">\r\n\tJ\u00fcri Roosaare\r\n<\/p>\r\n\r\n<p>\r\n\t14.1. Kaardialgebrast graafiliste modelleerimiskeskkondadeni<br>14.1.1. \u00dcmberklassifitseerimine<br>14.2. Fokaaloperaatorid<br>14.2.1. Filtrid<br>14.2.2. Kontekstoperaatorid<br>14.2.2.1. N\u00f5lvakalle<br>14.2.2.2. N\u00f5lva ekspositsioon<br>14.2.2.3. Pinna struktuursed koostisosad<br>14.3. Tsonaaloperaatorid<br>14.4. Globaaloperaatorid<br>14.4.1. Maksumuslik kaugus<br>14.5. Kokkuv\u00f5te\r\n<\/p>\r\n\r\n<h3>\r\n\t15. Ruumiandmete statistiline anal\u00fc\u00fcs\r\n<\/h3>\r\n\r\n<p class=\"s3\">\r\n\tJ\u00fcri Roosaare\r\n<\/p>\r\n\r\n<p>\r\n\t15.1. Geostatistika ja selle l\u00e4htealused<br>15.2. Ruumiline autokorrelatsioon<br>15.3. Variograafia<br>15.3.1. Fraktaalse dimensiooni m\u00e4\u00e4ramine<br>15.4. Kokkuv\u00f5te\r\n<\/p>\r\n\r\n<h3>\r\n\t16. Ruumiline interpoleerimine\r\n<\/h3>\r\n\r\n<p class=\"s3\">\r\n\tJ\u00fcri Roosaare\r\n<\/p>\r\n\r\n<p>\r\n\t16.1. Trendpinnad ja nende anal\u00fc\u00fcs<br>16.1.1. Pol\u00fcnoomid<br>16.1.2. Fourier\u2019 read<br>16.2. Punktandmete interpoleerimine<br>16.2.1. Millised naabrid ja milliste kaaludega?<br>16.2.2. Kriging<br>16.3. Areaalide interpoleerimine<br>16.4. Kokkuv\u00f5te: interpoleerimisv\u00f5tete v\u00f5imalused ja piirangud\r\n<\/p>\r\n\r\n<h3>\r\n\t17. Punktmustrite anal\u00fc\u00fcs\r\n<\/h3>\r\n\r\n<p class=\"s3\">\r\n\tJ\u00fcri Roosaare\r\n<\/p>\r\n\r\n<p>\r\n\t17.1. Punktmustrite t\u00fc\u00fcbid ja nende m\u00e4\u00e4ramine<br>17.1.1. Juhuslik punktprotsess<br>17.1.2. Klastrilisus<br>17.1.2.1. Tuumalad ja koondumiskohad<br>17.1.2.2. Ruumilised protsessid<br>17.1.3. \u00dchtlustumine<br>17.1.3.1. Keskuskohtade teooria<br>17.2. Punktmustrite paiknemise n\u00e4itajad<br>17.3. Punktmustrite v\u00f5rdlemine<br>17.4. Punktmustrite genereerimine<br>17.5. Kokkuv\u00f5te\r\n<\/p>\r\n\r\n<h3>\r\n\t18. Seosed ruumiliste n\u00e4htuste vahel\r\n<\/h3>\r\n\r\n<p class=\"s3\">\r\n\tJ\u00fcri Roosaare\r\n<\/p>\r\n\r\n<p>\r\n\t18.1. Paiknemiskoosk\u00f5la kordajad<br>18.1.1. Kapa kordaja<br>18.1.2. Paiknemiskoosk\u00f5la komponentide m\u00e4\u00e4ramine<br>18.1.3. Infoanal\u00fc\u00fcs<br>18.2. Regressioonid<br>18.2.1. Logistiline regressioon<br>18.2.2. Geograafiliselt kaalutud regressioon<br>18.2.3. Maistup\u00f5hine regressioon<br>18.2.4. Ruumiline regressioon<br>18.3. Kokkuv\u00f5te\r\n<\/p>\r\n\r\n<h3>\r\n\t19. Ruumiline r\u00fchmitamine\r\n<\/h3>\r\n\r\n<p class=\"s3\">\r\n\tJ\u00fcri Roosaare\r\n<\/p>\r\n\r\n<p>\r\n\t19.1. Pikslip\u00f5hine n\u00e4idistega klassifitseerimine<br>19.2. Pikslip\u00f5hine klasteranal\u00fc\u00fcs<br>19.3. Ruumiline segmenteerimine<br>19.4. Kokkuv\u00f5te\r\n<\/p>\r\n\r\n<h3>\r\n\t20. Arvutusgeograafia rakendused\r\n<\/h3>\r\n\r\n<p class=\"s3\">\r\n\tJ\u00fcri Roosaare\r\n<\/p>\r\n\r\n<p>\r\n\t20.1. Aegruumiliste ridade anal\u00fc\u00fcs<br>20.1.1. Faktoranal\u00fc\u00fcs<br>20.1.2. Aegruumiliste ridade faktoranal\u00fc\u00fcs<br>20.2. Intellektitehnika kasutamine<br>20.2.1. Metaheuristilised algoritmid<br>20.2.1.1. Libal\u00f5\u00f5mutamine<br>20.2.1.2. Tabu otsing<br>20.2.2. Geneetilised algoritmid<br>20.2.3. Tehis\u00f5pe ja -n\u00e4rviv\u00f5rgud<br>20.2.3.1. SOM<br>20.3. Geosimulatsioonid<br>20.3.1. Rakk-automaadid<br>20.3.2. Agendip\u00f5hised mudelid<br>20.3.2.1. Sipelgakoloonia optimeerimine<br>20.3.3. Maastikumatkurid<br>20.4. Kokkuv\u00f5te\r\n<\/p>\r\n\r\n<h2 class=\"s2\">\r\n\tIV. KOHATEABE ESITAMINE\r\n<\/h2>\r\n\r\n<h3>\r\n\t21. Kaart kui ruumiandmete p\u00f5hiline esitusviis\r\n<\/h3>\r\n\r\n<p class=\"s3\">\r\n\tKiira M\u00f5isja\r\n<\/p>\r\n\r\n<p>\r\n\t21.1. Kaardi m\u00f5iste<br>21.1.1. Kartograafiline kujutis<br>21.1.2. Kaardi komponendid<br>21.1.3. Kaardi \u00fclesanded<br>21.1.4. Arvutite m\u00f5ju kaartidele<br>21.2. Kaartide liigid<br>21.1. Kokkuv\u00f5te\r\n<\/p>\r\n\r\n<h3>\r\n\t22. Kartograafiline \u00fcldistamine\r\n<\/h3>\r\n\r\n<p class=\"s3\">\r\n\tKiira M\u00f5isja\r\n<\/p>\r\n\r\n<p>\r\n\t22.1. Mis on kartograafiline \u00fcldistamine?<br>22.1.1. \u00dcldistamise m\u00f5iste areng<br>22.1.2. \u00dcldistamise automatiseerimine<br>22.1.3. \u00dcldistamise kontseptuaalmudelid<br>22.1.3.1. McMasteri ja Shea kontseptuaalmudel<br>22.1.3.2. Gr\u00fcnreichi ja Kilpel\u00e4ise mudelid<br>22.2. \u00dcldistamise liigid<br>22.2.1. Eesm\u00e4rgiline \u00fcldistamine<br>22.2.2. Ruumispetsiifiline \u00fcldistamine<br>22.2.3. Informaatiline \u00fcldistamine<br>22.2.4. Kujutusviisiline \u00fcldistamine<br>22.2.5. Graafiline \u00fcldistamine<br>22.3. \u00dcldistamise meetodid<br>22.3.1. S\u00f5rendamine<br>22.3.2. Klassifitseerimine<br>22.3.3. Geomeetriline \u00fcldistamine<br>22.3.3.1. Lihtsustamine ja silumine<br>22.3.3.2. Liitmine<br>22.3.3.3. Nihutamine<br>22.3.3.4. Liialdamine ja r\u00f5hutamine<br>22.3.4. Geomeetriat\u00fc\u00fcbi muutmine<br>22.4. Rasterandmete \u00fcldistamine<br>22.5. Kokkuv\u00f5te\r\n<\/p>\r\n\r\n<h3>\r\n\t23. Kaardi kujundamine\r\n<\/h3>\r\n\r\n<p class=\"s3\">\r\n\tKiira M\u00f5isja\r\n<\/p>\r\n\r\n<p>\r\n\t23.1. Kaardi kompositsioon<br>23.2. Kaardiv\u00e4lja kujundamine<br>23.2.1. Leppem\u00e4rkide s\u00fcsteem<br>23.2.1.1. M\u00e4rkide liigid<br>23.2.1.2. Visuaalsed muutujad<br>23.2.1.3. N\u00f5uded m\u00e4rkidele ja m\u00e4rgis\u00fcsteemile<br>23.2.1.4. M\u00e4rkide suurused<br>23.2.2. Kaardikirjad<br>23.2.2.1. Kaardikirjade m\u00f5iste ja liigid<br>23.2.2.2. Kohanimed<br>23.2.2.3. Kaardiv\u00e4ljakirjade \u00fclesanded<br>23.2.2.4. Kaardikirjade visuaalsed muutujad<br>23.2.2.5. Kaardikirjade paigutus<br>23.2.3. V\u00e4rvid ja mustrid<br>23.2.3.1. V\u00e4rvis\u00fcntees ja v\u00e4rvimudelid<br>23.2.3.2. V\u00e4rvis\u00fcstemaatika ja v\u00e4rvis\u00fcsteemid<br>23.2.3.3. V\u00e4rvikombinatoorika<br>23.2.3.4. Mustrite liigid ja kasutus<br>23.3. Kaardi legend ja kaarditoode<br>23.4. Kokkuv\u00f5te\r\n<\/p>\r\n\r\n<h3>\r\n\t24. N\u00e4htuste kujutusviisid\r\n<\/h3>\r\n\r\n<p class=\"s3\">\r\n\tKiira M\u00f5isja, Raivo Aunap\r\n<\/p>\r\n\r\n<p>\r\n\t24.1. Punktleppem\u00e4rkidel p\u00f5hinevad kujutusviisid<br>24.2. Joonleppem\u00e4rkidel p\u00f5hinevad kujutusviisid<br>24.3. Pindleppem\u00e4rkidel p\u00f5hinevad kujutusviisid<br>24.4. Horeemid<br>24.5. Kokkuv\u00f5te\r\n<\/p>\r\n\r\n<h3>\r\n\t25. Kaardi tootmine\r\n<\/h3>\r\n\r\n<p class=\"s3\">\r\n\tKiira M\u00f5isja\r\n<\/p>\r\n\r\n<p>\r\n\t25.1. Kaardi valmimise protsess<br>25.1.1. Kaardi projekteerimine<br>25.1.2. Kaardi koostamine ja kujundamine<br>25.1.3. Paljundamine<br>25.2. Kaardi koostamise tehnoloogiad\r\n<\/p>\r\n\r\n<h2 class=\"s2\">\r\n\tV. KOHATEABE KASUTAMINE\r\n<\/h2>\r\n\r\n<h3>\r\n\t26. Kohateabe kasutusvaldkonnad \u2013 \u00fclevaade\r\n<\/h3>\r\n\r\n<p class=\"s3\">\r\n\tJ\u00fcri Roosaare\r\n<\/p>\r\n\r\n<p>\r\n\t26.1. Kohateabe rakendussuunad<br>26.2. Kohateabe-alane \u00e4rimaastik<br>26.3. Kokkuv\u00f5te\r\n<\/p>\r\n\r\n<h3>\r\n\t27. L\u00e4biv n\u00e4ide I: reljeefi modelleerimine\r\n<\/h3>\r\n\r\n<p class=\"s3\">\r\n\tJ\u00fcri Roosaare\r\n<\/p>\r\n\r\n<p>\r\n\t27.1. Numbrilise k\u00f5rgusmudeli erinevad esitusviisid<br>27.1.1. TIN pinna mudelina<br>27.2. Reljeefimudelite loomine<br>27.2.1. Triangulatsioonipunktide valik<br>27.2.1.1. Fowleri\u2013Little\u2019i algoritm<br>27.2.1.2. VIP-algoritm<br>27.2.1.3. K\u00f5rvalej\u00e4tmise heuristika<br>27.2.1.4. Sammsammuline t\u00e4psustamine<br>27.2.2. Triangulatsioon<br>27.2.2.1. Murdejoonte lisamine<br>27.2.2.2. Samajoonte triangulatsioon<br>27.2.3. TIN-mudeli teisendused<br>27.2.4. K\u00f5rgusmudeli loomise komplekssed meetodid<br>27.3. Reljeefimudelite kasutamine<br>27.4. Reljeefimudelite t\u00e4psus<br>27.5. Reljeefi kujutamise viisid<br>27.6. Kokkuv\u00f5te\r\n<\/p>\r\n\r\n<h3>\r\n\t28. L\u00e4biv n\u00e4ide II: h\u00fcdroloogiline modelleerimine\r\n<\/h3>\r\n\r\n<p class=\"s3\">\r\n\tJ\u00fcri Roosaare\r\n<\/p>\r\n\r\n<p>\r\n\t28.1. Valglap\u00f5hise modelleerimise p\u00f5him\u00f5tted<br>28.2. GIS h\u00fcdroloogilisel modelleerimisel<br>28.2.1. K\u00f5rgusmudelil p\u00f5hinev eelt\u00f6\u00f6tlus<br>28.2.2. Muude ruumiandmete eelt\u00f6\u00f6tlus<br>28.2.3. J\u00e4relt\u00f6\u00f6tlus<br>28.3. Kokkuv\u00f5te\r\n<\/p>\r\n\r\n<h3>\r\n\t29. L\u00e4biv n\u00e4ide III: rahvastiku paiknemine\r\n<\/h3>\r\n\r\n<p class=\"s3\">\r\n\tJ\u00fcri Roosaare\r\n<\/p>\r\n\r\n<p>\r\n\t29.1. Inimeste liikumisi kajastavad andmed<br>29.1.1. Suurandmete kasutamine<br>29.1.1.1. Passiivne mobiilpositsioneerimine<br>29.2. Rahvastikukaartidest reaalajas j\u00e4lgimiseni<br>29.3. Kokkuv\u00f5te\r\n<\/p>\r\n\r\n<h2 class=\"s2\">\r\n\tVI. GEOINFORMAATIKA SOTSIAALSED ASPEKTID\r\n<\/h2>\r\n\r\n<h3>\r\n\t30. Info\u00fchiskond ja kohateave\r\n<\/h3>\r\n\r\n<p class=\"s3\">\r\n\tJ\u00fcri Roosaare, Kiira M\u00f5isja\r\n<\/p>\r\n\r\n<p>\r\n\t30.1. Geomeedia t\u00e4nap\u00e4eva maailmas<br>30.1.1. <i>Digital Earth<\/i><br>30.2. Kaartide sotsiaalne roll<br>30.3. Ruumiline teadlikkus, m\u00f5tlemine, identiteet ja sotsialiseerumine<br>30.4. Kokkuv\u00f5te: geomeedia v\u00f5imalused ja v\u00e4ljakutsed\r\n<\/p>\r\n\r\n<h3>\r\n\t31. Ruumiandmete juriidilised aspektid\r\n<\/h3>\r\n\r\n<p class=\"s3\">\r\n\tJ\u00fcri Roosaare\r\n<\/p>\r\n\r\n<p>\r\n\t31.1. Kohateabega seotud \u00f5igusaktid<br>31.2. Kohateabe kasutamise eetilised k\u00fcljed<br>31.3. Kokkuv\u00f5te\r\n<\/p>\r\n\r\n<h3>\r\n\t32. Ruumiandmete taristud\r\n<\/h3>\r\n\r\n<p class=\"s3\">\r\n\tJ\u00fcri Roosaare, Kiira M\u00f5isja\r\n<\/p>\r\n\r\n<p>\r\n\t32.1. Riiklikud ruumiandmete taristud<br>32.2. Globaalsed ja regionaalsed ruumiandmete taristud<br>32.2.1. INSPIRE<br>32.3. Ruumiandmete korraldus Eestis<br>32.4. Kokkuv\u00f5te\r\n<\/p>\r\n\r\n<h3>\r\n\t33. Ruumilised otsustused ehk GIS maailma muutmas\r\n<\/h3>\r\n\r\n<p class=\"s3\">\r\n\tJ\u00fcri Roosaare\r\n<\/p>\r\n\r\n<p>\r\n\t33.1. Otsustuste infotehnoloogiline tugi<br>33.1.1. Teadmuss\u00fcsteemid<br>33.1.1.1. Teadmusbaas<br>33.1.1.2. J\u00e4reldusmasin<br>33.1.1.3. Teadmuss\u00fcsteemi loomine ja haldamine<br>33.2. Operatsioonianal\u00fc\u00fcs<br>33.2.1. Lineaarne planeerimine<br>33.2.1.1. Duaalsed \u00fclesanded<br>33.2.1.2. Transpordi\u00fclesanded<br>33.2.1.3. Maakasutus\u00fclesanded<br>33.2.1.4. Kooliv\u00f5rgu korrastamine<br>33.3. Otsustuskriteeriumid ja nende s\u00fcntees<br>33.4. Otsustuste strateegia ja mitmesihilised otsustused<br>33.4.1. Konfliktid ja nende lahendamise strateegia<br>33.4.2. Ruumilised kriteeriumid<br>33.5. Ruumilisi otsustusi toetavad s\u00fcsteemid praktikas<br>33.6. Kokkuv\u00f5te\r\n<\/p>\r\n\r\n<h3>\r\n\tViidatud kirjandus\r\n<\/h3>\r\n\r\n<h3>\r\n\tJooniste autorid ja allikmaterjalid\r\n<\/h3>\r\n\r\n<h3>\r\n\tM\u00f5isted eesti keeles\r\n<\/h3>\r\n\r\n<h3>\r\n\tM\u00f5isted inglise keeles\r\n<\/h3>\r\n\r\n<h3>\r\n\tKasutatud l\u00fchendid\r\n<\/h3>\r\n<br><div class=\"wp-block-group attached-files-group is-layout-constrained wp-block-group-is-layout-constrained\"><div class=\"wp-block-file\"><a href=\"https:\/\/sisu.ut.ee\/wp-content\/uploads\/sites\/349\/sisukord_5_16.pdf\" target=\"_blank\" rel=\"noreferrer noopener\">sisukord_5_16.pdf<\/a><\/div><\/div>","protected":false},"excerpt":{"rendered":"<p>Sissejuhatus. Mida \u00f5petab k\u00e4esolev raamat ja kuidas seda kasutada (PDF) I. ALUSTEADMISED 1. L\u00fchike jalutusk\u00e4ik l\u00e4bi ainevalla J\u00fcri Roosaare, Kiira M\u00f5isja 1.1. Kaartidest geomeediani1.1.1. Esimestest kaartidest digitaalkartograafiani1.1.2. GIS \u2013 teke ja areng1.2. Geoinformaatika teke ja areng Eestis1.2.1. Kartograafia areng Eestis1.2.2. &#8230;<\/p>\n","protected":false},"author":82,"featured_media":0,"parent":0,"menu_order":0,"comment_status":"closed","ping_status":"closed","template":"","meta":{"_acf_changed":false,"inline_featured_image":false,"footnotes":""},"class_list":["post-6","page","type-page","status-publish","hentry"],"acf":[],"_links":{"self":[{"href":"https:\/\/sisu.ut.ee\/geoinformaatika\/wp-json\/wp\/v2\/pages\/6","targetHints":{"allow":["GET"]}}],"collection":[{"href":"https:\/\/sisu.ut.ee\/geoinformaatika\/wp-json\/wp\/v2\/pages"}],"about":[{"href":"https:\/\/sisu.ut.ee\/geoinformaatika\/wp-json\/wp\/v2\/types\/page"}],"author":[{"embeddable":true,"href":"https:\/\/sisu.ut.ee\/geoinformaatika\/wp-json\/wp\/v2\/users\/82"}],"replies":[{"embeddable":true,"href":"https:\/\/sisu.ut.ee\/geoinformaatika\/wp-json\/wp\/v2\/comments?post=6"}],"version-history":[{"count":2,"href":"https:\/\/sisu.ut.ee\/geoinformaatika\/wp-json\/wp\/v2\/pages\/6\/revisions"}],"predecessor-version":[{"id":35,"href":"https:\/\/sisu.ut.ee\/geoinformaatika\/wp-json\/wp\/v2\/pages\/6\/revisions\/35"}],"wp:attachment":[{"href":"https:\/\/sisu.ut.ee\/geoinformaatika\/wp-json\/wp\/v2\/media?parent=6"}],"curies":[{"name":"wp","href":"https:\/\/api.w.org\/{rel}","templated":true}]}}