{"id":3,"date":"2024-04-04T05:54:33","date_gmt":"2024-04-04T02:54:33","guid":{"rendered":"https:\/\/sisu.ut.ee\/genmed\/avaleht\/"},"modified":"2025-04-10T08:42:20","modified_gmt":"2025-04-10T05:42:20","slug":"avaleht","status":"publish","type":"page","link":"https:\/\/sisu.ut.ee\/genmed\/","title":{"rendered":"Personaalmeditsiini ja terviseinformaatika keskus"},"content":{"rendered":"<h2>GenMed projekt \u2013 IT infrastruktuuri loomine personaalmeditsiini riigi\u00fcleseks rakendamiseks<\/h2>\n<p><img loading=\"lazy\" decoding=\"async\" width=\"2560\" height=\"1482\" class=\"alignnone wp-image-14\" style=\"width: 173px; height: 100px; float: right;\" title=\"erf_logo.jpg\" src=\"https:\/\/sisu.ut.ee\/wp-content\/uploads\/sites\/422\/erf_logo-scaled.jpg\" alt=\"ERF\" srcset=\"https:\/\/sisu.ut.ee\/wp-content\/uploads\/sites\/422\/erf_logo-scaled.jpg 2560w, https:\/\/sisu.ut.ee\/wp-content\/uploads\/sites\/422\/erf_logo-300x174.jpg 300w, https:\/\/sisu.ut.ee\/wp-content\/uploads\/sites\/422\/erf_logo-1024x593.jpg 1024w, https:\/\/sisu.ut.ee\/wp-content\/uploads\/sites\/422\/erf_logo-768x444.jpg 768w, https:\/\/sisu.ut.ee\/wp-content\/uploads\/sites\/422\/erf_logo-1536x889.jpg 1536w, https:\/\/sisu.ut.ee\/wp-content\/uploads\/sites\/422\/erf_logo-2048x1185.jpg 2048w, https:\/\/sisu.ut.ee\/wp-content\/uploads\/sites\/422\/erf_logo-1920x1111.jpg 1920w\" sizes=\"auto, (max-width: 2560px) 100vw, 2560px\">GenMed projekti eesm\u00e4rk on luua Eestis vajalik <strong>IT infrastruktuur, et rakendada personaalmeditsiini p\u00f5him\u00f5tteid\u00a0kliinilises praktikas<\/strong>. Teisis\u00f5nu \u2013 et personaalmeditsiin j\u00f5uaks iga\u00fcheni\u00a0ning sellest saaksid kasu k\u00f5ik Eesti inimesed. Projekti k\u00e4igus juurutatakse riikliku e-tervise s\u00fcsteemi osana farmakogeneetika ja pol\u00fcgeensete riskiskooride lahendused, mille tulemusel kuvatakse arstile retsepti v\u00e4ljakirjutamisel patsiendi DNA-st tulenevaid ravimikoguse\u00a0soovitusi, samuti\u00a0diabeeti\u00a0ning s\u00fcdamehaigustesse haigestumuse\u00a0p\u00e4rilikku riski.<\/p>\n<table class=\"table table-hover\" border=\"0\" cellspacing=\"0\" cellpadding=\"5\" align=\"center\">\n<tbody>\n<tr>\n<td><img loading=\"lazy\" decoding=\"async\" width=\"400\" height=\"279\" class=\"alignnone wp-image-5\" title=\"icpermed.jpg\" src=\"https:\/\/sisu.ut.ee\/wp-content\/uploads\/sites\/422\/icpermed.jpg\" alt=\"Alt\" srcset=\"https:\/\/sisu.ut.ee\/wp-content\/uploads\/sites\/422\/icpermed.jpg 400w, https:\/\/sisu.ut.ee\/wp-content\/uploads\/sites\/422\/icpermed-300x209.jpg 300w\" sizes=\"auto, (max-width: 400px) 100vw, 400px\"><\/td>\n<td><strong>Farmakogeneetiliste soovituste algoritm<\/strong>\u00a0p\u00f5hineb Tartu \u00dclikooli teadust\u00f6\u00f6l, mis valiti Rahvusvahelise\u00a0Personaalmeditsiini Konsortsiumi (ICPerMed) poolt 2019. a parimaks\u00a0personaalmeditsiini praktikaks. Algoritm anal\u00fc\u00fcsib patsiendi geeniandmeid ja juhul kui patsiendil on m\u00f5ni ravim, mille puhul tuleks ravimi kogust muuta, annab sellest arstile teada.<\/td>\n<\/tr>\n<tr>\n<td><img loading=\"lazy\" decoding=\"async\" width=\"400\" height=\"288\" class=\"alignnone wp-image-6\" title=\"prs.jpg\" src=\"https:\/\/sisu.ut.ee\/wp-content\/uploads\/sites\/422\/prs.jpg\" alt=\"Pol\u00fcgeense riskiskoori p\u00f5hjal antava tagasiside n\u00e4idis\" srcset=\"https:\/\/sisu.ut.ee\/wp-content\/uploads\/sites\/422\/prs.jpg 400w, https:\/\/sisu.ut.ee\/wp-content\/uploads\/sites\/422\/prs-300x216.jpg 300w\" sizes=\"auto, (max-width: 400px) 100vw, 400px\"><\/td>\n<td><strong>Pol\u00fcgeensed riskiskoorid<\/strong> anal\u00fc\u00fcsivad inimese kohta tema tuhandeid geneetilisi tunnuseid ja hindavad selle j\u00e4rgi inimese p\u00e4rilikku riski haigestuda kroonilistesse haigustesse. GenMed projektis v\u00f5etakse aluseks genoomika instituudis varasemalt v\u00e4lja t\u00f6\u00f6tatud II t\u00fc\u00fcpi diabeedi ja s\u00fcdame-veresoonkonnahaiguste riskiskoorid.<\/td>\n<\/tr>\n<\/tbody>\n<\/table>\n<h2>Millal<\/h2>\n<p>Projekt\u00a0kestab 2019-2022.<\/p>\n<h2>Kes teeb<\/h2>\n<p>Projekti IT-lahendust koordineerib ja viib ellu\u00a0<strong>Tartu \u00dclikooli personaalmeditsiini ja terviseinformaatika keskus<\/strong> (arvutiteaduse insitituut koos genoomika instituudiga). IT-lahenduse arendust juhib <strong>prof Jaak Vilo<\/strong>, meeskonnas osalevad oma ala tippteadlased ja -spetsialistid.\u00a0Kompetentse on arendatud koost\u00f6\u00f6s\u00a0Tartu \u00dclikooli bioinformaatika uurimisgrupiga <a title=\"\" href=\"https:\/\/biit.cs.ut.ee\/\" target=\"_blank\" rel=\"noopener\" data-url=\"https:\/\/biit.cs.ut.ee\/\">BIIT<\/a> ja andmeteaduse ettev\u00f5ttega <a title=\"\" href=\"https:\/\/www.stacc.ee\/\" target=\"_blank\" rel=\"noopener\" data-url=\"https:\/\/www.stacc.ee\/\">STACC<\/a>. Lisaks osalevad projektis Sotsiaalministeerium, Tervise Arengu Instituut, Eesti Haigekassa ja\u00a0Tervise ja Heaolu Infos\u00fcsteemide Keskus.<\/p>\n<p><img loading=\"lazy\" decoding=\"async\" width=\"2221\" height=\"904\" class=\"alignnone wp-image-9\" style=\"width: 246px; height: 100px;\" title=\"tartu_ylikool-kompaktlogo-est.png\" src=\"https:\/\/sisu.ut.ee\/wp-content\/uploads\/sites\/422\/tartu_ylikool-kompaktlogo-est.png\" alt=\"Tartu \u00dclikooli logo\" srcset=\"https:\/\/sisu.ut.ee\/wp-content\/uploads\/sites\/422\/tartu_ylikool-kompaktlogo-est.png 2221w, https:\/\/sisu.ut.ee\/wp-content\/uploads\/sites\/422\/tartu_ylikool-kompaktlogo-est-300x122.png 300w, https:\/\/sisu.ut.ee\/wp-content\/uploads\/sites\/422\/tartu_ylikool-kompaktlogo-est-1024x417.png 1024w, https:\/\/sisu.ut.ee\/wp-content\/uploads\/sites\/422\/tartu_ylikool-kompaktlogo-est-768x313.png 768w, https:\/\/sisu.ut.ee\/wp-content\/uploads\/sites\/422\/tartu_ylikool-kompaktlogo-est-1536x625.png 1536w, https:\/\/sisu.ut.ee\/wp-content\/uploads\/sites\/422\/tartu_ylikool-kompaktlogo-est-2048x834.png 2048w, https:\/\/sisu.ut.ee\/wp-content\/uploads\/sites\/422\/tartu_ylikool-kompaktlogo-est-1920x781.png 1920w\" sizes=\"auto, (max-width: 2221px) 100vw, 2221px\"> <img loading=\"lazy\" decoding=\"async\" width=\"5198\" height=\"1390\" class=\"alignnone wp-image-17\" style=\"width: 374px; height: 100px;\" title=\"ati_logo.png\" src=\"https:\/\/sisu.ut.ee\/wp-content\/uploads\/sites\/422\/ati_logo.png\" alt=\"ATI\" srcset=\"https:\/\/sisu.ut.ee\/wp-content\/uploads\/sites\/422\/ati_logo.png 5198w, https:\/\/sisu.ut.ee\/wp-content\/uploads\/sites\/422\/ati_logo-300x80.png 300w, https:\/\/sisu.ut.ee\/wp-content\/uploads\/sites\/422\/ati_logo-1024x274.png 1024w, https:\/\/sisu.ut.ee\/wp-content\/uploads\/sites\/422\/ati_logo-768x205.png 768w, https:\/\/sisu.ut.ee\/wp-content\/uploads\/sites\/422\/ati_logo-1536x411.png 1536w, https:\/\/sisu.ut.ee\/wp-content\/uploads\/sites\/422\/ati_logo-2048x548.png 2048w, https:\/\/sisu.ut.ee\/wp-content\/uploads\/sites\/422\/ati_logo-1920x513.png 1920w\" sizes=\"auto, (max-width: 5198px) 100vw, 5198px\"><img loading=\"lazy\" decoding=\"async\" width=\"1360\" height=\"280\" class=\"alignnone wp-image-20\" style=\"width: 291px; height: 60px; margin: 20px;\" title=\"personaalmed_est.png\" src=\"https:\/\/sisu.ut.ee\/wp-content\/uploads\/sites\/422\/personaalmed_est.png\" alt=\"personaalmed_est.png\" srcset=\"https:\/\/sisu.ut.ee\/wp-content\/uploads\/sites\/422\/personaalmed_est.png 1360w, https:\/\/sisu.ut.ee\/wp-content\/uploads\/sites\/422\/personaalmed_est-300x62.png 300w, https:\/\/sisu.ut.ee\/wp-content\/uploads\/sites\/422\/personaalmed_est-1024x211.png 1024w, https:\/\/sisu.ut.ee\/wp-content\/uploads\/sites\/422\/personaalmed_est-768x158.png 768w\" sizes=\"auto, (max-width: 1360px) 100vw, 1360px\"> <img loading=\"lazy\" decoding=\"async\" width=\"481\" height=\"173\" class=\"alignnone wp-image-12\" style=\"height: 60px; width: 167px;\" title=\"biit.png\" src=\"https:\/\/sisu.ut.ee\/wp-content\/uploads\/sites\/422\/biit.png\" alt=\"BIIT\" srcset=\"https:\/\/sisu.ut.ee\/wp-content\/uploads\/sites\/422\/biit.png 481w, https:\/\/sisu.ut.ee\/wp-content\/uploads\/sites\/422\/biit-300x108.png 300w\" sizes=\"auto, (max-width: 481px) 100vw, 481px\"> \u00a0<img loading=\"lazy\" decoding=\"async\" width=\"5198\" height=\"1390\" class=\"alignnone wp-image-21\" style=\"width: 374px; height: 100px;\" title=\"genoomika_instituut_est_sinine.png\" src=\"https:\/\/sisu.ut.ee\/wp-content\/uploads\/sites\/422\/genoomika_instituut_est_sinine.png\" alt=\"genoomika_instituut_est_sinine.png\" srcset=\"https:\/\/sisu.ut.ee\/wp-content\/uploads\/sites\/422\/genoomika_instituut_est_sinine.png 5198w, https:\/\/sisu.ut.ee\/wp-content\/uploads\/sites\/422\/genoomika_instituut_est_sinine-300x80.png 300w, https:\/\/sisu.ut.ee\/wp-content\/uploads\/sites\/422\/genoomika_instituut_est_sinine-1024x274.png 1024w, https:\/\/sisu.ut.ee\/wp-content\/uploads\/sites\/422\/genoomika_instituut_est_sinine-768x205.png 768w, https:\/\/sisu.ut.ee\/wp-content\/uploads\/sites\/422\/genoomika_instituut_est_sinine-1536x411.png 1536w, https:\/\/sisu.ut.ee\/wp-content\/uploads\/sites\/422\/genoomika_instituut_est_sinine-2048x548.png 2048w, https:\/\/sisu.ut.ee\/wp-content\/uploads\/sites\/422\/genoomika_instituut_est_sinine-1920x513.png 1920w\" sizes=\"auto, (max-width: 5198px) 100vw, 5198px\"><img loading=\"lazy\" decoding=\"async\" width=\"2014\" height=\"362\" class=\"alignnone wp-image-10\" style=\"width: 333px; height: 60px;\" title=\"tai_logo.png\" src=\"https:\/\/sisu.ut.ee\/wp-content\/uploads\/sites\/422\/tai_logo.png\" alt=\"Tervise Arengu Instituudi logo\" srcset=\"https:\/\/sisu.ut.ee\/wp-content\/uploads\/sites\/422\/tai_logo.png 2014w, https:\/\/sisu.ut.ee\/wp-content\/uploads\/sites\/422\/tai_logo-300x54.png 300w, https:\/\/sisu.ut.ee\/wp-content\/uploads\/sites\/422\/tai_logo-1024x184.png 1024w, https:\/\/sisu.ut.ee\/wp-content\/uploads\/sites\/422\/tai_logo-768x138.png 768w, https:\/\/sisu.ut.ee\/wp-content\/uploads\/sites\/422\/tai_logo-1536x276.png 1536w, https:\/\/sisu.ut.ee\/wp-content\/uploads\/sites\/422\/tai_logo-1920x345.png 1920w\" sizes=\"auto, (max-width: 2014px) 100vw, 2014px\"><img loading=\"lazy\" decoding=\"async\" width=\"3507\" height=\"1606\" class=\"alignnone wp-image-8\" style=\"width: 218px; height: 100px;\" title=\"tehik_logo.png\" src=\"https:\/\/sisu.ut.ee\/wp-content\/uploads\/sites\/422\/tehik_logo.png\" alt=\"TEHIK logo\" srcset=\"https:\/\/sisu.ut.ee\/wp-content\/uploads\/sites\/422\/tehik_logo.png 3507w, https:\/\/sisu.ut.ee\/wp-content\/uploads\/sites\/422\/tehik_logo-300x137.png 300w, https:\/\/sisu.ut.ee\/wp-content\/uploads\/sites\/422\/tehik_logo-1024x469.png 1024w, https:\/\/sisu.ut.ee\/wp-content\/uploads\/sites\/422\/tehik_logo-768x352.png 768w, https:\/\/sisu.ut.ee\/wp-content\/uploads\/sites\/422\/tehik_logo-1536x703.png 1536w, https:\/\/sisu.ut.ee\/wp-content\/uploads\/sites\/422\/tehik_logo-2048x938.png 2048w, https:\/\/sisu.ut.ee\/wp-content\/uploads\/sites\/422\/tehik_logo-1920x879.png 1920w\" sizes=\"auto, (max-width: 3507px) 100vw, 3507px\"><img loading=\"lazy\" decoding=\"async\" width=\"842\" height=\"320\" class=\"alignnone wp-image-11\" style=\"width: 263px; height: 100px;\" title=\"hk_logo_est.png\" src=\"https:\/\/sisu.ut.ee\/wp-content\/uploads\/sites\/422\/hk_logo_est.png\" alt=\"Eesti Haigekassa logo\" srcset=\"https:\/\/sisu.ut.ee\/wp-content\/uploads\/sites\/422\/hk_logo_est.png 842w, https:\/\/sisu.ut.ee\/wp-content\/uploads\/sites\/422\/hk_logo_est-300x114.png 300w, https:\/\/sisu.ut.ee\/wp-content\/uploads\/sites\/422\/hk_logo_est-768x292.png 768w\" sizes=\"auto, (max-width: 842px) 100vw, 842px\"> <img loading=\"lazy\" decoding=\"async\" width=\"577\" height=\"198\" class=\"alignnone wp-image-13\" style=\"width: 233px; height: 80px;\" title=\"stacc.png\" src=\"https:\/\/sisu.ut.ee\/wp-content\/uploads\/sites\/422\/stacc.png\" alt=\"STACC\" srcset=\"https:\/\/sisu.ut.ee\/wp-content\/uploads\/sites\/422\/stacc.png 577w, https:\/\/sisu.ut.ee\/wp-content\/uploads\/sites\/422\/stacc-300x103.png 300w\" sizes=\"auto, (max-width: 577px) 100vw, 577px\"><\/p>\n<h2>Pildid<\/h2>\n<p><img loading=\"lazy\" decoding=\"async\" width=\"1828\" height=\"1120\" class=\"alignnone wp-image-19\" title=\"genmed.jpg\" src=\"https:\/\/sisu.ut.ee\/wp-content\/uploads\/sites\/422\/genmed.jpg\" alt=\"GenMed 15.04.2019\" srcset=\"https:\/\/sisu.ut.ee\/wp-content\/uploads\/sites\/422\/genmed.jpg 1828w, https:\/\/sisu.ut.ee\/wp-content\/uploads\/sites\/422\/genmed-300x184.jpg 300w, https:\/\/sisu.ut.ee\/wp-content\/uploads\/sites\/422\/genmed-1024x627.jpg 1024w, https:\/\/sisu.ut.ee\/wp-content\/uploads\/sites\/422\/genmed-768x471.jpg 768w, https:\/\/sisu.ut.ee\/wp-content\/uploads\/sites\/422\/genmed-1536x941.jpg 1536w\" sizes=\"auto, (max-width: 1828px) 100vw, 1828px\"><\/p>\n<h2>Rahastab<\/h2>\n<p><img loading=\"lazy\" decoding=\"async\" width=\"1890\" height=\"756\" class=\"alignnone wp-image-7\" style=\"width: 250px; height: 100px;\" title=\"sotsmin_3lovi_est.png\" src=\"https:\/\/sisu.ut.ee\/wp-content\/uploads\/sites\/422\/sotsmin_3lovi_est.png\" alt=\"Sotsiaalministeeriumi logo\" srcset=\"https:\/\/sisu.ut.ee\/wp-content\/uploads\/sites\/422\/sotsmin_3lovi_est.png 1890w, https:\/\/sisu.ut.ee\/wp-content\/uploads\/sites\/422\/sotsmin_3lovi_est-300x120.png 300w, https:\/\/sisu.ut.ee\/wp-content\/uploads\/sites\/422\/sotsmin_3lovi_est-1024x410.png 1024w, https:\/\/sisu.ut.ee\/wp-content\/uploads\/sites\/422\/sotsmin_3lovi_est-768x307.png 768w, https:\/\/sisu.ut.ee\/wp-content\/uploads\/sites\/422\/sotsmin_3lovi_est-1536x614.png 1536w\" sizes=\"auto, (max-width: 1890px) 100vw, 1890px\"> <img loading=\"lazy\" decoding=\"async\" width=\"2560\" height=\"1482\" class=\"alignnone wp-image-14\" style=\"width: 173px; height: 100px;\" title=\"erf_logo.jpg\" src=\"https:\/\/sisu.ut.ee\/wp-content\/uploads\/sites\/422\/erf_logo-scaled.jpg\" alt=\"ERF\" srcset=\"https:\/\/sisu.ut.ee\/wp-content\/uploads\/sites\/422\/erf_logo-scaled.jpg 2560w, https:\/\/sisu.ut.ee\/wp-content\/uploads\/sites\/422\/erf_logo-300x174.jpg 300w, https:\/\/sisu.ut.ee\/wp-content\/uploads\/sites\/422\/erf_logo-1024x593.jpg 1024w, https:\/\/sisu.ut.ee\/wp-content\/uploads\/sites\/422\/erf_logo-768x444.jpg 768w, https:\/\/sisu.ut.ee\/wp-content\/uploads\/sites\/422\/erf_logo-1536x889.jpg 1536w, https:\/\/sisu.ut.ee\/wp-content\/uploads\/sites\/422\/erf_logo-2048x1185.jpg 2048w, https:\/\/sisu.ut.ee\/wp-content\/uploads\/sites\/422\/erf_logo-1920x1111.jpg 1920w\" sizes=\"auto, (max-width: 2560px) 100vw, 2560px\"><\/p>\n<h2>Kontaktandmed<\/h2>\n<table class=\"table table-hover\" border=\"0\" cellspacing=\"0\" cellpadding=\"5\" align=\"left\">\n<tbody>\n<tr>\n<td style=\"width: 320px\"><img loading=\"lazy\" decoding=\"async\" width=\"400\" height=\"400\" class=\"alignnone wp-image-15\" title=\"jaakvilo.jpg\" src=\"https:\/\/sisu.ut.ee\/wp-content\/uploads\/sites\/422\/jaakvilo.jpg\" alt=\"Jaak Vilo\" srcset=\"https:\/\/sisu.ut.ee\/wp-content\/uploads\/sites\/422\/jaakvilo.jpg 400w, https:\/\/sisu.ut.ee\/wp-content\/uploads\/sites\/422\/jaakvilo-300x300.jpg 300w, https:\/\/sisu.ut.ee\/wp-content\/uploads\/sites\/422\/jaakvilo-150x150.jpg 150w\" sizes=\"auto, (max-width: 400px) 100vw, 400px\"><strong>Jaak Vilo<\/strong><br>\n<a title=\"\" href=\"vilo@ut.ee\" target=\"_blank\" rel=\"noopener\" data-url=\"\/genmed\/mailto:vilo@ut.ee\">vilo@ut.ee<\/a>\n<p><strong>Personaalmeditsiini ja terviseinformaatika keskus <\/strong>(ruum 2042)<br>\nArvutiteaduse instituut<br>\nTartu \u00dclikool<br>\nNarva mnt 18<br>\n51009 Tartu<br>\nEesti<\/p><\/td>\n<td><div class=\"video-placeholder-wrapper video-placeholder-wrapper--fixed\" style=\"height: 450px;\">\n\t\t\t    <div class=\"video-placeholder d-flex justify-content-center align-items-center\">\n\t\t\t        <div class=\"overlay text-white p-2 w-100 text-center d-block justify-content-center align-items-center\">\n\t\t\t            <div>Kolmandate osapoolte sisu n\u00e4gemiseks palun n\u00f5ustu k\u00fcpsistega.<\/div>\n\t\t\t            <button class=\"btn btn-secondary btn-sm mt-1 consent-change\">Muuda n\u00f5usolekut<\/button>\n\t\t\t        <\/div>\n\t\t\t    <\/div>\n\t\t\t<\/div>\n<\/td>\n<\/tr>\n<\/tbody>\n<\/table>\n","protected":false},"excerpt":{"rendered":"<p>GenMed projekt \u2013 IT infrastruktuuri loomine personaalmeditsiini riigi\u00fcleseks rakendamiseks GenMed projekti eesm\u00e4rk on luua Eestis vajalik IT infrastruktuur, et rakendada personaalmeditsiini p\u00f5him\u00f5tteid\u00a0kliinilises praktikas. Teisis\u00f5nu \u2013 et personaalmeditsiin j\u00f5uaks iga\u00fcheni\u00a0ning sellest saaksid kasu k\u00f5ik Eesti inimesed. Projekti k\u00e4igus juurutatakse riikliku e-tervise &#8230;<\/p>\n","protected":false},"author":223,"featured_media":0,"parent":0,"menu_order":0,"comment_status":"closed","ping_status":"closed","template":"","meta":{"_acf_changed":false,"inline_featured_image":false,"footnotes":""},"class_list":["post-3","page","type-page","status-publish","hentry"],"acf":[],"_links":{"self":[{"href":"https:\/\/sisu.ut.ee\/genmed\/wp-json\/wp\/v2\/pages\/3","targetHints":{"allow":["GET"]}}],"collection":[{"href":"https:\/\/sisu.ut.ee\/genmed\/wp-json\/wp\/v2\/pages"}],"about":[{"href":"https:\/\/sisu.ut.ee\/genmed\/wp-json\/wp\/v2\/types\/page"}],"author":[{"embeddable":true,"href":"https:\/\/sisu.ut.ee\/genmed\/wp-json\/wp\/v2\/users\/223"}],"replies":[{"embeddable":true,"href":"https:\/\/sisu.ut.ee\/genmed\/wp-json\/wp\/v2\/comments?post=3"}],"version-history":[{"count":4,"href":"https:\/\/sisu.ut.ee\/genmed\/wp-json\/wp\/v2\/pages\/3\/revisions"}],"predecessor-version":[{"id":68,"href":"https:\/\/sisu.ut.ee\/genmed\/wp-json\/wp\/v2\/pages\/3\/revisions\/68"}],"wp:attachment":[{"href":"https:\/\/sisu.ut.ee\/genmed\/wp-json\/wp\/v2\/media?parent=3"}],"curies":[{"name":"wp","href":"https:\/\/api.w.org\/{rel}","templated":true}]}}