{"id":60,"date":"2024-04-04T07:00:57","date_gmt":"2024-04-04T04:00:57","guid":{"rendered":"https:\/\/sisu.ut.ee\/gender\/kiri-miks-ma-pean-taas-oma-keha-oiguste-eest-voitlema\/"},"modified":"2024-04-25T14:36:12","modified_gmt":"2024-04-25T11:36:12","slug":"kiri-miks-ma-pean-taas-oma-keha-oiguste-eest-voitlema","status":"publish","type":"page","link":"https:\/\/sisu.ut.ee\/gender\/kiri-miks-ma-pean-taas-oma-keha-oiguste-eest-voitlema\/?lang=et","title":{"rendered":"Kiri &#8220;Miks ma pean taas v\u00f5itlema?&#8221;"},"content":{"rendered":"<p>Siin on kiri, kus on esitatud m\u00f5tted emalt ja t\u00fctrelt, kes soovivad j\u00e4\u00e4da anon\u00fc\u00fcmseks [lisatud on katkendid koos konteksti ja sissejuhatusega].<\/p>\n<p><strong>\u00dclesanne: Anal\u00fc\u00fcsige kirja ja arutage, mis on muutunud ja mis ei ole muutunud seoses abordi teemadega Euroopa erinevates \u00fchiskondades?<\/strong><\/p>\n<blockquote>\n<p class=\"MsoSubtitle\"><em><strong><span style=\"line-height: 107%;\">2022<\/span><\/strong><\/em><\/p>\n<p class=\"MsoSubtitle\"><em>Ema ja t\u00fctar on inim\u00f5iguste aktivistid. Ema t\u00f6\u00f6tas haridusvaldkonnas, t\u00fctar kolmandas sektoris. Nende t\u00f6\u00f6 kestab aastak\u00fcmneid, kuid neid \u00fchendab \u00fchine eesm\u00e4rk: kaitsta inim\u00f5igusi, s\u00f5ltumata soost, p\u00e4ritolust v\u00f5i elukohast.<br>\nEma lugu n\u00e4itab, kuidas kodaniku\u00f5igused ja \u2013vabadused, mis saavutati p\u00e4rast 1989. aastat Poolas toimunud muutusi, on kadunud, kuidas naised kaotavad ootamatult neile kuuluvad \u00f5igused oma keha \u00fcle.<br>\nT\u00fctre loos n\u00e4eme motiive, mis Poola avalikus debatis viitavad naiste karistamisele naiseks olemise eest.<\/em><\/p>\n<p><em><strong>Kontekst<\/strong><\/em><\/p>\n<p><em>Me elame usus, et meie inim\u00f5igused on t\u00f5esti olemas ja need kuuluvad meile. T\u00f5epoolest, need on s\u00e4testatud riiklikes ja rahvusvahelistes \u00f5igusaktides, kuid \u00e4\u00e4rmuslikes ja isegi igap\u00e4evastes olukordades v\u00f5ib see, millele meil on \u00f5igus, osutuda v\u00f5imatuks v\u00f5i muutuda r\u00fcnnaku sihtm\u00e4rgiks ja j\u00e4\u00e4da tagaplaanile.<\/em><\/p>\n<p><em>Sotsiaalmeediast v\u00f5ime kergesti leida radikaalseid r\u00fchmitusi, kes pooldavad totaalset abordi keeldu, ja liberaalseid r\u00fchmitusi, kes soovivad abordi\u00f5igust igale naisele.<\/em><\/p>\n<p><em><strong>Ema (66-aastane)<\/strong><\/em><\/p>\n<p><em>T\u00e4naste muutuste eelsel ajal oli abort v\u00f5imalik. Kommunistlikus Poolas liberaliseeriti abordi\u00f5igus j\u00e4rk-j\u00e4rgult. Me ei pidanud seda millekski, mida v\u00f5iks meilt \u00e4ra v\u00f5tta, sest me v\u00f5itlesime vabaduste ja inim\u00f5iguste eest riigis, mis piiras neid ja kontrollis meid.<\/em><\/p>\n<p><em>Samuti tuleb meeles pidada, millised need ajad olid ja kuidas rasedat t\u00fcdrukut vaadati. Soovimatu rasedus oli h\u00e4biv\u00e4\u00e4rne teema, see oli sotsiaalselt stigmatiseeriv ja sageli seotud naise, lapse ja tema perekonna tugeva h\u00e4bim\u00e4rgistamisega. Muidugi on see \u201ctraditsiooniline\u201d l\u00e4henemine aastate jooksul muutunud.<\/em><\/p>\n<p><em>Siis, p\u00e4rast muutusteaega ja Poola liitumist EL-iga, palju muutus, \u00fcht\u00e4kki tekkis suurem \u00f5iguskindlustunne olukorras, kus loode ohustab ema elu ja toimimist. Ja j\u00e4rsku p\u00f5mm\u2026 p\u00e4rast seda, kui regulatsioone hiljuti karmistati, p\u00f6\u00f6rdus maailm pea peale\u2026.<\/em><\/p>\n<p><em>Mitu korda osalesin koos oma t\u00fctrega Poolas abordivastase seaduse liberaliseerimise meeleavaldustel. Naised \u2013 emad nagu mina \u2013 pension\u00e4ridest naised ja noored naised \u2013 on \u00e4rganud. Juba viis aastat oleme tulnud oma linnade t\u00e4navatele. Oleme n\u00e4idanud, et oleme suur osa sellest \u00fchiskonnast, kuid nagu n\u00e4ete, tulutult, sest midagi pole muutunud\u2026 Ma ei kujutanud ette, et demokraatlik riik, mida valitsevad peamiselt mehed, v\u00f5ib muutuda nii s\u00fcdametuks ja tundetuks naiste, emade ja t\u00fctarde kannatusete suhtes. Loomulikult on v\u00f5imul ka naised, kuid osa neist n\u00f5ustub vaikimisi enda \u00f5iguste k\u00e4rpimisega.<\/em><\/p>\n<p><em>Ma ei kujutanud kunagi ette, et mu t\u00fctar, maailmakodanik, n\u00e4eb enamikul juhtudel oma inim\u00f5igusi abordikeelu n\u00e4ol piiratuna.<\/em><\/p>\n<p><em>Kuigi meil on tugevalt polariseeritud \u00fchiskond, kasvab linnades \u00fchaenam naiste r\u00fchm, kelle jaoks on abordi legaliseerimise argumendid \u00fclioluised, sest need k\u00f5nelevad naiste \u00f5iguste ja sotsiaalse turvalisuse austamisest. Kahjuks kuuleme 2021. ja 2022. aastal naistest, kes surid haiglates, kuna keegi ei tahtnud kehtiva seaduse alusel nende elusid p\u00e4\u00e4sta.<\/em><\/p>\n<p><em><strong>T\u00fctar (31)<\/strong><\/em><\/p>\n<p><em>Viimased aastad, mis on seotud minu kui naise suu sulgemise ja \u00f5iguste \u00e4rav\u00f5tmisega, on olnud minu elus v\u00e4ga raske periood. Seda illustreerib ilmekalt konstitutsioonikohtu 2020. aasta otsus. Konstitutsioonikohus otsustas, et abort, mis on tingitud \u201craske ja p\u00f6\u00f6rdumatu loote puude v\u00f5i ravimatu haiguse suure t\u00f5en\u00e4osusega ja mis \u00e4hvardab naise elu\u201d, on vastuolus Poola p\u00f5hiseadusega.<\/em><\/p>\n<p><em>\u00a0Olen noor, mul on elu veel ees. Kusjuures tunnen aga hirmu seoses regulatsioonidega, mis v\u00f5tavad minult valikuvabaduse ning riivavad \u00f5igust tervise ja elu kaitsele.<\/em><\/p>\n<p><em>Kuidas ma saan end turvaliselt tunda, kui rasedad naised surevad Poola haiglates, kuigi on aega, v\u00f5imalusi ja ressursse nende t\u00f5husaks abistamiseks? V\u00f5imatu on magada h\u00e4sti, kui meedia teatab j\u00e4rjekordsest noore raseda naise surmast, kes l\u00e4ks nii enda kui ka tulevase lapse elu p\u00e4\u00e4stma haiglasse. Ja kui ma lugesin, et ta ei lahkunud haiglast eluga, sest keegi teda ei aidanud, keegi ei viidanud tema inim\u00f5igusele elule ja tervise kaitsele\u2026.<\/em><\/p>\n<p><em>Oleme 21. sajandil ja tulevaste emade tapmine loote p\u00e4\u00e4stmise nimel on aktsepteeritav. Seda nimetatakse \u201csurmavaks tulemuseks\u201d, mis v\u00f5ib juhtuda absoluutselt iga naisega, kes selles riigis rasestub. See on minu vaatenurk ja samal ajal sunnib riigi vaatenurk rasedaid naisi kangelaslikkusele.<\/em><\/p>\n<p><em>Sellep\u00e4rast on \u201cmust protest\u201d, meie vastuseis v\u00f5imule, mis meie \u00f5igusi tallab. \u201cMus protest\u201d on toonud suurima hulga inimesi t\u00e4navatele p\u00e4rast mu ema streike, alates \u201cSolidaarsusest\u201d.<\/em><\/p><\/blockquote>\n","protected":false},"excerpt":{"rendered":"<p>Siin on kiri, kus on esitatud m\u00f5tted emalt ja t\u00fctrelt, kes soovivad j\u00e4\u00e4da anon\u00fc\u00fcmseks [lisatud on katkendid koos konteksti ja sissejuhatusega]. \u00dclesanne: Anal\u00fc\u00fcsige kirja ja arutage, mis on muutunud ja mis ei ole muutunud seoses abordi teemadega Euroopa erinevates \u00fchiskondades? &#8230;<\/p>\n","protected":false},"author":240,"featured_media":0,"parent":0,"menu_order":0,"comment_status":"closed","ping_status":"closed","template":"","meta":{"_acf_changed":false,"inline_featured_image":false,"footnotes":""},"class_list":["post-60","page","type-page","status-publish","hentry"],"acf":[],"_links":{"self":[{"href":"https:\/\/sisu.ut.ee\/gender\/wp-json\/wp\/v2\/pages\/60","targetHints":{"allow":["GET"]}}],"collection":[{"href":"https:\/\/sisu.ut.ee\/gender\/wp-json\/wp\/v2\/pages"}],"about":[{"href":"https:\/\/sisu.ut.ee\/gender\/wp-json\/wp\/v2\/types\/page"}],"author":[{"embeddable":true,"href":"https:\/\/sisu.ut.ee\/gender\/wp-json\/wp\/v2\/users\/240"}],"replies":[{"embeddable":true,"href":"https:\/\/sisu.ut.ee\/gender\/wp-json\/wp\/v2\/comments?post=60"}],"version-history":[{"count":2,"href":"https:\/\/sisu.ut.ee\/gender\/wp-json\/wp\/v2\/pages\/60\/revisions"}],"predecessor-version":[{"id":460,"href":"https:\/\/sisu.ut.ee\/gender\/wp-json\/wp\/v2\/pages\/60\/revisions\/460"}],"wp:attachment":[{"href":"https:\/\/sisu.ut.ee\/gender\/wp-json\/wp\/v2\/media?parent=60"}],"curies":[{"name":"wp","href":"https:\/\/api.w.org\/{rel}","templated":true}]}}