{"id":45,"date":"2024-04-04T07:00:53","date_gmt":"2024-04-04T04:00:53","guid":{"rendered":"https:\/\/sisu.ut.ee\/gender\/toksiline-maskuliinsus-ja-soolise-diskrimineerimise-pohjused\/"},"modified":"2024-04-04T07:01:16","modified_gmt":"2024-04-04T04:01:16","slug":"toksiline-maskuliinsus-ja-soolise-diskrimineerimise-pohjused","status":"publish","type":"page","link":"https:\/\/sisu.ut.ee\/gender\/toksiline-maskuliinsus-ja-soolise-diskrimineerimise-pohjused\/?lang=et","title":{"rendered":"Toksiline maskuliinsus ja soolise diskrimineerimise p\u00f5hjused"},"content":{"rendered":"<p>\n\tSenised teemak\u00e4sitlused on keskendunud suures jaos\u00a0naistele. Kuidas v\u00f5ivad aga need stereot\u00fc\u00fcbid, mida me tekitame ja taastoodame, m\u00f5juda meestele? Ja kui me teame, kuidas need m\u00f5juvad, miks see siis me ikkagi diskrimineerime?\n<\/p>\n<p>\n\t<\/p><div class=\"ratio ratio-16x9 mb-3\"><div class=\"video-placeholder-wrapper video-placeholder-wrapper--16x9\">\n\t\t\t    <div class=\"video-placeholder d-flex justify-content-center align-items-center\">\n\t\t\t        <div class=\"overlay text-white p-2 w-100 text-center d-block justify-content-center align-items-center\">\n\t\t\t            <div>To view third-party content, please accept cookies.<\/div>\n\t\t\t            <button class=\"btn btn-secondary btn-sm mt-1 consent-change\">Change consent<\/button>\n\t\t\t        <\/div>\n\t\t\t    <\/div>\n\t\t\t<\/div>\n<\/div>\n\n<p>\n\t<\/p><div class=\"accordion mb-3\">\n        <div class=\"accordion-item accordion-item--white\">\n        <h2 class=\"accordion-header\" id=\"accordion-69e2d4aa7b980-heading\">\n            <button class=\"accordion-button collapsed\" type=\"button\" data-bs-toggle=\"collapse\" data-bs-target=\"#accordion-69e2d4aa7b980-collapse\" aria-expanded=\"true\" aria-controls=\"accordion-69e2d4aa7b980-collapse\">Transkriptsioon<\/button>\n        <\/h2>\n        <div id=\"accordion-69e2d4aa7b980-collapse\" class=\"accordion-collapse collapse\" aria-labelledby=\"accordion-69e2d4aa7b980-heading\">\n            <div class=\"accordion-body\">Praegu me oleme k\u00f5nelenud eelk\u00f5ige, kuidas t\u00e4nap\u00e4eva soolisus, stereot\u00fc\u00fcbid ja p\u00f5him\u00f5tted m\u00f5jutavad naisi. N\u00fc\u00fcd l\u00e4heme meestekesksemaks ning r\u00e4\u00e4gime, kuidas need stereot\u00fc\u00fcbid, mida me tekitame ja taastoodame, v\u00f5ivad meestele m\u00f5juda ning teades, kuidas need m\u00f5juvad, miks see siis me ikkagi diskrimineerima. Meie t\u00e4nased teemad ongi, mis on toksiline maskuliinsus ning miks me ikkagi diskrimineerima?\n\n<p>\n\tToksiline maskuliinsus on midagi, mida on kirjeldatud j\u00e4rgmiselt. See on traditsiooniline meeste k\u00e4itumismudel, mida seostatakse kahjulike sotsiaalsete ja ps\u00fchholoogiliste m\u00f5judega. See.. toksilist maskuliinsust iseloomustab n\u00e4iteks domineeriv k\u00e4itumine v\u00f5i domineeriva k\u00e4itumise toetamine. \u00c4\u00e4rmuslik enesekindlus, emotsioonide mahasurumine, v\u00e4givaldne k\u00e4itumine, tundetus ning seksism. Sellised halvad omadused, mis kipuvad eelk\u00f5ige meeste juures olema. Mehelikud k\u00e4itumisviisid, millel ei ole negatiivseid m\u00f5jusid, \u00fcldjuhul ei kuuluga toksilise maskuliinsus alla.<br>Toksiline maskuliinsus m\u00f5jutab suuresti meeste tervisek\u00e4itumist. N\u00e4iteks, depressiivsuse puhul ei otsita abi v\u00f5i toksiline maskuliinsus toetab meeste puhul mitme seksuaalpartneri olemasolu ning ka v\u00e4givalla kasutamist. Toksilist maskuliinsus iseloomustab ka n\u00e4iteks suurem suitsiidne k\u00e4itumine meeste puhul. Mehed teevad rohkem suitsiide kui naised ning sagedasem s\u00f5ltuvush\u00e4irete p\u00f5demine kui teiste soo esindajate seas. Samuti v\u00e4givaldsem k\u00e4itumine kodus ning varasem suremus kui naistel v\u00f5i teistel sugudel, l\u00e4htudes sellest, et tervisek\u00e4itumine on kehvem. Vaimse tervise spetsialistid on v\u00e4lja toonud toksilise maskuliinsuse negatiivseid k\u00fclgi ka vaimse tervise probleemidele. Nimelt s\u00fcvendavad vaimse tervise probleeme j\u00e4igad soorollid, ebarealistlikud ootused ja v\u00e4ga tugev v\u00f5itlushimu. Moonutatud mehelikkus meedias ja stereot\u00fc\u00fcpide v\u00f5imendamine. Et milline siis \u00f5ige mees peab olema ja, ja milline see sina pead olema, kui sa soovid olla \u00f5ige mees? Samuti v\u00e4hene probleemide tunnistamine, on see siis seotud enda k\u00e4itumise v\u00f5i ka enda tervisega ning oskamatus abi otsida, mis v\u00f5ib olla tihedalt seotud sellise eelistatud v\u00f5itlusliku k\u00e4itumise, oma tunnete mitte\u00e4ratundmise v\u00f5i hirmuga ennast avada, olla haavatud. Asjaolu, mida on seostatud toksilise maskuliinsus, aga on ka kriminogeensus k\u00e4itumine. Toksiline maskuliinsus\u00a0\u00fcks-\u00fchele ei tekita kriminogeensus k\u00e4itumist. K\u00fcll aga omadused, oskused ja hoiakud, mida toksiline maskuliinsus endas kannab ja taastoodab, v\u00f5ib toetada keskkonda, kus inimene satub kriminaalsele teele.\n<\/p>\n<p>\n\tSeda on j\u00e4lgitud ja vaadatud ka vangide suhtarvu m\u00f5ttes, et, et \u00fcldjuhul satuvad vanglasse mehed. Kui me vaatame Eestit statistikat, siis ka Eestis on vangis eelk\u00f5ige mehed, r\u00e4\u00e4gime me s\u00fc\u00fcdim\u00f5istetutest, vahistatutest v\u00f5i konkreetselt vangidest. Suhtarvu m\u00f5ttes on hetkel Eestis vanglates \u00fcheksak\u00fcmmend \u00fcks naist ning \u00fcle kahe tuhande kolmesajamehi. \u00dcks-\u00fchele ei saa \u00f6elda, et jah, toksiline maskuliinsus tekitab kriminogeenset\u00a0k\u00e4itumist, seal on v\u00e4ga palju erinevaid p\u00f5hjuseid. K\u00fcll aga v\u00f5ib leida \u00fchiseid jooni sellises mehelikkuses, mis on nende inimeste seas levinud, kes on sattunud vang ..vanglasse.\n<\/p>\n<p>\n\t<br>Kui me aga teame, kui halvasti indiviidile v\u00f5i ka \u00fchiskonnale v\u00f5ivad m\u00f5juda teatud soostereot\u00fc\u00fcbid v\u00f5i teatud hoiakud, nende tekkimine ning taastootmine, siis miks me ennast ei muuda ja miks n\u00e4iteks me diskrimineerima, on see siis sooliselt v\u00f5i kuidagi teisiti?<br>\u00dcks p\u00f5hjus, miks miks on keeruline mitte diskrimineerida, on hirm tundmatu ees. Tehakse nii, nagu on tuttav, tehakse nii, nagu me teame, kuidas on varasemalt tehtud, sest muutus sageli n\u00f5uabki teistmoodi tegemist, katsetamist. See v\u00f5ib tuua ka eksimusi, aga neid ei tohiks karta.<br>Samuti on olulisel kohal \u00fcksk\u00f5iksus ja teadmatus tagaj\u00e4rgede osas. Me kas ei tea, mida tagaj\u00e4rjed v\u00f5ivad tuua kui v\u00e4rbamegi teistmoodi, kui me peamegi palgal\u00e4bir\u00e4\u00e4kimisi teistmoodi v\u00f5i kui me \u00f5petamegi \u00f5pilasi\u00a0teistmoodi. Aga oluline roll on ka \u00fcksk\u00f5iksusel, et et meid tegelikult ei huvita, mis on minu t\u00f6\u00f6 v\u00f5i meie t\u00f6\u00f6 tagaj\u00e4rg, mis on selle m\u00f5ju. Sageli on stereot\u00fc\u00fcpilised uskumused kombineeritud eelarvamuslike hoiakutega ja emotsioonidega, nagu n\u00e4iteks hirm. Me diskrimineerima sellep\u00e4rast et meil on mingisugused varasemad hoiakud inimeste suhtes ja me kas kardame, vihkame, j\u00e4lestame v\u00f5i\u00a0ei salli kedagi v\u00f5i midagi. Ja see on see p\u00f5hjus, miks me, miks me diskrimineerime. Oluline on v\u00e4lja tuua ka p\u00f5hjusena isiklike vaadete p\u00f5rkumist avaliku sf\u00e4\u00e4riga.Nii-\u00f6elda kognitiivse dissonantsi, kus su sisemaailm ja v\u00e4lismaailm ei k\u00e4i p\u00e4ris kokku. Selle lahkheli t\u00f5ttu v\u00f5ib tekkida ka see, et me diskrimineerimine kedagi, kuigi ta ei ole seda v\u00e4\u00e4rt v\u00f5i\u00a0ka see ei ole olnud eesm\u00e4rk.\n<\/p>\n<p>\n\tHuvitava asjaolu on v\u00e4lja toonud ka Thompson, kes on vaadanud ja uurinud diskrimineerimise tolereerimist. Nimelt on ta m\u00e4rganud, et ajalooliselt v\u00e4hepriviligeeritud kasuks diskrimineerimist on lihtsam tolereerida kui nende kasuks diskrimineerimist, kes ajalooliselt on olnud suurte privileegidega.\n<\/p>\n<p>\n\tMida v\u00f5tta kaasa? Esiteks seda, et toksiline maskuliinsus on omadused ja hoiakud, mida seostatakse mehelikkusega, aga mis v\u00f5ivad m\u00f5juda v\u00e4ga negatiivselt, seda nii meestele kui ka naistele ja teistele \u00fchiskonnaliikmetele. Nendel hoiakutel ja omadustel on seos ka vaimse tervise k\u00e4itumisega. Aga tihedalt on\u00a0seos sellega, kas \u00fcle\u00fcldse palutakse abi kas p\u00f6\u00f6rdutakse \u00f5igel ajal ning millised on need probleemid, mis v\u00e4lja kujunevad. Hoiakud v\u00f5ivad m\u00f5jutada ka kriminogeenset\u00a0k\u00e4itumist ning me saime ka teada, et diskrimineerimisel on mitmeid p\u00f5hjuseid. Ennetamist toetab isiklike eelarvamuste,\u00a0stereot\u00fc\u00fcpide ja hirmude tundmine.\n<\/p>\n<p>\n\tSel n\u00e4dalal arutasime mitmete teemade \u00fcle, Nende hulgas oli soov, sotsialiseerumine soostereot\u00fc\u00fcpide m\u00f5ju t\u00f6\u00f6keskkonnale. Anal\u00fc\u00fcsisime ka k\u00fcsimust, miks mehed ei soovi saada \u00f5petajaks ning vaatasime, mis asi on toksiline maskuliinsus ning miks inimesed ikkagi diskrimineerivad. J\u00e4rgmisel n\u00e4dalal keskendume teemale \u201cMinu keha, minu valik\u201d.<br><\/p><\/div>\n        <\/div>\n        <\/div>\n    <\/div>\n","protected":false},"excerpt":{"rendered":"<p>Senised teemak\u00e4sitlused on keskendunud suures jaos\u00a0naistele. Kuidas v\u00f5ivad aga need stereot\u00fc\u00fcbid, mida me tekitame ja taastoodame, m\u00f5juda meestele? Ja kui me teame, kuidas need m\u00f5juvad, miks see siis me ikkagi diskrimineerime? To view third-party content, please accept cookies. Change consent &#8230;<\/p>\n","protected":false},"author":240,"featured_media":0,"parent":0,"menu_order":0,"comment_status":"closed","ping_status":"closed","template":"","meta":{"_acf_changed":false,"inline_featured_image":false,"footnotes":""},"class_list":["post-45","page","type-page","status-publish","hentry"],"acf":[],"_links":{"self":[{"href":"https:\/\/sisu.ut.ee\/gender\/wp-json\/wp\/v2\/pages\/45","targetHints":{"allow":["GET"]}}],"collection":[{"href":"https:\/\/sisu.ut.ee\/gender\/wp-json\/wp\/v2\/pages"}],"about":[{"href":"https:\/\/sisu.ut.ee\/gender\/wp-json\/wp\/v2\/types\/page"}],"author":[{"embeddable":true,"href":"https:\/\/sisu.ut.ee\/gender\/wp-json\/wp\/v2\/users\/240"}],"replies":[{"embeddable":true,"href":"https:\/\/sisu.ut.ee\/gender\/wp-json\/wp\/v2\/comments?post=45"}],"version-history":[{"count":1,"href":"https:\/\/sisu.ut.ee\/gender\/wp-json\/wp\/v2\/pages\/45\/revisions"}],"predecessor-version":[{"id":178,"href":"https:\/\/sisu.ut.ee\/gender\/wp-json\/wp\/v2\/pages\/45\/revisions\/178"}],"wp:attachment":[{"href":"https:\/\/sisu.ut.ee\/gender\/wp-json\/wp\/v2\/media?parent=45"}],"curies":[{"name":"wp","href":"https:\/\/api.w.org\/{rel}","templated":true}]}}