{"id":25,"date":"2024-04-04T07:00:51","date_gmt":"2024-04-04T04:00:51","guid":{"rendered":"https:\/\/sisu.ut.ee\/gender\/used-and-additional-materials\/"},"modified":"2024-04-25T11:18:04","modified_gmt":"2024-04-25T08:18:04","slug":"used-and-additional-materials","status":"publish","type":"page","link":"https:\/\/sisu.ut.ee\/gender\/used-and-additional-materials\/","title":{"rendered":"Used and additional materials"},"content":{"rendered":"<ul>\n<li>Bailey, A. H., LaFrance, M. and Dovidio, J. F. (2019) \u2018Is Man the Measure of All Things? A Social Cognitive Account of Androcentrism\u2019, Personality and Social Psychology Review, 23(4), pp. 307\u2013331. doi: 10.1177\/1088868318782848.<\/li>\n<li>Connell, R.W. (2005). Masculinities. (2nd ed.). Berkeley-Los Angeles: University of California Press<\/li>\n<li>Connell, R.W. (2000). The Men and the Boys. Berkeley-Los Angeles: University of California Press<\/li>\n<li>Deegan, Mary Jo (ed). Harriet Martineau: Theoretical and Methodological Perspectives. Women and Sociological Theory vol 3. Routledge, 2003.<\/li>\n<li>Eesti Nais\u00fchenduste \u00dcmarlaua Sihtasutus. \u201cSoostereot\u00fc\u00fcbid varjavad individuaalsuse ja piiravad valikuv\u00f5imalusi\u201d. 2012<\/li>\n<li style=\"margin-top: 0cm; margin-right: 0cm; margin-bottom: 0cm;\"><span style=\"line-height: 200%;\">HARIDUS JA SUGU. (n.d.). <i>Haridus ja Sugu<\/i>. Eesti Nais\u00fchenduste \u00dcmarlaud. http:\/\/www.haridusjasugu.ee\/. Accessed 20 August 2021<\/span><\/li>\n<li>Holmwood, J. (1996), Founding Sociology? Talcott Parsons and the Idea of General Theory, London: Longman. Holmwood, J. and O\u2019Malley, M. (2003), \u2018Evolutionary and Functionalist Historical Sociology\u2019, in G. Delanty and E.F. Isin (eds)<\/li>\n<li style=\"margin-top: 0cm; margin-right: 0cm; margin-bottom: 0cm;\"><span style=\"line-height: 200%;\">Mis on diskrimineerimine? (n.d.). <i>V\u00f5rdsete v\u00f5imaluste volinik<\/i>. https:\/\/volinik.ee\/mis-on-diskrimineerimine\/<\/span><\/li>\n<li>Terav, Kairi. \u201cMaskuliinsusest 19. ja 20. sajandi vahetuse Eesti realistikus kirjanduses Juhan Liivi, Eduard Vilde ja Ernst Peterson-S\u00e4rgava looming n\u00e4itel\u201d. Magistrit\u00f6\u00f6, Tartu \u00dclikool.<\/li>\n<li>Veske, Christian. \u201cMehelikkuse soorituse paine\u201d. M\u00fc\u00fcrileht, 2017. <a href=\"https:\/\/www.muurileht.ee\/mehelikkuse-soorituse-paine\/\">Mehelikkuse<\/a> <a href=\"https:\/\/www.muurileht.ee\/mehelikkuse-soorituse-paine\/\">soorituse<\/a> <a href=\"https:\/\/www.muurileht.ee\/mehelikkuse-soorituse-paine\/\">paine<\/a><a href=\"https:\/\/www.muurileht.ee\/mehelikkuse-soorituse-paine\/\"> | <\/a><a href=\"https:\/\/www.muurileht.ee\/mehelikkuse-soorituse-paine\/\">M\u00fc\u00fcrileht<\/a><a href=\"https:\/\/www.muurileht.ee\/mehelikkuse-soorituse-paine\/\"> (muurileht.ee)<\/a><\/li>\n<li><a href=\"https:\/\/volinik.ee\/mis-on-diskrimineerimine\/\">V\u00f5rdsete<\/a> <a href=\"https:\/\/volinik.ee\/mis-on-diskrimineerimine\/\">v\u00f5imaluste<\/a> <a href=\"https:\/\/volinik.ee\/mis-on-diskrimineerimine\/\">volinik<\/a><a href=\"https:\/\/volinik.ee\/mis-on-diskrimineerimine\/\"> | Mis on <\/a><a href=\"https:\/\/volinik.ee\/mis-on-diskrimineerimine\/\">diskrimineerimine<\/a><a href=\"https:\/\/volinik.ee\/mis-on-diskrimineerimine\/\">? \u2013 <\/a><a href=\"https:\/\/volinik.ee\/mis-on-diskrimineerimine\/\">V\u00f5rdsete<\/a> <a href=\"https:\/\/volinik.ee\/mis-on-diskrimineerimine\/\">v\u00f5imaluste<\/a> <a href=\"https:\/\/volinik.ee\/mis-on-diskrimineerimine\/\">volinik<\/a><\/li>\n<\/ul>\n","protected":false},"excerpt":{"rendered":"<p>Bailey, A. H., LaFrance, M. and Dovidio, J. F. (2019) \u2018Is Man the Measure of All Things? A Social Cognitive Account of Androcentrism\u2019, Personality and Social Psychology Review, 23(4), pp. 307\u2013331. doi: 10.1177\/1088868318782848. Connell, R.W. (2005). Masculinities. (2nd ed.). Berkeley-Los &#8230;<\/p>\n","protected":false},"author":240,"featured_media":0,"parent":0,"menu_order":0,"comment_status":"closed","ping_status":"closed","template":"","meta":{"_acf_changed":false,"inline_featured_image":false,"footnotes":""},"class_list":["post-25","page","type-page","status-publish","hentry"],"acf":[],"_links":{"self":[{"href":"https:\/\/sisu.ut.ee\/gender\/wp-json\/wp\/v2\/pages\/25","targetHints":{"allow":["GET"]}}],"collection":[{"href":"https:\/\/sisu.ut.ee\/gender\/wp-json\/wp\/v2\/pages"}],"about":[{"href":"https:\/\/sisu.ut.ee\/gender\/wp-json\/wp\/v2\/types\/page"}],"author":[{"embeddable":true,"href":"https:\/\/sisu.ut.ee\/gender\/wp-json\/wp\/v2\/users\/240"}],"replies":[{"embeddable":true,"href":"https:\/\/sisu.ut.ee\/gender\/wp-json\/wp\/v2\/comments?post=25"}],"version-history":[{"count":3,"href":"https:\/\/sisu.ut.ee\/gender\/wp-json\/wp\/v2\/pages\/25\/revisions"}],"predecessor-version":[{"id":270,"href":"https:\/\/sisu.ut.ee\/gender\/wp-json\/wp\/v2\/pages\/25\/revisions\/270"}],"wp:attachment":[{"href":"https:\/\/sisu.ut.ee\/gender\/wp-json\/wp\/v2\/media?parent=25"}],"curies":[{"name":"wp","href":"https:\/\/api.w.org\/{rel}","templated":true}]}}