{"id":476,"date":"2025-04-02T15:41:06","date_gmt":"2025-04-02T12:41:06","guid":{"rendered":"https:\/\/sisu.ut.ee\/gebhardt\/?page_id=476"},"modified":"2025-05-24T13:44:58","modified_gmt":"2025-05-24T10:44:58","slug":"lernleitfaden","status":"publish","type":"page","link":"https:\/\/sisu.ut.ee\/gebhardt\/lernleitfaden\/","title":{"rendered":"Lernleitfaden"},"content":{"rendered":"<p class=\"\" data-start=\"145\" data-end=\"364\"><strong data-start=\"145\" data-end=\"222\">Der Kurs richtet sich in erster Linie an Lernende mit dem Sprachniveau A2<\/strong>, aber auch an alle Interessierten, die sich im f\u00e4cher\u00fcbergreifenden Lernen in den Bereichen Deutsch, Kunst und Religion weiterbilden m\u00f6chten.<\/p>\n<p class=\"\" data-start=\"145\" data-end=\"364\"><strong data-start=\"366\" data-end=\"416\">Der Kurs besteht aus sieben Unterrichtseinheiten<\/strong>, in denen das Leben und Werk des K\u00fcnstlers Eduard von Gebhardt im Kontext der Karwoche und Christi Himmelfahrt behandelt wird \u2013 beides sind auch Feiertage in unserem Kalender.<\/p>\n<p class=\"\" data-start=\"594\" data-end=\"816\"><strong data-start=\"594\" data-end=\"675\">Zu jedem Thema (au\u00dfer Thema 2) gibt es zus\u00e4tzliches Material f\u00fcr Lehrkr\u00e4fte<\/strong>, um vertiefte Hintergrundinformationen zu erhalten. Auf Wunsch k\u00f6nnen auch Lernende mit einem h\u00f6heren Sprachniveau diese Materialien nutzen.<\/p>\n<p class=\"\" data-start=\"818\" data-end=\"946\">Zu allen Aufgaben gibt es eine Anleitung zur Bearbeitung.<\/p>\n<ul data-start=\"948\" data-end=\"1165\">\n<li class=\"\" data-start=\"948\" data-end=\"1038\">\n<p class=\"\" data-start=\"950\" data-end=\"1038\"><strong data-start=\"950\" data-end=\"964\">In Punkt 8<\/strong>\u00a0befindet sich ein Selbstkontrolltest zu den im Kurs behandelten Themen.<\/p>\n<\/li>\n<li class=\"\" data-start=\"1039\" data-end=\"1107\">\n<p class=\"\" data-start=\"1041\" data-end=\"1107\"><strong data-start=\"1041\" data-end=\"1055\">In Punkt 9<\/strong>\u00a0gibt es einen Feedback-Fragebogen f\u00fcr Lehrkr\u00e4fte.<\/p>\n<\/li>\n<li class=\"\" data-start=\"1108\" data-end=\"1165\">\n<p class=\"\" data-start=\"1110\" data-end=\"1165\"><strong data-start=\"1110\" data-end=\"1125\">In Punkt 10<\/strong> gibt es einen Feedback-Fragebogen f\u00fcr Lernende.<\/p>\n<\/li>\n<li data-start=\"1108\" data-end=\"1165\"><strong>In Punkt 11 <\/strong>sind die verwendeten Quellen angegeben.<\/li>\n<\/ul>\n<p class=\"\" data-start=\"1167\" data-end=\"1232\"><strong data-start=\"1167\" data-end=\"1232\">Viel Freude beim Lernen und herzlichen Dank f\u00fcr Ihr Feedback!<\/strong><\/p>\n","protected":false},"excerpt":{"rendered":"<p>Der Kurs richtet sich in erster Linie an Lernende mit dem Sprachniveau A2, aber auch an alle Interessierten, die sich im f\u00e4cher\u00fcbergreifenden Lernen in den Bereichen Deutsch, Kunst und Religion weiterbilden m\u00f6chten. Der Kurs besteht aus sieben Unterrichtseinheiten, in denen &#8230;<\/p>\n","protected":false},"author":816,"featured_media":0,"parent":0,"menu_order":0,"comment_status":"closed","ping_status":"closed","template":"","meta":{"_acf_changed":false,"inline_featured_image":false,"footnotes":""},"class_list":["post-476","page","type-page","status-publish","hentry"],"acf":[],"_links":{"self":[{"href":"https:\/\/sisu.ut.ee\/gebhardt\/wp-json\/wp\/v2\/pages\/476","targetHints":{"allow":["GET"]}}],"collection":[{"href":"https:\/\/sisu.ut.ee\/gebhardt\/wp-json\/wp\/v2\/pages"}],"about":[{"href":"https:\/\/sisu.ut.ee\/gebhardt\/wp-json\/wp\/v2\/types\/page"}],"author":[{"embeddable":true,"href":"https:\/\/sisu.ut.ee\/gebhardt\/wp-json\/wp\/v2\/users\/816"}],"replies":[{"embeddable":true,"href":"https:\/\/sisu.ut.ee\/gebhardt\/wp-json\/wp\/v2\/comments?post=476"}],"version-history":[{"count":8,"href":"https:\/\/sisu.ut.ee\/gebhardt\/wp-json\/wp\/v2\/pages\/476\/revisions"}],"predecessor-version":[{"id":689,"href":"https:\/\/sisu.ut.ee\/gebhardt\/wp-json\/wp\/v2\/pages\/476\/revisions\/689"}],"wp:attachment":[{"href":"https:\/\/sisu.ut.ee\/gebhardt\/wp-json\/wp\/v2\/media?parent=476"}],"curies":[{"name":"wp","href":"https:\/\/api.w.org\/{rel}","templated":true}]}}