{"id":182,"date":"2025-03-19T12:19:32","date_gmt":"2025-03-19T10:19:32","guid":{"rendered":"https:\/\/sisu.ut.ee\/gebhardt\/?page_id=182"},"modified":"2025-04-02T21:45:01","modified_gmt":"2025-04-02T18:45:01","slug":"7-5-ubung","status":"publish","type":"page","link":"https:\/\/sisu.ut.ee\/gebhardt\/7-5-ubung\/","title":{"rendered":"7.4 Wortschatztraining"},"content":{"rendered":"<p><strong>In der Begegnung mit Engeln sp\u00fcren Menschen, dass Gott bei ihnen ist.<\/strong><\/p>\n<p>Engel sind <strong>Boten Gottes<\/strong>. <strong>Die Bibel<\/strong> berichtet, dass <strong>Engel<\/strong> um den <strong>Thron Gottes<\/strong> versammelt sind. Sie kommen zu den Menschen, um ihnen<strong> Gottes Botschaften<\/strong> zu \u00fcberbringen. Das deutsche Wort \u201eEngel\u201c leitet sich vom griechischen Wort f\u00fcr Bote,\u00a0<em>angelos<\/em>, ab. Engel handeln in der Bibel in <strong>Gottes Sinne<\/strong> und <strong>sch\u00fctzen Menschen in Gefahren<\/strong>. Sie zeigen den Menschen, dass Gott bei ihnen ist. Auf diese Weise erfahren viele Menschen auch heute Gottes Gegenwart. In der Bibel gibt es viele Geschichten \u00fcber Engel.<\/p>\n\n\n<div class=\"h5p-iframe-wrapper\"><div class=\"video-placeholder-wrapper video-placeholder-wrapper--fixed\" style=\"height: 366px;\">\n\t\t\t    <div class=\"video-placeholder d-flex justify-content-center align-items-center\">\n\t\t\t        <div class=\"overlay text-white p-2 w-100 text-center d-block justify-content-center align-items-center\">\n\t\t\t            <div>Kolmandate osapoolte sisu n\u00e4gemiseks palun n\u00f5ustu k\u00fcpsistega.<\/div>\n\t\t\t            <button class=\"btn btn-secondary btn-sm mt-1 consent-change\">Muuda n\u00f5usolekut<\/button>\n\t\t\t        <\/div>\n\t\t\t    <\/div>\n\t\t\t<\/div>\n<\/div>\n","protected":false},"excerpt":{"rendered":"<p>In der Begegnung mit Engeln sp\u00fcren Menschen, dass Gott bei ihnen ist. Engel sind Boten Gottes. Die Bibel berichtet, dass Engel um den Thron Gottes versammelt sind. Sie kommen zu den Menschen, um ihnen Gottes Botschaften zu \u00fcberbringen. Das deutsche &#8230;<\/p>\n","protected":false},"author":816,"featured_media":0,"parent":0,"menu_order":0,"comment_status":"closed","ping_status":"closed","template":"","meta":{"_acf_changed":false,"inline_featured_image":false,"footnotes":""},"class_list":["post-182","page","type-page","status-publish","hentry"],"acf":[],"_links":{"self":[{"href":"https:\/\/sisu.ut.ee\/gebhardt\/wp-json\/wp\/v2\/pages\/182","targetHints":{"allow":["GET"]}}],"collection":[{"href":"https:\/\/sisu.ut.ee\/gebhardt\/wp-json\/wp\/v2\/pages"}],"about":[{"href":"https:\/\/sisu.ut.ee\/gebhardt\/wp-json\/wp\/v2\/types\/page"}],"author":[{"embeddable":true,"href":"https:\/\/sisu.ut.ee\/gebhardt\/wp-json\/wp\/v2\/users\/816"}],"replies":[{"embeddable":true,"href":"https:\/\/sisu.ut.ee\/gebhardt\/wp-json\/wp\/v2\/comments?post=182"}],"version-history":[{"count":6,"href":"https:\/\/sisu.ut.ee\/gebhardt\/wp-json\/wp\/v2\/pages\/182\/revisions"}],"predecessor-version":[{"id":586,"href":"https:\/\/sisu.ut.ee\/gebhardt\/wp-json\/wp\/v2\/pages\/182\/revisions\/586"}],"wp:attachment":[{"href":"https:\/\/sisu.ut.ee\/gebhardt\/wp-json\/wp\/v2\/media?parent=182"}],"curies":[{"name":"wp","href":"https:\/\/api.w.org\/{rel}","templated":true}]}}