{"id":176,"date":"2025-03-19T12:15:35","date_gmt":"2025-03-19T10:15:35","guid":{"rendered":"https:\/\/sisu.ut.ee\/gebhardt\/?page_id=176"},"modified":"2025-04-02T21:41:31","modified_gmt":"2025-04-02T18:41:31","slug":"7-3-ubung","status":"publish","type":"page","link":"https:\/\/sisu.ut.ee\/gebhardt\/7-3-ubung\/","title":{"rendered":"7.2 Erg\u00e4nzungs\u00fcbung zu den W-Fragen"},"content":{"rendered":"<p><strong>W-Fragen: Wer? Wen? Was? Womit? Woher? Wo? Wohin? Wann? Wie lange? Warum? Wozu? Wie viele? Woran?\u00a0 Wie? Welchen?<\/strong><\/p>\n<p><strong>Erg\u00e4nzen Sie jede Frage mit dem richtigen Fragewort.<\/strong><\/p>\n\n\n<div class=\"h5p-iframe-wrapper\"><div class=\"video-placeholder-wrapper video-placeholder-wrapper--fixed\" style=\"height: 366px;\">\n\t\t\t    <div class=\"video-placeholder d-flex justify-content-center align-items-center\">\n\t\t\t        <div class=\"overlay text-white p-2 w-100 text-center d-block justify-content-center align-items-center\">\n\t\t\t            <div>Kolmandate osapoolte sisu n\u00e4gemiseks palun n\u00f5ustu k\u00fcpsistega.<\/div>\n\t\t\t            <button class=\"btn btn-secondary btn-sm mt-1 consent-change\">Muuda n\u00f5usolekut<\/button>\n\t\t\t        <\/div>\n\t\t\t    <\/div>\n\t\t\t<\/div>\n<\/div>\n\n\n\n<figure class=\"wp-block-image size-large\"><img loading=\"lazy\" decoding=\"async\" width=\"1024\" height=\"852\" src=\"https:\/\/sisu.ut.ee\/wp-content\/uploads\/sites\/896\/Eduard_Gebhardt_Wandgemalde_Kapelle_Kaseinfarben__Nordfriedhof-2-1024x852.jpg\" alt=\"\" class=\"wp-image-371\" srcset=\"https:\/\/sisu.ut.ee\/wp-content\/uploads\/sites\/896\/Eduard_Gebhardt_Wandgemalde_Kapelle_Kaseinfarben__Nordfriedhof-2-1024x852.jpg 1024w, https:\/\/sisu.ut.ee\/wp-content\/uploads\/sites\/896\/Eduard_Gebhardt_Wandgemalde_Kapelle_Kaseinfarben__Nordfriedhof-2-300x250.jpg 300w, https:\/\/sisu.ut.ee\/wp-content\/uploads\/sites\/896\/Eduard_Gebhardt_Wandgemalde_Kapelle_Kaseinfarben__Nordfriedhof-2-768x639.jpg 768w, https:\/\/sisu.ut.ee\/wp-content\/uploads\/sites\/896\/Eduard_Gebhardt_Wandgemalde_Kapelle_Kaseinfarben__Nordfriedhof-2-1536x1277.jpg 1536w, https:\/\/sisu.ut.ee\/wp-content\/uploads\/sites\/896\/Eduard_Gebhardt_Wandgemalde_Kapelle_Kaseinfarben__Nordfriedhof-2-2048x1703.jpg 2048w, https:\/\/sisu.ut.ee\/wp-content\/uploads\/sites\/896\/Eduard_Gebhardt_Wandgemalde_Kapelle_Kaseinfarben__Nordfriedhof-2-1920x1597.jpg 1920w\" sizes=\"auto, (max-width: 1024px) 100vw, 1024px\"><\/figure>\n","protected":false},"excerpt":{"rendered":"<p>W-Fragen: Wer? Wen? Was? Womit? Woher? Wo? Wohin? Wann? Wie lange? Warum? Wozu? Wie viele? Woran?\u00a0 Wie? Welchen? Erg\u00e4nzen Sie jede Frage mit dem richtigen Fragewort.<\/p>\n","protected":false},"author":816,"featured_media":0,"parent":0,"menu_order":0,"comment_status":"closed","ping_status":"closed","template":"","meta":{"_acf_changed":false,"inline_featured_image":false,"footnotes":""},"class_list":["post-176","page","type-page","status-publish","hentry"],"acf":[],"_links":{"self":[{"href":"https:\/\/sisu.ut.ee\/gebhardt\/wp-json\/wp\/v2\/pages\/176","targetHints":{"allow":["GET"]}}],"collection":[{"href":"https:\/\/sisu.ut.ee\/gebhardt\/wp-json\/wp\/v2\/pages"}],"about":[{"href":"https:\/\/sisu.ut.ee\/gebhardt\/wp-json\/wp\/v2\/types\/page"}],"author":[{"embeddable":true,"href":"https:\/\/sisu.ut.ee\/gebhardt\/wp-json\/wp\/v2\/users\/816"}],"replies":[{"embeddable":true,"href":"https:\/\/sisu.ut.ee\/gebhardt\/wp-json\/wp\/v2\/comments?post=176"}],"version-history":[{"count":4,"href":"https:\/\/sisu.ut.ee\/gebhardt\/wp-json\/wp\/v2\/pages\/176\/revisions"}],"predecessor-version":[{"id":582,"href":"https:\/\/sisu.ut.ee\/gebhardt\/wp-json\/wp\/v2\/pages\/176\/revisions\/582"}],"wp:attachment":[{"href":"https:\/\/sisu.ut.ee\/gebhardt\/wp-json\/wp\/v2\/media?parent=176"}],"curies":[{"name":"wp","href":"https:\/\/api.w.org\/{rel}","templated":true}]}}