{"id":135,"date":"2025-03-19T11:53:24","date_gmt":"2025-03-19T09:53:24","guid":{"rendered":"https:\/\/sisu.ut.ee\/gebhardt\/?page_id=135"},"modified":"2025-04-04T23:11:10","modified_gmt":"2025-04-04T20:11:10","slug":"5-3-ubung","status":"publish","type":"page","link":"https:\/\/sisu.ut.ee\/gebhardt\/5-3-ubung\/","title":{"rendered":"5.2 Wortschatz\u00fcbung"},"content":{"rendered":"<p><strong>Die Golgatha-Gruppe<\/strong><\/p>\n<p><strong>Die Golgatha-Gruppe<\/strong>\/ <strong>die Kreuzigungsgruppe<\/strong> ist ein ikonografisches Motiv zur bildlichen Darstellung der Kreuzigung Christi, bei dem eine Personengruppe zu F\u00fc\u00dfen des Kreuzes dargestellt wird. In der Regel geh\u00f6ren dazu<strong> Jesus, Maria, die Mutter Jesu, Maria Magdalena<\/strong> und einer seiner J\u00fcnger, meist der Apostel <strong>Johannes<\/strong>, entsprechend der Evangelien.<\/p>\n<div class=\"h5p-iframe-wrapper\"><div class=\"video-placeholder-wrapper video-placeholder-wrapper--fixed\" style=\"height: 366px;\">\n\t\t\t    <div class=\"video-placeholder d-flex justify-content-center align-items-center\">\n\t\t\t        <div class=\"overlay text-white p-2 w-100 text-center d-block justify-content-center align-items-center\">\n\t\t\t            <div>Kolmandate osapoolte sisu n\u00e4gemiseks palun n\u00f5ustu k\u00fcpsistega.<\/div>\n\t\t\t            <button class=\"btn btn-secondary btn-sm mt-1 consent-change\">Muuda n\u00f5usolekut<\/button>\n\t\t\t        <\/div>\n\t\t\t    <\/div>\n\t\t\t<\/div>\n<\/div>\n","protected":false},"excerpt":{"rendered":"<p>Die Golgatha-Gruppe Die Golgatha-Gruppe\/ die Kreuzigungsgruppe ist ein ikonografisches Motiv zur bildlichen Darstellung der Kreuzigung Christi, bei dem eine Personengruppe zu F\u00fc\u00dfen des Kreuzes dargestellt wird. In der Regel geh\u00f6ren dazu Jesus, Maria, die Mutter Jesu, Maria Magdalena und einer &#8230;<\/p>\n","protected":false},"author":816,"featured_media":0,"parent":0,"menu_order":0,"comment_status":"closed","ping_status":"closed","template":"","meta":{"_acf_changed":false,"inline_featured_image":false,"footnotes":""},"class_list":["post-135","page","type-page","status-publish","hentry"],"acf":[],"_links":{"self":[{"href":"https:\/\/sisu.ut.ee\/gebhardt\/wp-json\/wp\/v2\/pages\/135","targetHints":{"allow":["GET"]}}],"collection":[{"href":"https:\/\/sisu.ut.ee\/gebhardt\/wp-json\/wp\/v2\/pages"}],"about":[{"href":"https:\/\/sisu.ut.ee\/gebhardt\/wp-json\/wp\/v2\/types\/page"}],"author":[{"embeddable":true,"href":"https:\/\/sisu.ut.ee\/gebhardt\/wp-json\/wp\/v2\/users\/816"}],"replies":[{"embeddable":true,"href":"https:\/\/sisu.ut.ee\/gebhardt\/wp-json\/wp\/v2\/comments?post=135"}],"version-history":[{"count":15,"href":"https:\/\/sisu.ut.ee\/gebhardt\/wp-json\/wp\/v2\/pages\/135\/revisions"}],"predecessor-version":[{"id":674,"href":"https:\/\/sisu.ut.ee\/gebhardt\/wp-json\/wp\/v2\/pages\/135\/revisions\/674"}],"wp:attachment":[{"href":"https:\/\/sisu.ut.ee\/gebhardt\/wp-json\/wp\/v2\/media?parent=135"}],"curies":[{"name":"wp","href":"https:\/\/api.w.org\/{rel}","templated":true}]}}