{"id":9,"date":"2024-04-04T04:16:48","date_gmt":"2024-04-04T01:16:48","guid":{"rendered":"https:\/\/sisu.ut.ee\/fzbg\/forschungen-zur-baltischen-geschichte-8-2013\/"},"modified":"2024-04-04T04:17:08","modified_gmt":"2024-04-04T01:17:08","slug":"forschungen-zur-baltischen-geschichte-8-2013","status":"publish","type":"page","link":"https:\/\/sisu.ut.ee\/fzbg\/forschungen-zur-baltischen-geschichte-8-2013\/","title":{"rendered":"Forschungen zur baltischen Geschichte 8 \/ 2013"},"content":{"rendered":"<h3>\r\n\t<img loading=\"lazy\" decoding=\"async\" width=\"913\" height=\"1445\" class=\"alignnone wp-image-47\" style=\"width: 250px;height: 396px;float: right\" src=\"https:\/\/sisu.ut.ee\/wp-content\/uploads\/sites\/279\/fzbg-8-kaas-page-001_esikulg.jpg\" title=\"fzbg-8-kaas-page-001_esikulg.jpg\" alt=\"Forschungen zur baltischen Geschichte 8 \/ 2013\" srcset=\"https:\/\/sisu.ut.ee\/wp-content\/uploads\/sites\/279\/fzbg-8-kaas-page-001_esikulg.jpg 913w, https:\/\/sisu.ut.ee\/wp-content\/uploads\/sites\/279\/fzbg-8-kaas-page-001_esikulg-190x300.jpg 190w, https:\/\/sisu.ut.ee\/wp-content\/uploads\/sites\/279\/fzbg-8-kaas-page-001_esikulg-647x1024.jpg 647w, https:\/\/sisu.ut.ee\/wp-content\/uploads\/sites\/279\/fzbg-8-kaas-page-001_esikulg-768x1216.jpg 768w\" sizes=\"auto, (max-width: 913px) 100vw, 913px\"><a data-fid=\"63112\" href=\"https:\/\/sisu.ut.ee\/wp-content\/uploads\/sites\/279\/fzbg-8-2013.pdf\">Forschungen zur baltischen Geschichte 8 \/ 2013 (pdf)<\/a>\r\n<\/h3>\r\n\r\n<p>\r\n\t\u00a0\r\n<\/p>\r\n\r\n<p>\r\n\t<strong>Aufs\u00e4tze<\/strong>\r\n<\/p>\r\n\r\n<ul>\r\n\t<li>\r\n\t\tAnu M\u00e4nd: Frauen, Memoria und Sakralr\u00e4ume im sp\u00e4tmittelalterlichen\u00a0Livland (s\u00a011)\r\n\t<\/li>\r\n\t<li>\r\n\t\tP\u00e4rtel Piirim\u00e4e: Staatenbund oder St\u00e4ndestaat? Der livl\u00e4ndische\u00a0Landtag im Zeitalter Wolters von Plettenberg (1494\u20131535) (s\u00a040)\r\n\t<\/li>\r\n\t<li>\r\n\t\tM\u0101r\u012bte Jakov\u013ceva: Mythos und Realit\u00e4t: Zur Flotte und zum\u00a0Schiff bau im Herzogtum Kurland (s 81)\r\n\t<\/li>\r\n\t<li>\r\n\t\tHannes Vinnal: Der baltische Getreidehandel und das internationale\u00a0Preisniveau: Der Roggenpreis in Reval im 18. Jahrhundert (s\u00a0103)\r\n\t<\/li>\r\n\t<li>\r\n\t\tRaivis Bi\u010devskis &amp; Aija Taimi\u0146a: Johann Georg Hamanns kameralwissenschaftliche\u00a0Studien und Johann Christoph Berens\u2019\u00a0Vision von Riga: ein utopisches Projekt aus der zweiten H\u00e4lfte des\u00a018. Jahrhunderts (s\u00a0127)\r\n\t<\/li>\r\n\t<li>\r\n\t\tT\u00f5nno Jonuks: Der estnische Nationalismus und sein Konzept\u00a0der pr\u00e4historischen Religion: Die Nation als Gestalterin des Religionsbildes (s\u00a0145)\r\n\t<\/li>\r\n\t<li>\r\n\t\tMartin Pabst: Deutschbaltischer Neubeginn 1945\u20131952 (s 165)\r\n\t<\/li>\r\n\t<li>\r\n\t\tOdeta Mik\u0161tait\u0117: Der \u201eSingende Stalinismus\u201c: Zur Entstehung\u00a0der Massenkultur auf dem Gebiet der Folklore in der Litauischen\u00a0SSR (s\u00a0192)\r\n\t<\/li>\r\n<\/ul>\r\n\r\n<p>\r\n\t<strong>Mitteilungen<\/strong>\r\n<\/p>\r\n\r\n<ul>\r\n\t<li>\r\n\t\tBirgit Kibal: Estnische Archivmaterialien im Internet (s 215)\r\n\t<\/li>\r\n\t<li>\r\n\t\tAivar P\u00f5ldvee: Sodomie, gender studies und die baltische Geschichte:\u00a0Anmerkungen zu einer schwedischen Dissertation (s\u00a0220)\r\n\t<\/li>\r\n\t<li>\r\n\t\tKarsten Br\u00fcggemann: Der imperial turn in Estland: Anmerkungen\u00a0zu Toomas Karjah\u00e4rms \u201eDas Russische Imperium und\u00a0der Nationalismus\u201c (s\u00a0228)\r\n\t<\/li>\r\n\t<li>\r\n\t\tM\u0101rti\u0146\u0161 Kapr\u0101ns: Die Institutionalisierung der Erforschung\u00a0des sozialen Ged\u00e4chtnisses in Lettland (s 236)\r\n\t<\/li>\r\n\t<li>\r\n\t\tAnita \u010cerpinska: Ein R\u00fcckblick auf die Feiern in Lettland aus\u00a0Anlass des 200. Jahrestags des Krieges von 1812 (s 245)\r\n\t<\/li>\r\n\t<li>\r\n\t\tJuhan Kreem: Th e First Conference of Baltic Urban History in Riga\u00a0(10.\u201312. Oktober 2012): Ein Tagungsbericht (s\u00a0255)\r\n\t<\/li>\r\n<\/ul>\r\n\r\n<p>\r\n\t<strong>Besprechungen<\/strong>\r\n<\/p>\r\n\r\n<ul>\r\n\t<li>\r\n\t\tAndres Tvauri: Th e Migration Period, Pre-Viking Age, and\u00a0Viking Age in Estonia (von Andrejs Vasks) (s\u00a0259)\u00a0\r\n\t<\/li>\r\n\t<li>\r\n\t\tGeschichtsschreibung im mittelalterlichen Livland (von Marek\u00a0Tamm) (s\u00a0263)\u00a0\r\n\t<\/li>\r\n\t<li>\r\n\t\tCrusading and Chronicle Writing on the Medieval Baltic\u00a0Frontier. A Companion to the Chronicle of Henry of Livonia\u00a0(von Volker Honemann) (s\u00a0270)\r\n\t<\/li>\r\n\t<li>\r\n\t\tRussland an der Ostsee. Imperiale Strategien der Macht und\u00a0kulturelle Wahrnehmungsmuster (16. bis 20. Jahrhundert) (von\u00a0Mati Laur) (s\u00a0272)\r\n\t<\/li>\r\n\t<li>\r\n\t\tDie baltischen Lande im Zeitalter der Reformation und\u00a0Konfessionalisierung. Livland, Estland, \u00d6sel, Ingermanland,\u00a0Kurland und Lettgallen. Stadt, Land und Konfession 1500\u20131721\u00a0(von Madis Maasing) (s\u00a0276)\u00a0\r\n\t<\/li>\r\n\t<li>\r\n\t\tDennis Hormuth: Livonia est omnis divisa in partes tres.\u00a0Studien zum mental mapping der livl\u00e4ndischen Chronistik in\u00a0der Fr\u00fchen Neuzeit (1558\u20131721) (von Anti Selart) (s\u00a0280)\r\n\t<\/li>\r\n\t<li>\r\n\t\tFr\u00e5n Nyens skans till Nya Sverige: spr\u00e5ken i det Svenska Riket\u00a0under 1600-talet [Von Nyenschantz bis Neuschweden: Die\u00a0Sprachen im Schwedischen Reich im 17. Jahrhundert] (von Enn\u00a0K\u00fcng) (s\u00a0283)\u00a0\r\n\t<\/li>\r\n\t<li>\r\n\t\tJohannes Bobrowski: Pruzzische Vokabeln. An Old Prussian\u00a0Glossary (von Giedr\u0117 \u010cepaitien\u0117 &amp; Indr\u0117 Brokartait\u0117-Pladien\u0117) (s\u00a0289)\r\n\t<\/li>\r\n\t<li>\r\n\t\tEesti ajaloost 19.\u201320. sajandil. Uurimusi historiograafiast, allika\u00a0\u00f5petusest ja institutsioonidest [\u00dcber die Geschichte Estlands\u00a0im 19. und 20. Jahrhundert. Forschungen zur Historiografie,\u00a0Quellenkunde und zu den Institutionen] (von Raiko J\u00e4\u00e4rats) (s\u00a0292)\r\n\t<\/li>\r\n\t<li>\r\n\t\tVereinskultur und Zivilgesellschaft in Nordosteuropa. Regionale\u00a0Spezifik und europ\u00e4ische Zusammenh\u00e4nge (von Sirje\u00a0Tamul) (s\u00a0294)\u00a0\r\n\t<\/li>\r\n\t<li>\r\n\t\tLea Leppik: Kalefaktoripojast professoriks. Tartu \u00fclikooli teenistujate\u00a0sotsiaalne mobiilsus 1802\u20131918 [Janitor\u2019s son into professor.\u00a0The social mobility of employees of the University of\u00a0Tartu, 1802\u20131918] (von Bradley D. Woodworth) (s\u00a0299)\r\n\t<\/li>\r\n\t<li>\r\n\t\tA Pragmatic Alliance. Jewish-Lithuanian Political Cooperation\u00a0at the Beginning of the 20th Century (von Karsten Br\u00fcggemann) (s\u00a0305)\u00a0\r\n\t<\/li>\r\n\t<li>\r\n\t\tEncapsulated Voices: Estonian Sound Recordings from the\u00a0German Prisoner-of-War Camps in 1916\u20131918 (von T\u00f5nu\u00a0Tannberg) (s\u00a0308)\r\n\t<\/li>\r\n\t<li>\r\n\t\tMarju Mertelsmann &amp; Olaf Mertelsmann: Landreform\u00a0in Estland 1919. Die Reaktion von Esten und Deutschbalten\u00a0(von Heidi Lepplaan) (s\u00a0311)\r\n\t<\/li>\r\n\t<li>\r\n\t\t\u041e\u0431\u0440\u0430\u0437 \u0414\u0440\u0443\u0433\u043e\u0433\u043e \u2013 \u0441\u0442\u0440\u0430\u043d\u044b \u0411\u0430\u043b\u0442\u0438\u0438 \u0438 \u0421\u043e\u0432\u0435\u0442\u0441\u043a\u0438\u0439 \u0421\u043e\u044e\u0437 \u043f\u0435\u0440\u0435\u0434\u00a0\u0412\u0442\u043e\u0440\u043e\u0439 \u043c\u0438\u0440\u043e\u0432\u043e\u0439 \u0432\u043e\u0439\u043d\u043e\u0439 [Das Bild des Anderen \u2013 die baltischen\u00a0L\u00e4nder und die Sowjetunion vor dem Zweiten Weltkrieg]\u00a0(von T\u00f5nu Tannberg) (s\u00a0314)\r\n\t<\/li>\r\n\t<li>\r\n\t\tJ\u00fcri Ant: August Rei \u2013 Eesti riigimees, poliitik, diplomaat\u00a0[August Rei \u2013 ein estnischer Staatsmann, Politiker, Diplomat]\u00a0(von Ago Pajur) (s 316)\r\n\t<\/li>\r\n\t<li>\r\n\t\tReichskommissariat Ostland. Tatort und Erinnerungsobjekt\u00a0(von Kaspars Zellis) (s\u00a0319)\r\n\t<\/li>\r\n\t<li>\r\n\t\tChristoph Dieckmann: Deutsche Besatzungspolitik in\u00a0Litauen 1941\u20131944 (von Olaf Mertelsmann) (s\u00a0323)\r\n\t<\/li>\r\n\t<li>\r\n\t\tOlaf Mertelsmann: Everyday Life in Stalinist Estonia;\u00a0Ders.: Die Sowjetisierung Estlands und seiner Gesellschaft (von Olev Liivik) (s\u00a0327)\r\n\t<\/li>\r\n\t<li>\r\n\t\tKristin Roth-Ey: Moscow Prime Time. How the Soviet\u00a0Union Built the Media Empire that Lost the Cultural Cold\u00a0War; The Baltic Sea Region and the Cold War (von Karsten\r\n\t<\/li>\r\n\t<li>\r\n\t\tBr\u00fcggemann) (s\u00a0335)\u00a0\r\n\t<\/li>\r\n\t<li>\r\n\t\tMood ja k\u00fclm s\u00f5da. Fashion and the Cold War (von Nathalie\u00a0Keigel) (s\u00a0341)\r\n\t<\/li>\r\n\t<li>\r\n\t\t\u201eSchleichwege\u201c: Inoffi zielle Begegnungen sozialistischer Staatsb\u00fcrger\u00a0zwischen 1956 und 1989 (von Oliver Pagel) (s\u00a0344)\r\n\t<\/li>\r\n\t<li>\r\n\t\tTh e Geopolitics of History in Latvian-Russian Relations (von\u00a0Artis Pabriks) (s\u00a0349)\r\n\t<\/li>\r\n\t<li>\r\n\t\tDie Archive Estlands im europ\u00e4ischen Kontext (von Manfred\u00a0von Boetticher) (s\u00a0352)\r\n\t<\/li>\r\n<\/ul>\r\n\r\n<p>\r\n\t\u00a0\r\n<\/p>\r\n<br><div class=\"wp-block-group attached-files-group is-layout-constrained wp-block-group-is-layout-constrained\"><div class=\"wp-block-file\"><a href=\"https:\/\/sisu.ut.ee\/wp-content\/uploads\/sites\/279\/fzbg-8-2013.pdf\" target=\"_blank\" rel=\"noreferrer noopener\">fzbg-8-2013.pdf<\/a><\/div><\/div>","protected":false},"excerpt":{"rendered":"<p>Forschungen zur baltischen Geschichte 8 \/ 2013 (pdf) \u00a0 Aufs\u00e4tze Anu M\u00e4nd: Frauen, Memoria und Sakralr\u00e4ume im sp\u00e4tmittelalterlichen\u00a0Livland (s\u00a011) P\u00e4rtel Piirim\u00e4e: Staatenbund oder St\u00e4ndestaat? Der livl\u00e4ndische\u00a0Landtag im Zeitalter Wolters von Plettenberg (1494\u20131535) (s\u00a040) M\u0101r\u012bte Jakov\u013ceva: Mythos und Realit\u00e4t: Zur Flotte &#8230;<\/p>\n","protected":false},"author":148,"featured_media":0,"parent":0,"menu_order":0,"comment_status":"closed","ping_status":"closed","template":"","meta":{"_acf_changed":false,"inline_featured_image":false,"footnotes":""},"class_list":["post-9","page","type-page","status-publish","hentry"],"acf":[],"_links":{"self":[{"href":"https:\/\/sisu.ut.ee\/fzbg\/wp-json\/wp\/v2\/pages\/9","targetHints":{"allow":["GET"]}}],"collection":[{"href":"https:\/\/sisu.ut.ee\/fzbg\/wp-json\/wp\/v2\/pages"}],"about":[{"href":"https:\/\/sisu.ut.ee\/fzbg\/wp-json\/wp\/v2\/types\/page"}],"author":[{"embeddable":true,"href":"https:\/\/sisu.ut.ee\/fzbg\/wp-json\/wp\/v2\/users\/148"}],"replies":[{"embeddable":true,"href":"https:\/\/sisu.ut.ee\/fzbg\/wp-json\/wp\/v2\/comments?post=9"}],"version-history":[{"count":2,"href":"https:\/\/sisu.ut.ee\/fzbg\/wp-json\/wp\/v2\/pages\/9\/revisions"}],"predecessor-version":[{"id":148,"href":"https:\/\/sisu.ut.ee\/fzbg\/wp-json\/wp\/v2\/pages\/9\/revisions\/148"}],"wp:attachment":[{"href":"https:\/\/sisu.ut.ee\/fzbg\/wp-json\/wp\/v2\/media?parent=9"}],"curies":[{"name":"wp","href":"https:\/\/api.w.org\/{rel}","templated":true}]}}

<h3>
	<img loading="lazy" decoding="async" width="913" height="1445" class="alignnone wp-image-47" style="width: 250px;height: 396px;float: right" src="https://sisu.ut.ee/wp-content/uploads/sites/279/fzbg-8-kaas-page-001_esikulg.jpg" title="fzbg-8-kaas-page-001_esikulg.jpg" alt="Forschungen zur baltischen Geschichte 8 / 2013" srcset="https://sisu.ut.ee/wp-content/uploads/sites/279/fzbg-8-kaas-page-001_esikulg.jpg 913w, https://sisu.ut.ee/wp-content/uploads/sites/279/fzbg-8-kaas-page-001_esikulg-190x300.jpg 190w, https://sisu.ut.ee/wp-content/uploads/sites/279/fzbg-8-kaas-page-001_esikulg-647x1024.jpg 647w, https://sisu.ut.ee/wp-content/uploads/sites/279/fzbg-8-kaas-page-001_esikulg-768x1216.jpg 768w" sizes="auto, (max-width: 913px) 100vw, 913px"><a data-fid="63112" href="https://sisu.ut.ee/wp-content/uploads/sites/279/fzbg-8-2013.pdf">Forschungen zur baltischen Geschichte 8 / 2013 (pdf)</a>
</h3>

<p>
	 
</p>

<p>
	<strong>Aufsätze</strong>
</p>

<ul>
	<li>
		Anu Mänd: Frauen, Memoria und Sakralräume im spätmittelalterlichen Livland (s 11)
	</li>
	<li>
		Pärtel Piirimäe: Staatenbund oder Ständestaat? Der livländische Landtag im Zeitalter Wolters von Plettenberg (1494–1535) (s 40)
	</li>
	<li>
		Mārīte Jakovļeva: Mythos und Realität: Zur Flotte und zum Schiff bau im Herzogtum Kurland (s 81)
	</li>
	<li>
		Hannes Vinnal: Der baltische Getreidehandel und das internationale Preisniveau: Der Roggenpreis in Reval im 18. Jahrhundert (s 103)
	</li>
	<li>
		Raivis Bičevskis &amp; Aija Taimiņa: Johann Georg Hamanns kameralwissenschaftliche Studien und Johann Christoph Berens’ Vision von Riga: ein utopisches Projekt aus der zweiten Hälfte des 18. Jahrhunderts (s 127)
	</li>
	<li>
		Tõnno Jonuks: Der estnische Nationalismus und sein Konzept der prähistorischen Religion: Die Nation als Gestalterin des Religionsbildes (s 145)
	</li>
	<li>
		Martin Pabst: Deutschbaltischer Neubeginn 1945–1952 (s 165)
	</li>
	<li>
		Odeta Mikštaitė: Der „Singende Stalinismus“: Zur Entstehung der Massenkultur auf dem Gebiet der Folklore in der Litauischen SSR (s 192)
	</li>
</ul>

<p>
	<strong>Mitteilungen</strong>
</p>

<ul>
	<li>
		Birgit Kibal: Estnische Archivmaterialien im Internet (s 215)
	</li>
	<li>
		Aivar Põldvee: Sodomie, gender studies und die baltische Geschichte: Anmerkungen zu einer schwedischen Dissertation (s 220)
	</li>
	<li>
		Karsten Brüggemann: Der imperial turn in Estland: Anmerkungen zu Toomas Karjahärms „Das Russische Imperium und der Nationalismus“ (s 228)
	</li>
	<li>
		Mārtiņš Kaprāns: Die Institutionalisierung der Erforschung des sozialen Gedächtnisses in Lettland (s 236)
	</li>
	<li>
		Anita Čerpinska: Ein Rückblick auf die Feiern in Lettland aus Anlass des 200. Jahrestags des Krieges von 1812 (s 245)
	</li>
	<li>
		Juhan Kreem: Th e First Conference of Baltic Urban History in Riga (10.–12. Oktober 2012): Ein Tagungsbericht (s 255)
	</li>
</ul>

<p>
	<strong>Besprechungen</strong>
</p>

<ul>
	<li>
		Andres Tvauri: Th e Migration Period, Pre-Viking Age, and Viking Age in Estonia (von Andrejs Vasks) (s 259) 
	</li>
	<li>
		Geschichtsschreibung im mittelalterlichen Livland (von Marek Tamm) (s 263) 
	</li>
	<li>
		Crusading and Chronicle Writing on the Medieval Baltic Frontier. A Companion to the Chronicle of Henry of Livonia (von Volker Honemann) (s 270)
	</li>
	<li>
		Russland an der Ostsee. Imperiale Strategien der Macht und kulturelle Wahrnehmungsmuster (16. bis 20. Jahrhundert) (von Mati Laur) (s 272)
	</li>
	<li>
		Die baltischen Lande im Zeitalter der Reformation und Konfessionalisierung. Livland, Estland, Ösel, Ingermanland, Kurland und Lettgallen. Stadt, Land und Konfession 1500–1721 (von Madis Maasing) (s 276) 
	</li>
	<li>
		Dennis Hormuth: Livonia est omnis divisa in partes tres. Studien zum mental mapping der livländischen Chronistik in der Frühen Neuzeit (1558–1721) (von Anti Selart) (s 280)
	</li>
	<li>
		Från Nyens skans till Nya Sverige: språken i det Svenska Riket under 1600-talet [Von Nyenschantz bis Neuschweden: Die Sprachen im Schwedischen Reich im 17. Jahrhundert] (von Enn Küng) (s 283) 
	</li>
	<li>
		Johannes Bobrowski: Pruzzische Vokabeln. An Old Prussian Glossary (von Giedrė Čepaitienė &amp; Indrė Brokartaitė-Pladienė) (s 289)
	</li>
	<li>
		Eesti ajaloost 19.–20. sajandil. Uurimusi historiograafiast, allika õpetusest ja institutsioonidest [Über die Geschichte Estlands im 19. und 20. Jahrhundert. Forschungen zur Historiografie, Quellenkunde und zu den Institutionen] (von Raiko Jäärats) (s 292)
	</li>
	<li>
		Vereinskultur und Zivilgesellschaft in Nordosteuropa. Regionale Spezifik und europäische Zusammenhänge (von Sirje Tamul) (s 294) 
	</li>
	<li>
		Lea Leppik: Kalefaktoripojast professoriks. Tartu ülikooli teenistujate sotsiaalne mobiilsus 1802–1918 [Janitor’s son into professor. The social mobility of employees of the University of Tartu, 1802–1918] (von Bradley D. Woodworth) (s 299)
	</li>
	<li>
		A Pragmatic Alliance. Jewish-Lithuanian Political Cooperation at the Beginning of the 20th Century (von Karsten Brüggemann) (s 305) 
	</li>
	<li>
		Encapsulated Voices: Estonian Sound Recordings from the German Prisoner-of-War Camps in 1916–1918 (von Tõnu Tannberg) (s 308)
	</li>
	<li>
		Marju Mertelsmann &amp; Olaf Mertelsmann: Landreform in Estland 1919. Die Reaktion von Esten und Deutschbalten (von Heidi Lepplaan) (s 311)
	</li>
	<li>
		Образ Другого – страны Балтии и Советский Союз перед Второй мировой войной [Das Bild des Anderen – die baltischen Länder und die Sowjetunion vor dem Zweiten Weltkrieg] (von Tõnu Tannberg) (s 314)
	</li>
	<li>
		Jüri Ant: August Rei – Eesti riigimees, poliitik, diplomaat [August Rei – ein estnischer Staatsmann, Politiker, Diplomat] (von Ago Pajur) (s 316)
	</li>
	<li>
		Reichskommissariat Ostland. Tatort und Erinnerungsobjekt (von Kaspars Zellis) (s 319)
	</li>
	<li>
		Christoph Dieckmann: Deutsche Besatzungspolitik in Litauen 1941–1944 (von Olaf Mertelsmann) (s 323)
	</li>
	<li>
		Olaf Mertelsmann: Everyday Life in Stalinist Estonia; Ders.: Die Sowjetisierung Estlands und seiner Gesellschaft (von Olev Liivik) (s 327)
	</li>
	<li>
		Kristin Roth-Ey: Moscow Prime Time. How the Soviet Union Built the Media Empire that Lost the Cultural Cold War; The Baltic Sea Region and the Cold War (von Karsten
	</li>
	<li>
		Brüggemann) (s 335) 
	</li>
	<li>
		Mood ja külm sõda. Fashion and the Cold War (von Nathalie Keigel) (s 341)
	</li>
	<li>
		„Schleichwege“: Inoffi zielle Begegnungen sozialistischer Staatsbürger zwischen 1956 und 1989 (von Oliver Pagel) (s 344)
	</li>
	<li>
		Th e Geopolitics of History in Latvian-Russian Relations (von Artis Pabriks) (s 349)
	</li>
	<li>
		Die Archive Estlands im europäischen Kontext (von Manfred von Boetticher) (s 352)
	</li>
</ul>

<p>
	 
</p>
<br><div class="wp-block-group attached-files-group is-layout-constrained wp-block-group-is-layout-constrained"><div class="wp-block-file"><a href="https://sisu.ut.ee/wp-content/uploads/sites/279/fzbg-8-2013.pdf" target="_blank" rel="noreferrer noopener">fzbg-8-2013.pdf</a></div></div>

<p>Forschungen zur baltischen Geschichte 8 / 2013 (pdf)   Aufsätze Anu Mänd: Frauen, Memoria und Sakralräume im spätmittelalterlichen Livland (s 11) Pärtel Piirimäe: Staatenbund oder Ständestaat? Der livländische Landtag im Zeitalter Wolters von Plettenberg (1494–1535) (s 40) Mārīte Jakovļeva: Mythos und Realität: Zur Flotte &#8230;</p>
