{"id":5,"date":"2024-04-04T04:16:47","date_gmt":"2024-04-04T01:16:47","guid":{"rendered":"https:\/\/sisu.ut.ee\/fzbg\/forschungen-zur-baltischen-geschichte-12-2017\/"},"modified":"2024-04-04T04:17:08","modified_gmt":"2024-04-04T01:17:08","slug":"forschungen-zur-baltischen-geschichte-12-2017","status":"publish","type":"page","link":"https:\/\/sisu.ut.ee\/fzbg\/forschungen-zur-baltischen-geschichte-12-2017\/","title":{"rendered":"Forschungen zur baltischen Geschichte 12 \/ 2017"},"content":{"rendered":"<h3>\r\n\t<img loading=\"lazy\" decoding=\"async\" width=\"927\" height=\"1440\" class=\"alignnone wp-image-38\" style=\"width: 250px;height: 388px;float: right\" src=\"https:\/\/sisu.ut.ee\/wp-content\/uploads\/sites\/279\/fzbg-12-kaas-page-001_esikulg.jpg\" title=\"fzbg-12-kaas-page-001_esikulg.jpg\" alt=\"Forschungen zur baltischen Geschichte 12 \/ 2017\" srcset=\"https:\/\/sisu.ut.ee\/wp-content\/uploads\/sites\/279\/fzbg-12-kaas-page-001_esikulg.jpg 927w, https:\/\/sisu.ut.ee\/wp-content\/uploads\/sites\/279\/fzbg-12-kaas-page-001_esikulg-193x300.jpg 193w, https:\/\/sisu.ut.ee\/wp-content\/uploads\/sites\/279\/fzbg-12-kaas-page-001_esikulg-659x1024.jpg 659w, https:\/\/sisu.ut.ee\/wp-content\/uploads\/sites\/279\/fzbg-12-kaas-page-001_esikulg-768x1193.jpg 768w\" sizes=\"auto, (max-width: 927px) 100vw, 927px\"><a data-fid=\"63097\" href=\"https:\/\/sisu.ut.ee\/wp-content\/uploads\/sites\/279\/fzbg-12-2017.pdf\">Forschungen zur baltischen Geschichte 12 \/ 2017 (pdf)<\/a>\r\n<\/h3>\r\n\r\n<p>\r\n\t\u00a0\r\n<\/p>\r\n\r\n<p>\r\n\t<strong>Aufs\u00e4tze<\/strong>\r\n<\/p>\r\n\r\n<ul>\r\n\t<li>\r\n\t\tSergej Polechov: Neue russische Quelleneditionen zu den altrussisch-livl\u00e4ndischen Beziehungen (s\u00a011)\r\n\t<\/li>\r\n\t<li>\r\n\t\tMadis Maasing: Die Bisch\u00f6fe von Kurland zwischen Livland und Preu\u00dfen in der ersten H\u00e4lfte des 16. Jahrhunderts (s\u00a060)\r\n\t<\/li>\r\n\t<li>\r\n\t\tGvido Straube: Die Idee der Volksschule im Diskurs der livl\u00e4ndischen Herrschaftsstrukturen im 17. und 18. Jahrhundert (S 84)\r\n\t<\/li>\r\n\t<li>\r\n\t\tMatthias M\u00fcller: Lotterien im 18. Jahrhundert: Das Beispiel Reval (s\u00a0109)\r\n\t<\/li>\r\n\t<li>\r\n\t\tJ\u00f6rg Hackmann: S\u00e4ngerfeste in den russl\u00e4ndischen Ostseeprovinzen vor 1914: Symbolische Ordnungen zwischen kulturellen Verflechtungen und Abgrenzungen (s\u00a0131)\r\n\t<\/li>\r\n\t<li>\r\n\t\tTrude Maurer: \u201e\u2026unn\u00fctz, emanzipiert und nicht einmal standesgem\u00e4\u00df\u201c? Studium und Promotion baltischer Frauen an deutschen Universit\u00e4ten bis 1918 (s\u00a0162)\r\n\t<\/li>\r\n\t<li>\r\n\t\tJ\u0101nis \u0136eruss: Eine Flucht in den Westen mit einem Trawler aus dem Fischereikolchos \u201eBo\u013c\u0161eviks\u201c im Januar 1953: Motive, Verlauf, Auswirkungen (s\u00a0193)\r\n\t<\/li>\r\n\t<li>\r\n\t\tMaarja Merivoo-Parro: Estonian by Education: Estonian Supplemental Schools in Cold War America (s 220)\r\n\t<\/li>\r\n\t<li>\r\n\t\tDarius Stali\u016bnas: Der litauische Spielfilm \u201eTadas Blinda. Der Anfang\u201c und 1863 als Erinnerungsort in Litauen (s\u00a0251)\r\n\t<\/li>\r\n\t<li>\r\n\t\tEkaterina Makhotina: Revolutionierung der Museen, Musealisierung der Revolution: Inszenierung der Geschichte im Revolutionsmuseum der Litauischen SSR (s\u00a0266)\r\n\t<\/li>\r\n<\/ul>\r\n\r\n<p>\r\n\t<strong>Mitteilungen<\/strong>\r\n<\/p>\r\n\r\n<ul>\r\n\t<li>\r\n\t\tEve Rannam\u00e4e: Dreitausend Jahre Schafe in Estland (s\u00a0293)\r\n\t<\/li>\r\n\t<li>\r\n\t\tMatthias Thumser: Die Amtsb\u00fccher im Archiv der Rigaer Schwarzenh\u00e4upter (s\u00a0307)\r\n\t<\/li>\r\n\t<li>\r\n\t\tMartin Kl\u00f6ker: Der \u00e4lteste Katalog der Revaler Olaibibliothek? Ein r\u00e4tselhafter Fund (s\u00a0322)\r\n\t<\/li>\r\n\t<li>\r\n\t\tMare Oja: Geschichtsunterricht in den russischsprachigen Schulen Estlands nach der Wiederherstellung der Unabh\u00e4ngigkeit (s\u00a0337)\r\n\t<\/li>\r\n<\/ul>\r\n\r\n<p>\r\n\t<strong>Besprechungen<\/strong>\r\n<\/p>\r\n\r\n<ul>\r\n\t<li>\r\n\t\tIneta Balode, Dzintra Lele-Rozent\u0101le: Deutsch im Baltikum. Eine annotierte Forschungsbibliographie (von Martin Kl\u00f6ker) (s\u00a0359)\r\n\t<\/li>\r\n\t<li>\r\n\t\tThe Teutonic Order in Prussia and Livonia. The Political and Ecclesiastical Structures 13th\u201316th Century (von Juhan Kreem) (s\u00a0361)\r\n\t<\/li>\r\n\t<li>\r\n\t\tKadri-Rutt Hahn: Revaler Testamente im 15. und 16. Jahrhundert (von Anu M\u00e4nd) (s\u00a0365)\r\n\t<\/li>\r\n\t<li>\r\n\t\tThe Pskovo-Pechersky Monastery During the Livonian War (1558\u20131582). Holdings in Estonia \/ Pskovo-Pe\u010derskij monastyr\u2019 vo vremja Livonskoj vojny (1558\u20131582 gg.).\u00a0Zemlevladenie v \u0116stonii (von Mati Laur) (s\u00a0372)\r\n\t<\/li>\r\n\t<li>\r\n\t\tDennis Hormuth: Das Memorialbuch der \u00c4ltestenbank der Gro\u00dfen Gilde zu Riga 1677\u20131701 (von Madlena Mahling) (s\u00a0375)\r\n\t<\/li>\r\n\t<li>\r\n\t\tDas Baltikum als Konstrukt (18.\u201319. Jahrhundert). Von einer Kolonialwahrnehmung zu einem nationalen Diskurs (von Karsten Br\u00fcggemann) (s\u00a0382)\r\n\t<\/li>\r\n\t<li>\r\n\t\tBibliothekskataloge der Tallinner Literaten des 18. Jahrhunderts (von Martin Kl\u00f6ker) (s\u00a0387)\r\n\t<\/li>\r\n\t<li>\r\n\t\tHenning von Wistinghausen: Freimaurer und Aufkl\u00e4rung im Russischen Reich. Die Revaler Logen 1773\u20131820 (von Martin Kl\u00f6ker) (s\u00a0390)\r\n\t<\/li>\r\n\t<li>\r\n\t\tAugust von Kotzebue im estnisch-deutschen Dialog (von Aija Sakova) (s\u00a0392)\r\n\t<\/li>\r\n\t<li>\r\n\t\tKunstnik ja Kleio. Ajalugu ja kunst 19. sajandil [Der K\u00fcnstler und Klio. Geschichte und Kunst im 19. Jahrhundert] (von Andreas F\u00fclberth) (s\u00a0396)\r\n\t<\/li>\r\n\t<li>\r\n\t\tRossija i Baltija VII. Pamjatnye daty i istori\u010deskaja pamjat\u2019 [Russland und das Baltikum VII. Gedenktage und historisches Ged\u00e4chtnis] (von Anita \u010cerpinska) (s\u00a0402)\r\n\t<\/li>\r\n\t<li>\r\n\t\tCord Aschenbrenner: Das evangelische Pfarrhaus. 300 Jahre Glaube, Geist und Macht: Eine Familiengeschichte (von Aira V\u00f5sa) (s 406)\r\n\t<\/li>\r\n\t<li>\r\n\t\tJ\u016bliuss D\u0113rings [Julius D\u00f6ring]: Ko es nekad negrib\u0113tu aizmirst jeb Atmi\u0146as no manas dz\u012bves [Was ich nicht gern vergessen m\u00f6chte oder Erinnerungen aus meinem Leben] (von M\u0101rti\u0146\u0161 Mintaurs) (s\u00a0411)\r\n\t<\/li>\r\n\t<li>\r\n\t\tMati Laur, Kersti Lust, Priit Pirsko, \u00dclle Tarkiainen: Talude p\u00e4riseksostmine P\u00e4rnumaa andmestiku p\u00f5hjal [Der Bauernlandverkauf in Livland auf der Grundlage der Angaben zum Kreis Pernau] (von David Feest) (s\u00a0416)\r\n\t<\/li>\r\n\t<li>\r\n\t\tFrithjof Benjamin Schenk: Russlands Fahrt in die Moderne. Mobilit\u00e4t und sozialer Raum im Eisenbahnzeitalter (von Karsten Br\u00fcggemann) (s\u00a0419)\r\n\t<\/li>\r\n\t<li>\r\n\t\tToomas Karjah\u00e4rm: 1905. aasta Eestis: sotsialistid ja terroristid [Das Jahr 1905 in Estland: Sozialisten und Terroristen]; 1905. aasta Eestis: m\u00e4lestused [Das Jahr 1905 in Estland: Erinnerungen] (von Mart Kuldkepp) (s\u00a0423)\r\n\t<\/li>\r\n\t<li>\r\n\t\tJonathan D. Smele: The \u201eRussian\u201c Civil Wars, 1916\u20131926. Ten Years That Shook the World (von Karsten Br\u00fcggemann) (s\u00a0428)\r\n\t<\/li>\r\n\t<li>\r\n\t\tThe Life, Times and Work of Jok\u016bbas Robinzonas \u2013 Jacob Robinson (by Kaarel Piirim\u00e4e) (s\u00a0433)\r\n\t<\/li>\r\n\t<li>\r\n\t\tBeyond the Divide: Entangled Histories of Cold War Europe (von Lars Fredrik St\u00f6cker) (s\u00a0435)\r\n\t<\/li>\r\n\t<li>\r\n\t\tThe Baltic States under Stalinist Rule (von Daina Bleiere) (s\u00a0439)\r\n\t<\/li>\r\n\t<li>\r\n\t\tBehind the Iron Curtain: Soviet Estonia in the Era of the Cold War (von Lars Fredrik St\u00f6cker) (s\u00a0445)\r\n\t<\/li>\r\n\t<li>\r\n\t\tSaulius Grybkauskas: Sovietinis \u201egeneralgubernatorius\u201c: Komunist\u0173 partij\u0173 antrieji sekretoriai Soviet\u0173 S\u0105jungos respublikose [Die sowjetischen \u201eGeneralgouverneure\u201c: Die Zweiten Sekret\u00e4re der Kommunistischen Partei in den Sowjetrepubliken] (von Daina Bleiere) (s\u00a0449)\r\n\t<\/li>\r\n\t<li>\r\n\t\tKatja Wezel: Geschichte als Politikum. Lettland und die Aufarbeitung nach der Diktatur (von Eva-Clarita Pettai) (s\u00a0453)\r\n\t<\/li>\r\n\t<li>\r\n\t\tMeike Wulf: Shadowlands. Memory and History in Post-Soviet Estonia (von Karsten Br\u00fcggemann) (s\u00a0457)\r\n\t<\/li>\r\n\t<li>\r\n\t\tAgnia Grigas: Beyond Crimea: The New Russian Empire (von Ivan Lavrentjev)\u00a0 (s 462)\r\n\t<\/li>\r\n<\/ul>\r\n\r\n\r\n<br><div class=\"wp-block-group attached-files-group is-layout-constrained wp-block-group-is-layout-constrained\"><div class=\"wp-block-file\"><a href=\"https:\/\/sisu.ut.ee\/wp-content\/uploads\/sites\/279\/fzbg-12-2017.pdf\" target=\"_blank\" rel=\"noreferrer noopener\">fzbg-12-2017.pdf<\/a><\/div><\/div>","protected":false},"excerpt":{"rendered":"<p>Forschungen zur baltischen Geschichte 12 \/ 2017 (pdf) \u00a0 Aufs\u00e4tze Sergej Polechov: Neue russische Quelleneditionen zu den altrussisch-livl\u00e4ndischen Beziehungen (s\u00a011) Madis Maasing: Die Bisch\u00f6fe von Kurland zwischen Livland und Preu\u00dfen in der ersten H\u00e4lfte des 16. Jahrhunderts (s\u00a060) Gvido Straube: &#8230;<\/p>\n","protected":false},"author":148,"featured_media":0,"parent":0,"menu_order":0,"comment_status":"closed","ping_status":"closed","template":"","meta":{"_acf_changed":false,"inline_featured_image":false,"footnotes":""},"class_list":["post-5","page","type-page","status-publish","hentry"],"acf":[],"_links":{"self":[{"href":"https:\/\/sisu.ut.ee\/fzbg\/wp-json\/wp\/v2\/pages\/5","targetHints":{"allow":["GET"]}}],"collection":[{"href":"https:\/\/sisu.ut.ee\/fzbg\/wp-json\/wp\/v2\/pages"}],"about":[{"href":"https:\/\/sisu.ut.ee\/fzbg\/wp-json\/wp\/v2\/types\/page"}],"author":[{"embeddable":true,"href":"https:\/\/sisu.ut.ee\/fzbg\/wp-json\/wp\/v2\/users\/148"}],"replies":[{"embeddable":true,"href":"https:\/\/sisu.ut.ee\/fzbg\/wp-json\/wp\/v2\/comments?post=5"}],"version-history":[{"count":2,"href":"https:\/\/sisu.ut.ee\/fzbg\/wp-json\/wp\/v2\/pages\/5\/revisions"}],"predecessor-version":[{"id":152,"href":"https:\/\/sisu.ut.ee\/fzbg\/wp-json\/wp\/v2\/pages\/5\/revisions\/152"}],"wp:attachment":[{"href":"https:\/\/sisu.ut.ee\/fzbg\/wp-json\/wp\/v2\/media?parent=5"}],"curies":[{"name":"wp","href":"https:\/\/api.w.org\/{rel}","templated":true}]}}