{"id":19,"date":"2024-04-04T04:16:48","date_gmt":"2024-04-04T01:16:48","guid":{"rendered":"https:\/\/sisu.ut.ee\/fzbg\/kontakt\/"},"modified":"2024-04-04T04:17:08","modified_gmt":"2024-04-04T01:17:08","slug":"kontakt","status":"publish","type":"page","link":"https:\/\/sisu.ut.ee\/fzbg\/kontakt\/","title":{"rendered":"Kontakt"},"content":{"rendered":"<div>\n<h3 style=\"margin:0cm;margin-bottom:.0001pt\">\n\t\t<span lang=\"DE\" style=\"color:black\">Redaktion<\/span><br>\n\t<\/h3>\n<p>\n\t\t\u00a0\n\t<\/p>\n<p>\n\t\tForschungen zur baltischen Geschichte<br>Institut f\u00fcr Geschichte und Arch\u00e4ologie<br>Universit\u00e4t Tartu<br>\u00dclikooli 18<br>EE 50090 Tartu<br>Estland<br>E-Mail: <a href=\"mailto:fzbg@ut.ee\">fzbg@ut.ee<\/a>\u00a0\n\t<\/p>\n<h3 style=\"margin:0cm;margin-bottom:.0001pt\">\n\t\t\u00a0<br>\n\t<\/h3>\n<h3 style=\"margin:0cm;margin-bottom:.0001pt\">\n\t\t<span lang=\"DE\" style=\"color:black\">Herausgeber<\/span><br>\n\t<\/h3>\n<p>\n\t\t<span lang=\"DE\"><span style=\"color:black\"><span style=\"font-weight:normal\">Mati Laur: <a href=\"mailto:mati.laur@ut.ee\">mati.laur@ut.ee<\/a><\/span><\/span><\/span>\n\t<\/p>\n<p>\n\t\t<span lang=\"DE\"><span style=\"color:black\"><span style=\"font-weight:normal\">Karsten Br\u00fcggemann: <a href=\"mailto:karsten.bruggemann@tlu.ee\">karsten.bruggemann@tlu.ee<\/a><\/span><\/span><\/span>\n\t<\/p>\n<h3 style=\"margin:0cm;margin-bottom:.0001pt\">\n\t\t\u00a0<br>\n\t<\/h3>\n<h3 style=\"margin:0cm;margin-bottom:.0001pt\">\n\t\t<span lang=\"DE\" style=\"color:black\">Abonnement<\/span><br>\n\t<\/h3>\n<p>\n\t\t<span lang=\"DE\"><span style=\"line-height:107%\"><span style=\",serif\"><span style=\"color:black\">Informationen \u00fcber Bestellungsm\u00f6glichkeiten unter <\/span><\/span><\/span><\/span><a data-url=\"https:\/\/brill.com\/page\/contactsales\" href=\"https:\/\/brill.com\/page\/contactsales\" target=\"_blank\" title=\"\" rel=\"noopener\">https:\/\/brill.com\/page\/contactsales<\/a><span lang=\"DE\"><span style=\"line-height:107%\"><span style=\",serif\"><span style=\"color:black\"> <\/span><\/span><\/span><\/span>\n\t<\/p>\n<h3>\n\t\t\u00a0<br>\n\t<\/h3>\n<\/div>\n<p>\n\t<span style=\"color:#000000\"><img loading=\"lazy\" decoding=\"async\" width=\"400\" height=\"71\" class=\"alignnone wp-image-66\" style=\"margin: 10px\" src=\"https:\/\/sisu.ut.ee\/wp-content\/uploads\/sites\/279\/ut.png\" title=\"ut.png\" alt=\"ut.png\" srcset=\"https:\/\/sisu.ut.ee\/wp-content\/uploads\/sites\/279\/ut.png 400w, https:\/\/sisu.ut.ee\/wp-content\/uploads\/sites\/279\/ut-300x53.png 300w\" sizes=\"auto, (max-width: 400px) 100vw, 400px\"><img loading=\"lazy\" decoding=\"async\" width=\"560\" height=\"215\" class=\"alignnone wp-image-65\" src=\"https:\/\/sisu.ut.ee\/wp-content\/uploads\/sites\/279\/tlu.png\" title=\"tlu.png\" alt=\"tlu.png\" srcset=\"https:\/\/sisu.ut.ee\/wp-content\/uploads\/sites\/279\/tlu.png 560w, https:\/\/sisu.ut.ee\/wp-content\/uploads\/sites\/279\/tlu-300x115.png 300w\" sizes=\"auto, (max-width: 560px) 100vw, 560px\"><img loading=\"lazy\" decoding=\"async\" width=\"760\" height=\"265\" class=\"alignnone wp-image-64\" src=\"https:\/\/sisu.ut.ee\/wp-content\/uploads\/sites\/279\/lu-logo-eng.jpg\" title=\"lu-logo-eng.jpg\" alt=\"lu-logo-eng.jpg\" srcset=\"https:\/\/sisu.ut.ee\/wp-content\/uploads\/sites\/279\/lu-logo-eng.jpg 760w, https:\/\/sisu.ut.ee\/wp-content\/uploads\/sites\/279\/lu-logo-eng-300x105.jpg 300w\" sizes=\"auto, (max-width: 760px) 100vw, 760px\"><img loading=\"lazy\" decoding=\"async\" width=\"591\" height=\"591\" class=\"alignnone wp-image-63\" src=\"https:\/\/sisu.ut.ee\/wp-content\/uploads\/sites\/279\/bhk_logo.png\" title=\"bhk_logo.png\" alt=\"bhk_logo.png\" srcset=\"https:\/\/sisu.ut.ee\/wp-content\/uploads\/sites\/279\/bhk_logo.png 591w, https:\/\/sisu.ut.ee\/wp-content\/uploads\/sites\/279\/bhk_logo-300x300.png 300w, https:\/\/sisu.ut.ee\/wp-content\/uploads\/sites\/279\/bhk_logo-150x150.png 150w\" sizes=\"auto, (max-width: 591px) 100vw, 591px\"><\/span><\/p>\n","protected":false},"excerpt":{"rendered":"<p>Redaktion \u00a0 Forschungen zur baltischen GeschichteInstitut f\u00fcr Geschichte und Arch\u00e4ologieUniversit\u00e4t Tartu\u00dclikooli 18EE 50090 TartuEstlandE-Mail: fzbg@ut.ee\u00a0 \u00a0 Herausgeber Mati Laur: mati.laur@ut.ee Karsten Br\u00fcggemann: karsten.bruggemann@tlu.ee \u00a0 Abonnement Informationen \u00fcber Bestellungsm\u00f6glichkeiten unter https:\/\/brill.com\/page\/contactsales \u00a0<\/p>\n","protected":false},"author":148,"featured_media":0,"parent":0,"menu_order":0,"comment_status":"closed","ping_status":"closed","template":"","meta":{"_acf_changed":false,"inline_featured_image":false,"footnotes":""},"class_list":["post-19","page","type-page","status-publish","hentry"],"acf":[],"_links":{"self":[{"href":"https:\/\/sisu.ut.ee\/fzbg\/wp-json\/wp\/v2\/pages\/19","targetHints":{"allow":["GET"]}}],"collection":[{"href":"https:\/\/sisu.ut.ee\/fzbg\/wp-json\/wp\/v2\/pages"}],"about":[{"href":"https:\/\/sisu.ut.ee\/fzbg\/wp-json\/wp\/v2\/types\/page"}],"author":[{"embeddable":true,"href":"https:\/\/sisu.ut.ee\/fzbg\/wp-json\/wp\/v2\/users\/148"}],"replies":[{"embeddable":true,"href":"https:\/\/sisu.ut.ee\/fzbg\/wp-json\/wp\/v2\/comments?post=19"}],"version-history":[{"count":1,"href":"https:\/\/sisu.ut.ee\/fzbg\/wp-json\/wp\/v2\/pages\/19\/revisions"}],"predecessor-version":[{"id":123,"href":"https:\/\/sisu.ut.ee\/fzbg\/wp-json\/wp\/v2\/pages\/19\/revisions\/123"}],"wp:attachment":[{"href":"https:\/\/sisu.ut.ee\/fzbg\/wp-json\/wp\/v2\/media?parent=19"}],"curies":[{"name":"wp","href":"https:\/\/api.w.org\/{rel}","templated":true}]}}