{"id":16,"date":"2024-04-04T04:16:48","date_gmt":"2024-04-04T01:16:48","guid":{"rendered":"https:\/\/sisu.ut.ee\/fzbg\/forschungen-zur-baltischen-geschichte-1-2006\/"},"modified":"2024-04-04T04:17:08","modified_gmt":"2024-04-04T01:17:08","slug":"forschungen-zur-baltischen-geschichte-1-2006","status":"publish","type":"page","link":"https:\/\/sisu.ut.ee\/fzbg\/forschungen-zur-baltischen-geschichte-1-2006\/","title":{"rendered":"Forschungen zur baltischen Geschichte 1 \/ 2006"},"content":{"rendered":"<h3>\r\n\t<img loading=\"lazy\" decoding=\"async\" width=\"927\" height=\"1444\" class=\"alignnone wp-image-62\" style=\"width: 250px;height: 389px;float: right\" src=\"https:\/\/sisu.ut.ee\/wp-content\/uploads\/sites\/279\/fzbg-1-kaas-page-001_esikulg.jpg\" title=\"fzbg-1-kaas-page-001_esikulg.jpg\" alt=\"Forschungen zur baltischen Geschichte 1 \/ 2006\" srcset=\"https:\/\/sisu.ut.ee\/wp-content\/uploads\/sites\/279\/fzbg-1-kaas-page-001_esikulg.jpg 927w, https:\/\/sisu.ut.ee\/wp-content\/uploads\/sites\/279\/fzbg-1-kaas-page-001_esikulg-193x300.jpg 193w, https:\/\/sisu.ut.ee\/wp-content\/uploads\/sites\/279\/fzbg-1-kaas-page-001_esikulg-657x1024.jpg 657w, https:\/\/sisu.ut.ee\/wp-content\/uploads\/sites\/279\/fzbg-1-kaas-page-001_esikulg-768x1196.jpg 768w\" sizes=\"auto, (max-width: 927px) 100vw, 927px\"><a data-fid=\"63125\" href=\"https:\/\/sisu.ut.ee\/wp-content\/uploads\/sites\/279\/fzbg-1-2006.pdf\">Forschungen zur baltischen Geschichte 1 \/ 2006 (pdf)<\/a>\r\n<\/h3>\r\n\r\n<p>\r\n\t<br><strong>Aufs\u00e4tze<\/strong>\r\n<\/p>\r\n\r\n<ul>\r\n\t<li>\r\n\t\tValter Lang: Die Wacke im vorzeitlichen und mittelalterlichen\u00a0Estland. Ein Beitrag zur Erforschung der vorzeitlichen Bodennutzung\u00a0und des Steuersystems (s\u00a07)\r\n\t<\/li>\r\n\t<li>\r\n\t\tAnti Selart: F\u00fcrst Konstantin von Polock und die Geschichte\u00a0Livlands im dritten Viertel des 13. Jahrhunderts (s 29)\r\n\t<\/li>\r\n\t<li>\r\n\t\tSulev Vahtre: Die Briefe an den Papst \u00fcber den Estenaufstand\u00a01343 (s\u00a045)\u00a0\r\n\t<\/li>\r\n\t<li>\r\n\t\tIvar Leimus: Die sp\u00e4tmittelalterliche gro\u00dfe Wirtschaftskrise in\u00a0Europa \u2013 war auch Livland davon betroff en? (s\u00a056)\r\n\t<\/li>\r\n\t<li>\r\n\t\tMargus Laidre: Der Hundertj\u00e4hrige Krieg (1558-1660\/61) in\u00a0Estland (s 68)\r\n\t<\/li>\r\n\t<li>\r\n\t\tEnn K\u00fcng: Die Entwicklung der Stadt Nyen im zweiten Viertel\u00a0des 17. Jahrhunderts (s\u00a082)\r\n\t<\/li>\r\n\t<li>\r\n\t\tTiit Rosenberg: Die Stadt Walk\/Valga im ersten Viertel des\u00a019. Jahrhunderts (s\u00a0108)\r\n\t<\/li>\r\n\t<li>\r\n\t\tT\u00f5nu Tannberg: Numerus clausus in der russischen Armee.\u00a0\u00dcber die religi\u00f6sen und nationalen Beschr\u00e4nkungen bei der Komplettierung\u00a0der Truppen in der zweiten H\u00e4lfte des 19. Jahrhunderts (s\u00a0125)\r\n\t<\/li>\r\n\t<li>\r\n\t\tAgo Pajur: Die Geburt des estnischen Unabh\u00e4ngigkeitsmanifests\u00a01918 (s\u00a0136)\r\n\t<\/li>\r\n\t<li>\r\n\t\tV\u00e4ino Sirk: Z\u00fcge der stalinistischen Politik in Bezug auf die\u00a0estnische Bildungselite (s\u00a0164)\r\n\t<\/li>\r\n<\/ul>\r\n\r\n<p>\r\n\t<strong>Mitteilungen<\/strong>\r\n<\/p>\r\n\r\n<ul>\r\n\t<li>\r\n\t\tKarsten Br\u00fcggemann: Gro\u00df und Klein in der Geschichte\u00a0des Ostseeraums. Konferenzbericht. (s 175)\r\n\t<\/li>\r\n\t<li>\r\n\t\tMati Laur: Dissertationen aus dem Fachbereich Geschichte der\u00a0Universit\u00e4t Tartu seit 1991 (s\u00a0184)\u00a0\r\n\t<\/li>\r\n\t<li>\r\n\t\tT\u00f5nu Tannberg: Zehn Jahre \u201eJahrespreis f\u00fcr die estnische Geschichtsschreibung\u201c\u00a0(1996-2005) (s\u00a0191)\r\n\t<\/li>\r\n<\/ul>\r\n\r\n<p>\r\n\t<strong>Besprechungen<\/strong>\r\n<\/p>\r\n\r\n<ul>\r\n\t<li>\r\n\t\tNarva und die Ostseeregion. Beitr\u00e4ge der II. Internationalen\u00a0Konferenz \u00fcber die politischen und kulturellen Beziehungen\u00a0zwischen Russland und der Ostseeregion (Kari Tarkiainen) (s 195)\r\n\t<\/li>\r\n\t<li>\r\n\t\t\u0421\u0442\u0440\u0430\u043d\u044b \u0411\u0430\u043b\u0442\u0438\u0438 \u0438 \u0420\u043e\u0441\u0441\u0438\u044f: \u043e\u0431\u0449\u0435\u0441\u0442\u0432\u0430 \u0438 \u0433\u043e\u0441\u0443\u0434\u0430\u0440\u0441\u0442\u0432\u0430 (T\u00f5nu\u00a0Tannberg) (s\u00a0202)\r\n\t<\/li>\r\n\t<li>\r\n\t\tEst land und Russland. Aspekte der Beziehungen beider L\u00e4nder\u00a0(Konrad Maier) (s\u00a0208)\r\n\t<\/li>\r\n\t<li>\r\n\t\tDie baltischen L\u00e4nder und der Norden. Festschrift f\u00fcr Helmut\u00a0Piirim\u00e4e zum 75. Geburtstag (Olaf Mertelsmann) (s\u00a0212)\r\n\t<\/li>\r\n\t<li>\r\n\t\tKeskus \u2013 tagamaa \u2013 \u00e4\u00e4rea la: uurimusi asustushierarhia ja\u00a0v\u00f5imukeskuste kujunemisest Eestis [Zentrum \u2013 Hinterland \u2013 Peripherie:\u00a0Studien \u00fcber die Entwicklung der Siedlungshierarchie\u00a0und der Machtzentren in Estland] (Heiki Valk) (s 216)\r\n\t<\/li>\r\n\t<li>\r\n\t\tEesti aastal 1200 [Estland im Jahre 1200] (Anti Selart) (s 219)\r\n\t<\/li>\r\n\t<li>\r\n\t\tSaare-L\u00e4\u00e4ne piiskopkond: Artiklid L\u00e4\u00e4ne-Eesti keskajast\u00a0[Das Bistum \u00d6sel-Wiek: Beitr\u00e4ge zum Mittelalter in Westestland]\u00a0(Linda Kaljundi) (s\u00a0223)\r\n\t<\/li>\r\n\t<li>\r\n\t\tEesti ajalugu. IV: P\u00f5hjas\u00f5jast p\u00e4risorjuse kaotamiseni [Estnische\u00a0Geschichte. IV: Vom Nordischen Krieg bis zur Aufhebung\u00a0der Leibeigenschaft] (Vello Helk) (s\u00a0228)\r\n\t<\/li>\r\n\t<li>\r\n\t\tMart Laar: \u00c4ratajad. Rahvuslik \u00e4rkamisaeg Eestis 19. sajandil ja\u00a0selle kandjad [Die Erwecker. Die Zeit des nationalen Erwachens\u00a0in Estland im 19. Jahrhundert und deren Protagonisten] (Kristi\u00a0Kukk) (s\u00a0240)\r\n\t<\/li>\r\n\t<li>\r\n\t\tJaak Valge: Lahtirakendamine: Eesti Vabariigi majanduse stabiliseerimine\u00a01918-1924 [Abtrennung: die Stabilisierung der Wirtschaft\u00a0der Republik Estland 1918-1924] (Kalev Kukk) (s\u00a0246)\r\n\t<\/li>\r\n\t<li>\r\n\t\tMagnus Ilmj\u00e4rv: H\u00e4\u00e4letu alistumine [Stumme Unterwerfung]\u00a0(Toomas Hiio) (s\u00a0257)\r\n\t<\/li>\r\n\t<li>\r\n\t\tS\u00f5ja ja rahu vahel. I: Eesti julgeolekupoliitika 1940. aastani\u00a0[Zwischen Krieg und Frieden. I: Die estnische Sicherheitspolitik bis zum Jahr 1940] ( Jaak Valge) (s\u00a0264)\r\n\t<\/li>\r\n\t<li>\r\n\t\tCarl G\u00f6ran Andr\u00e6: Sverige och den stora fl ykten fr\u00e5n Estland\u00a01943-1944 [Schweden und die gro\u00dfe Flucht aus Estland 1943-1944]\u00a0(Enn K\u00fcng) (s\u00a0274)\r\n\t<\/li>\r\n<\/ul>\r\n\r\n\r\n<br><div class=\"wp-block-group attached-files-group is-layout-constrained wp-block-group-is-layout-constrained\"><div class=\"wp-block-file\"><a href=\"https:\/\/sisu.ut.ee\/wp-content\/uploads\/sites\/279\/fzbg-1-2006.pdf\" target=\"_blank\" rel=\"noreferrer noopener\">fzbg-1-2006.pdf<\/a><\/div><\/div>","protected":false},"excerpt":{"rendered":"<p>Forschungen zur baltischen Geschichte 1 \/ 2006 (pdf) Aufs\u00e4tze Valter Lang: Die Wacke im vorzeitlichen und mittelalterlichen\u00a0Estland. Ein Beitrag zur Erforschung der vorzeitlichen Bodennutzung\u00a0und des Steuersystems (s\u00a07) Anti Selart: F\u00fcrst Konstantin von Polock und die Geschichte\u00a0Livlands im dritten Viertel des &#8230;<\/p>\n","protected":false},"author":148,"featured_media":0,"parent":0,"menu_order":0,"comment_status":"closed","ping_status":"closed","template":"","meta":{"_acf_changed":false,"inline_featured_image":false,"footnotes":""},"class_list":["post-16","page","type-page","status-publish","hentry"],"acf":[],"_links":{"self":[{"href":"https:\/\/sisu.ut.ee\/fzbg\/wp-json\/wp\/v2\/pages\/16","targetHints":{"allow":["GET"]}}],"collection":[{"href":"https:\/\/sisu.ut.ee\/fzbg\/wp-json\/wp\/v2\/pages"}],"about":[{"href":"https:\/\/sisu.ut.ee\/fzbg\/wp-json\/wp\/v2\/types\/page"}],"author":[{"embeddable":true,"href":"https:\/\/sisu.ut.ee\/fzbg\/wp-json\/wp\/v2\/users\/148"}],"replies":[{"embeddable":true,"href":"https:\/\/sisu.ut.ee\/fzbg\/wp-json\/wp\/v2\/comments?post=16"}],"version-history":[{"count":2,"href":"https:\/\/sisu.ut.ee\/fzbg\/wp-json\/wp\/v2\/pages\/16\/revisions"}],"predecessor-version":[{"id":141,"href":"https:\/\/sisu.ut.ee\/fzbg\/wp-json\/wp\/v2\/pages\/16\/revisions\/141"}],"wp:attachment":[{"href":"https:\/\/sisu.ut.ee\/fzbg\/wp-json\/wp\/v2\/media?parent=16"}],"curies":[{"name":"wp","href":"https:\/\/api.w.org\/{rel}","templated":true}]}}