{"id":13,"date":"2024-04-04T04:16:48","date_gmt":"2024-04-04T01:16:48","guid":{"rendered":"https:\/\/sisu.ut.ee\/fzbg\/forschungen-zur-baltischen-geschichte-4-2009\/"},"modified":"2024-04-04T04:17:08","modified_gmt":"2024-04-04T01:17:08","slug":"forschungen-zur-baltischen-geschichte-4-2009","status":"publish","type":"page","link":"https:\/\/sisu.ut.ee\/fzbg\/forschungen-zur-baltischen-geschichte-4-2009\/","title":{"rendered":"Forschungen zur baltischen Geschichte 4 \/ 2009"},"content":{"rendered":"<h3>\r\n\t<img loading=\"lazy\" decoding=\"async\" width=\"934\" height=\"1445\" class=\"alignnone wp-image-56\" style=\"width: 250px;height: 387px;float: right\" src=\"https:\/\/sisu.ut.ee\/wp-content\/uploads\/sites\/279\/fzbg-4-kaas-page-001_esikulg.jpg\" title=\"fzbg-4-kaas-page-001_esikulg.jpg\" alt=\"Forschungen zur baltischen Geschichte 4 \/ 2009\" srcset=\"https:\/\/sisu.ut.ee\/wp-content\/uploads\/sites\/279\/fzbg-4-kaas-page-001_esikulg.jpg 934w, https:\/\/sisu.ut.ee\/wp-content\/uploads\/sites\/279\/fzbg-4-kaas-page-001_esikulg-194x300.jpg 194w, https:\/\/sisu.ut.ee\/wp-content\/uploads\/sites\/279\/fzbg-4-kaas-page-001_esikulg-662x1024.jpg 662w, https:\/\/sisu.ut.ee\/wp-content\/uploads\/sites\/279\/fzbg-4-kaas-page-001_esikulg-768x1188.jpg 768w\" sizes=\"auto, (max-width: 934px) 100vw, 934px\"><a data-fid=\"63119\" href=\"https:\/\/sisu.ut.ee\/wp-content\/uploads\/sites\/279\/fzbg-4-2009.pdf\">Forschungen zur baltischen Geschichte 4 \/ 2009 (pdf)<\/a>\r\n<\/h3>\r\n\r\n<p>\r\n\t\u00a0\r\n<\/p>\r\n\r\n<p>\r\n\t<strong>Aufs\u00e4tze<\/strong>\r\n<\/p>\r\n\r\n<ul>\r\n\t<li>\r\n\t\tMikael Kristian Hansen: Die Kalmarer Union und der Deutsche\u00a0Orden 1410\u20131423: Die Estlandfrage (s\u00a011)\r\n\t<\/li>\r\n\t<li>\r\n\t\tAnti Selart: Das Wunder in Narva am 11. Mai 1558. Zur Geschichte\u00a0der russischen Polemik gegen die Reformation im 16.\u00a0Jahrhundert (s\u00a040)\r\n\t<\/li>\r\n\t<li>\r\n\t\tKari Tarkiainen: Christian Agricola und die schwedische Kirchenpolitik\u00a0in Estland 1583\u20131586 (s\u00a058)\r\n\t<\/li>\r\n\t<li>\r\n\t\tMarten Seppel: Gab es staatliche Hungerhilfe in den schwedischen\u00a0Ostseeprovinzen im 17. Jahrhundert? (s\u00a078)\r\n\t<\/li>\r\n\t<li>\r\n\t\tGvido Straube, Mati Laur: Der Hallische Pietismus und die\u00a0Herrnhuter Br\u00fcdergemeine in Liv- und Estland im 18. Jahrhundert (s\u00a097)\r\n\t<\/li>\r\n\t<li>\r\n\t\tAija Taimi\u0146a: \u201e\u2026 aus \u00e4chten und unverf\u00e4lschten Quellen\u201c: Ernst\u00a0Hennig, Wilhelm Friedrich Freiherr von Ungern-Sternberg,\u00a0Johann Christoph Brotze und ihre Arbeit an den Dokumenten\u00a0aus dem Geheimen Archiv in K\u00f6nigsberg (s 115)\r\n\t<\/li>\r\n\t<li>\r\n\t\tAgo Pajur: Der Ausbruch des Landeswehrkriegs. Die estnische\u00a0Perspektive (s 145)\r\n\t<\/li>\r\n\t<li>\r\n\t\tKaspars Zellis: Die Schlacht bei C\u0113sis, die Esten und das historische\u00a0Bewusstsein der Letten (s\u00a0170)\r\n\t<\/li>\r\n\t<li>\r\n\t\tT\u00f5nu Tannberg: Wie bek\u00e4mpft man die Waldbr\u00fcder? Die baltische\u00a0Frage im Kreml Ende 1944 (s\u00a0190)\r\n\t<\/li>\r\n\t<li>\r\n\t\tTiiu Kreegipuu: Die Darstellung der \u201eJuniwende\u201c vom 21. Juni\u00a01940 in der sowjet-estnischen Presse 1945\u20131960 (s\u00a0210)\r\n\t<\/li>\r\n<\/ul>\r\n\r\n<p>\r\n\t<strong>Mitteilungen<\/strong>\r\n<\/p>\r\n\r\n<ul>\r\n\t<li>\r\n\t\tLauri Vahtre: \u201eKodu lugu\u201c \u2013 zwanzig Jahre sp\u00e4ter (s 229)\r\n\t<\/li>\r\n\t<li>\r\n\t\tAndrei Hvostov: Zwanzig Jahre nationale Mobilmachung (s 234)\r\n\t<\/li>\r\n\t<li>\r\n\t\tLinda Kaljundi: \u201eEin sicherer Halt\u201c: Zum Verh\u00e4ltnis von Geschichte\u00a0und Analogieprinzip in \u201eKodu lugu\u201c (s 238)\r\n\t<\/li>\r\n\t<li>\r\n\t\tAlexander Ewig: Der Regierende Graf Wilhelm zu Schaumburg-Lippe und die Kr\u00e4uter- und Wurzeltrocknung Johann\u00a0Georg Eisens (s\u00a0249)\r\n\t<\/li>\r\n\t<li>\r\n\t\tWilhelm Lenz: Grasleben, Goslar, G\u00f6ttingen, Koblenz \u2013\u00a0Stationen der ausgelagerten Best\u00e4nde des Revaler Stadtachivs (1944\u20131990) (s\u00a0259)\r\n\t<\/li>\r\n\t<li>\r\n\t\tIneta Lip\u0161a: Die Erinnerungen eines lettischen Historikers und\u00a0das kollektive Ged\u00e4chtnis (s 268)\r\n\t<\/li>\r\n<\/ul>\r\n\r\n<p>\r\n\t<strong>Besprechungen<\/strong>\r\n<\/p>\r\n\r\n<ul>\r\n\t<li>\r\n\t\tAjalookirjutaja aeg. Aetas historicorum (von Arvo Tering) (s 273)\r\n\t<\/li>\r\n\t<li>\r\n\t\tJoachim Tauber, Ralph Tuchtenhagen: Vilnius. Kleine\u00a0Geschichte der Stadt (von Darius Baronas) (s 276)\r\n\t<\/li>\r\n\t<li>\r\n\t\tValter Lang: Th e Bronze and Early Iron Ages in Estonia (von\u00a0Andris \u0160n\u0113) (s\u00a0285)\r\n\t<\/li>\r\n\t<li>\r\n\t\tSilvia Laul, Heiki Valk: Siks\u00e4l\u00e4. A Community at the\u00a0Frontiers. Iron Age and Medieval (von Andris \u0160n\u0113) (s\u00a0291)\r\n\t<\/li>\r\n\t<li>\r\n\t\tAnti Selart: Livland und die Rus\u2019 im 13. Jahrhundert (von\u00a0Reinhard Fr\u00f6tschner) (s\u00a0297)\r\n\t<\/li>\r\n\t<li>\r\n\t\tMargus Laidre: Dorpat 1558\u20131708. Linn v\u00e4e ja vaenu vahel\u00a0[Dorpat 1558\u20131708. Eine Stadt zwischen Macht und Feindseligkeit]\u00a0(von P\u00e4rtel Piirim\u00e4e) (s\u00a0305)\r\n\t<\/li>\r\n\t<li>\r\n\t\tArvo Tering: Eesti-, liivi- ja kuramaalased Euroopa \u00fclikoolides\u00a01561\u20131798 [Est-, Liv- und Kurl\u00e4nder an den Universit\u00e4ten Europas\u00a01561\u20131798] (von Vello Helk) (s\u00a0310)\r\n\t<\/li>\r\n\t<li>\r\n\t\tKurland. Vom polnisch-litauischen Lehnsherzogtum zur russischen\u00a0Provinz. Dokumente zur Verfassungsgeschichte 1561\u20131795\u00a0(von Gvido Straube) (s\u00a0316)\r\n\t<\/li>\r\n\t<li>\r\n\t\t\u0413\u0423\u0417\u0415\u041b\u042c \u0418\u0411\u041d\u0415\u0415\u0412\u0410: \u041f\u0443\u0442\u0435\u0448\u0435\u0441\u0442\u0432\u0438\u044f \u0415\u043a\u0430\u0442\u0435\u0440\u0438\u043d\u044b \u0406\u0406: \u041e\u043f\u044b\u0442 \u00ab\u043e\u0441\u0432\u043e\u0435\u043d\u0438\u044f\u00bb\u00a0\u0438\u043c\u043f\u0435\u0440\u0441\u043a\u043e\u0433\u043e \u043f\u0440\u043e\u0441\u0442\u0440\u0430\u043d\u0441\u0442\u0432a [Die Reisen Katharinas II.: Der Versuch\u00a0der \u201eAneignung\u201c des imperialen Raums] (von Mati Laur) (s\u00a0319)\r\n\t<\/li>\r\n\t<li>\r\n\t\tErich Donnert: Agrarfrage und Aufkl\u00e4rung in Lettland und\u00a0Estland. Livland, Estland und Kurland im 18. und beginnenden\u00a019. Jahrhundert (von Alexander Ewig) (s 321)\r\n\t<\/li>\r\n\t<li>\r\n\t\tVytautas Petronis: Constructing Lithuania. Ethnic Mapping in\u00a0Tsarist Russia, ca. 1800\u20131914 (von Karsten Br\u00fcggemann) (s\u00a0327)\r\n\t<\/li>\r\n\t<li>\r\n\t\tErich Donnert: Die Universit\u00e4t Dorpat-Ju\u0155ev 1802\u20131918.\u00a0Ein Beitrag zur Geschichte des Hochschulwesens in den\u00a0Ostseeprovinzen des Russischen Reiches (von Sirje Tamul) (s\u00a0331)\r\n\t<\/li>\r\n\t<li>\r\n\t\t\u041d\u0410\u0422\u0410\u041b\u042c\u042f \u0410\u041d\u0414\u0420\u0415\u0415\u0412\u0410: \u041f\u0440\u0438\u0431\u0430\u043b\u0442\u0438\u0439\u0441\u043a\u0438\u0435 \u043d\u0435\u043c\u0446\u044b \u0438 \u0440\u043e\u0441\u0441\u0438\u0439\u0441\u043a\u0430\u044f \u043f\u0440\u0430\u0432\u0438-\u00a0\u0442\u0435\u043b\u044c\u0441\u0442\u0432\u0435\u043d\u043d\u0430\u044f \u043f\u043e\u043b\u0438\u0442\u0438\u043a\u0430 \u0432 \u043d\u0430\u0447\u0430\u043b\u0435 XX \u0432\u0435\u043a\u0430 [Die Deutschbalten\u00a0und die russl\u00e4ndische Regierungspolitik zu Beginn des 20.\u00a0Jahrhunderts] (von Indrek Kiverik) (s 334)\r\n\t<\/li>\r\n\t<li>\r\n\t\tEesti! Sa seisad lootusrikka tuleviku l\u00e4vel, kus sa vabalt ja iseseisvalt\u00a0oma saatust m\u00e4\u00e4rata ja juhtida v\u00f5id. Eesti riikluse alusdokumendid\u00a01917\u20131920 [Estland! Du stehst auf der Schwelle zu einer\u00a0hoff nungsvollen Zukunft, in der du frei und unabh\u00e4ngig dein\u00a0Schicksal bestimmen und lenken kannst. Grunddokumente der\u00a0estnischen Staatlichkeit 1917\u20131920] (von Karsten Br\u00fcggemann) (s 342)\u00a0\r\n\t<\/li>\r\n\t<li>\r\n\t\tKaido Laurits: Saksa kultuuromavalitsus Eesti Vabariigis 1925\u20131940. Monograafi a ja allikad [Die deutsche Kulturselbstverwaltung\u00a0in der Republik Estland 1925\u20131940. Monographie und Quellen]\u00a0(von Konrad Maier) (s\u00a0345)\r\n\t<\/li>\r\n\t<li>\r\n\t\t\u0415\u041b\u0415\u041d\u0410 \u0417\u0423\u0411\u041a\u041e\u0412\u0410: \u041f\u0440\u0438\u0431\u0430\u043b\u0442\u0438\u043a\u0430 \u0438 \u041a\u0440\u0435\u043c\u043b\u044c, 1940-1953 [Das Baltikum\u00a0und der Kreml, 1940\u20131953] (von T\u00f5nu Tannberg) (s 348)\u00a0\r\n\t<\/li>\r\n\t<li>\r\n\t\tDisplaced Persons. Fl\u00fcchtlinge aus den baltischen Staaten in\u00a0Deutschland (von Karsten Br\u00fcggemann) (s 355)\r\n\t<\/li>\r\n\t<li>\r\n\t\tThe Baltic Question during the Cold War (von Olaf Mertelsmann) (s 359)\r\n\t<\/li>\r\n<\/ul>\r\n\r\n<p>\r\n\t\u00a0\r\n<\/p>\r\n\r\n<p>\r\n\t\u00a0\r\n<\/p>\r\n<br><div class=\"wp-block-group attached-files-group is-layout-constrained wp-block-group-is-layout-constrained\"><div class=\"wp-block-file\"><a href=\"https:\/\/sisu.ut.ee\/wp-content\/uploads\/sites\/279\/fzbg-4-2009.pdf\" target=\"_blank\" rel=\"noreferrer noopener\">fzbg-4-2009.pdf<\/a><\/div><\/div>","protected":false},"excerpt":{"rendered":"<p>Forschungen zur baltischen Geschichte 4 \/ 2009 (pdf) \u00a0 Aufs\u00e4tze Mikael Kristian Hansen: Die Kalmarer Union und der Deutsche\u00a0Orden 1410\u20131423: Die Estlandfrage (s\u00a011) Anti Selart: Das Wunder in Narva am 11. Mai 1558. Zur Geschichte\u00a0der russischen Polemik gegen die Reformation &#8230;<\/p>\n","protected":false},"author":148,"featured_media":0,"parent":0,"menu_order":0,"comment_status":"closed","ping_status":"closed","template":"","meta":{"_acf_changed":false,"inline_featured_image":false,"footnotes":""},"class_list":["post-13","page","type-page","status-publish","hentry"],"acf":[],"_links":{"self":[{"href":"https:\/\/sisu.ut.ee\/fzbg\/wp-json\/wp\/v2\/pages\/13","targetHints":{"allow":["GET"]}}],"collection":[{"href":"https:\/\/sisu.ut.ee\/fzbg\/wp-json\/wp\/v2\/pages"}],"about":[{"href":"https:\/\/sisu.ut.ee\/fzbg\/wp-json\/wp\/v2\/types\/page"}],"author":[{"embeddable":true,"href":"https:\/\/sisu.ut.ee\/fzbg\/wp-json\/wp\/v2\/users\/148"}],"replies":[{"embeddable":true,"href":"https:\/\/sisu.ut.ee\/fzbg\/wp-json\/wp\/v2\/comments?post=13"}],"version-history":[{"count":2,"href":"https:\/\/sisu.ut.ee\/fzbg\/wp-json\/wp\/v2\/pages\/13\/revisions"}],"predecessor-version":[{"id":144,"href":"https:\/\/sisu.ut.ee\/fzbg\/wp-json\/wp\/v2\/pages\/13\/revisions\/144"}],"wp:attachment":[{"href":"https:\/\/sisu.ut.ee\/fzbg\/wp-json\/wp\/v2\/media?parent=13"}],"curies":[{"name":"wp","href":"https:\/\/api.w.org\/{rel}","templated":true}]}}

<h3>
	<img loading="lazy" decoding="async" width="934" height="1445" class="alignnone wp-image-56" style="width: 250px;height: 387px;float: right" src="https://sisu.ut.ee/wp-content/uploads/sites/279/fzbg-4-kaas-page-001_esikulg.jpg" title="fzbg-4-kaas-page-001_esikulg.jpg" alt="Forschungen zur baltischen Geschichte 4 / 2009" srcset="https://sisu.ut.ee/wp-content/uploads/sites/279/fzbg-4-kaas-page-001_esikulg.jpg 934w, https://sisu.ut.ee/wp-content/uploads/sites/279/fzbg-4-kaas-page-001_esikulg-194x300.jpg 194w, https://sisu.ut.ee/wp-content/uploads/sites/279/fzbg-4-kaas-page-001_esikulg-662x1024.jpg 662w, https://sisu.ut.ee/wp-content/uploads/sites/279/fzbg-4-kaas-page-001_esikulg-768x1188.jpg 768w" sizes="auto, (max-width: 934px) 100vw, 934px"><a data-fid="63119" href="https://sisu.ut.ee/wp-content/uploads/sites/279/fzbg-4-2009.pdf">Forschungen zur baltischen Geschichte 4 / 2009 (pdf)</a>
</h3>

<p>
	 
</p>

<p>
	<strong>Aufsätze</strong>
</p>

<ul>
	<li>
		Mikael Kristian Hansen: Die Kalmarer Union und der Deutsche Orden 1410–1423: Die Estlandfrage (s 11)
	</li>
	<li>
		Anti Selart: Das Wunder in Narva am 11. Mai 1558. Zur Geschichte der russischen Polemik gegen die Reformation im 16. Jahrhundert (s 40)
	</li>
	<li>
		Kari Tarkiainen: Christian Agricola und die schwedische Kirchenpolitik in Estland 1583–1586 (s 58)
	</li>
	<li>
		Marten Seppel: Gab es staatliche Hungerhilfe in den schwedischen Ostseeprovinzen im 17. Jahrhundert? (s 78)
	</li>
	<li>
		Gvido Straube, Mati Laur: Der Hallische Pietismus und die Herrnhuter Brüdergemeine in Liv- und Estland im 18. Jahrhundert (s 97)
	</li>
	<li>
		Aija Taimiņa: „… aus ächten und unverfälschten Quellen“: Ernst Hennig, Wilhelm Friedrich Freiherr von Ungern-Sternberg, Johann Christoph Brotze und ihre Arbeit an den Dokumenten aus dem Geheimen Archiv in Königsberg (s 115)
	</li>
	<li>
		Ago Pajur: Der Ausbruch des Landeswehrkriegs. Die estnische Perspektive (s 145)
	</li>
	<li>
		Kaspars Zellis: Die Schlacht bei Cēsis, die Esten und das historische Bewusstsein der Letten (s 170)
	</li>
	<li>
		Tõnu Tannberg: Wie bekämpft man die Waldbrüder? Die baltische Frage im Kreml Ende 1944 (s 190)
	</li>
	<li>
		Tiiu Kreegipuu: Die Darstellung der „Juniwende“ vom 21. Juni 1940 in der sowjet-estnischen Presse 1945–1960 (s 210)
	</li>
</ul>

<p>
	<strong>Mitteilungen</strong>
</p>

<ul>
	<li>
		Lauri Vahtre: „Kodu lugu“ – zwanzig Jahre später (s 229)
	</li>
	<li>
		Andrei Hvostov: Zwanzig Jahre nationale Mobilmachung (s 234)
	</li>
	<li>
		Linda Kaljundi: „Ein sicherer Halt“: Zum Verhältnis von Geschichte und Analogieprinzip in „Kodu lugu“ (s 238)
	</li>
	<li>
		Alexander Ewig: Der Regierende Graf Wilhelm zu Schaumburg-Lippe und die Kräuter- und Wurzeltrocknung Johann Georg Eisens (s 249)
	</li>
	<li>
		Wilhelm Lenz: Grasleben, Goslar, Göttingen, Koblenz – Stationen der ausgelagerten Bestände des Revaler Stadtachivs (1944–1990) (s 259)
	</li>
	<li>
		Ineta Lipša: Die Erinnerungen eines lettischen Historikers und das kollektive Gedächtnis (s 268)
	</li>
</ul>

<p>
	<strong>Besprechungen</strong>
</p>

<ul>
	<li>
		Ajalookirjutaja aeg. Aetas historicorum (von Arvo Tering) (s 273)
	</li>
	<li>
		Joachim Tauber, Ralph Tuchtenhagen: Vilnius. Kleine Geschichte der Stadt (von Darius Baronas) (s 276)
	</li>
	<li>
		Valter Lang: Th e Bronze and Early Iron Ages in Estonia (von Andris Šnē) (s 285)
	</li>
	<li>
		Silvia Laul, Heiki Valk: Siksälä. A Community at the Frontiers. Iron Age and Medieval (von Andris Šnē) (s 291)
	</li>
	<li>
		Anti Selart: Livland und die Rus’ im 13. Jahrhundert (von Reinhard Frötschner) (s 297)
	</li>
	<li>
		Margus Laidre: Dorpat 1558–1708. Linn väe ja vaenu vahel [Dorpat 1558–1708. Eine Stadt zwischen Macht und Feindseligkeit] (von Pärtel Piirimäe) (s 305)
	</li>
	<li>
		Arvo Tering: Eesti-, liivi- ja kuramaalased Euroopa ülikoolides 1561–1798 [Est-, Liv- und Kurländer an den Universitäten Europas 1561–1798] (von Vello Helk) (s 310)
	</li>
	<li>
		Kurland. Vom polnisch-litauischen Lehnsherzogtum zur russischen Provinz. Dokumente zur Verfassungsgeschichte 1561–1795 (von Gvido Straube) (s 316)
	</li>
	<li>
		ГУЗЕЛЬ ИБНЕЕВА: Путешествия Екатерины ІІ: Опыт «освоения» имперского пространствa [Die Reisen Katharinas II.: Der Versuch der „Aneignung“ des imperialen Raums] (von Mati Laur) (s 319)
	</li>
	<li>
		Erich Donnert: Agrarfrage und Aufklärung in Lettland und Estland. Livland, Estland und Kurland im 18. und beginnenden 19. Jahrhundert (von Alexander Ewig) (s 321)
	</li>
	<li>
		Vytautas Petronis: Constructing Lithuania. Ethnic Mapping in Tsarist Russia, ca. 1800–1914 (von Karsten Brüggemann) (s 327)
	</li>
	<li>
		Erich Donnert: Die Universität Dorpat-Juŕev 1802–1918. Ein Beitrag zur Geschichte des Hochschulwesens in den Ostseeprovinzen des Russischen Reiches (von Sirje Tamul) (s 331)
	</li>
	<li>
		НАТАЛЬЯ АНДРЕЕВА: Прибалтийские немцы и российская прави- тельственная политика в начале XX века [Die Deutschbalten und die russländische Regierungspolitik zu Beginn des 20. Jahrhunderts] (von Indrek Kiverik) (s 334)
	</li>
	<li>
		Eesti! Sa seisad lootusrikka tuleviku lävel, kus sa vabalt ja iseseisvalt oma saatust määrata ja juhtida võid. Eesti riikluse alusdokumendid 1917–1920 [Estland! Du stehst auf der Schwelle zu einer hoff nungsvollen Zukunft, in der du frei und unabhängig dein Schicksal bestimmen und lenken kannst. Grunddokumente der estnischen Staatlichkeit 1917–1920] (von Karsten Brüggemann) (s 342) 
	</li>
	<li>
		Kaido Laurits: Saksa kultuuromavalitsus Eesti Vabariigis 1925–1940. Monograafi a ja allikad [Die deutsche Kulturselbstverwaltung in der Republik Estland 1925–1940. Monographie und Quellen] (von Konrad Maier) (s 345)
	</li>
	<li>
		ЕЛЕНА ЗУБКОВА: Прибалтика и Кремль, 1940-1953 [Das Baltikum und der Kreml, 1940–1953] (von Tõnu Tannberg) (s 348) 
	</li>
	<li>
		Displaced Persons. Flüchtlinge aus den baltischen Staaten in Deutschland (von Karsten Brüggemann) (s 355)
	</li>
	<li>
		The Baltic Question during the Cold War (von Olaf Mertelsmann) (s 359)
	</li>
</ul>

<p>
	 
</p>

<p>
	 
</p>
<br><div class="wp-block-group attached-files-group is-layout-constrained wp-block-group-is-layout-constrained"><div class="wp-block-file"><a href="https://sisu.ut.ee/wp-content/uploads/sites/279/fzbg-4-2009.pdf" target="_blank" rel="noreferrer noopener">fzbg-4-2009.pdf</a></div></div>

<p>Forschungen zur baltischen Geschichte 4 / 2009 (pdf)   Aufsätze Mikael Kristian Hansen: Die Kalmarer Union und der Deutsche Orden 1410–1423: Die Estlandfrage (s 11) Anti Selart: Das Wunder in Narva am 11. Mai 1558. Zur Geschichte der russischen Polemik gegen die Reformation &#8230;</p>
