{"id":5,"date":"2024-04-04T08:00:37","date_gmt":"2024-04-04T05:00:37","guid":{"rendered":"https:\/\/sisu.ut.ee\/fyysikagymnaasiumile\/4-moodul\/"},"modified":"2024-04-22T15:36:09","modified_gmt":"2024-04-22T12:36:09","slug":"4-moodul","status":"publish","type":"page","link":"https:\/\/sisu.ut.ee\/fyysikagymnaasiumile\/4-moodul\/","title":{"rendered":"4. moodul"},"content":{"rendered":"<blockquote>\n\t<p>\n\t\t\u00a0 Teemad:\u00a0Elektriv\u00e4li, v\u00e4ljatugevus, pinge, potentsiaal, mahtuvus, EMJ, takistus, eritakistus.\n\t<\/p>\n<\/blockquote>\n\n<h4>\n\t<br>\u00d5ppematerjalid\n<\/h4>\n\n<p>\n\tLoe l\u00e4bi Riina Murulaidi ja Madis Reemanni f\u00fc\u00fcsika\u00f5pikutest peat\u00fckid elektrivoolu ja elektriv\u00e4lja kohta.\n<\/p>\n\n<p>\n\t1. <a data-url=\"https:\/\/opik.fyysika.ee\/index.php\/book\/section\/8623\" href=\"https:\/\/opik.fyysika.ee\/index.php\/book\/section\/8623\" target=\"_blank\" title=\"\" rel=\"noopener\">Elektriv\u00e4li<\/a> (\u00f5pikust \u201cElektromagnetism\u201d, autor Riina Murulaid)<br>2. <a data-url=\"https:\/\/opik.fyysika.ee\/index.php\/book\/section\/1827\" href=\"https:\/\/opik.fyysika.ee\/index.php\/book\/section\/1827\" target=\"_blank\" title=\"\" rel=\"noopener\">Alalisvool<\/a> (\u00f5pikust \u201cEnergia\u201d, autor Madis Reemann)<br>3. <a data-url=\"https:\/\/opik.fyysika.ee\/index.php\/book\/section\/4021\" href=\"https:\/\/opik.fyysika.ee\/index.php\/book\/section\/4021\" target=\"_blank\" title=\"\" rel=\"noopener\">Elektrivool keskkondades<\/a> (\u00f5pikust \u201cEnergia\u201d, autor Madis Reemann)<br>4.\u00a0<a data-fid=\"72752\" href=\"https:\/\/sisu.ut.ee\/wp-content\/uploads\/sites\/557\/fuusika_suurused_em.pdf\" target=\"_blank\" rel=\"noopener\">F\u00fc\u00fcsikalised suurused: elektromagnetism<\/a> (autor: Kalev Tarkpea)\n<\/p>\n\n<h4>\n\tVideoklipid\n<\/h4>\n\n<p>\n\t<\/p><div class=\"accordion mb-3\">\n        <div class=\"accordion-item accordion-item--white\">\n        <h2 class=\"accordion-header\" id=\"accordion-69defbf4aec19-heading\">\n            <button class=\"accordion-button collapsed\" type=\"button\" data-bs-toggle=\"collapse\" data-bs-target=\"#accordion-69defbf4aec19-collapse\" aria-expanded=\"true\" aria-controls=\"accordion-69defbf4aec19-collapse\">1. Video: Elektriv\u00e4li<\/button>\n        <\/h2>\n        <div id=\"accordion-69defbf4aec19-collapse\" class=\"accordion-collapse collapse\" aria-labelledby=\"accordion-69defbf4aec19-heading\">\n            <div class=\"accordion-body\"> <div class=\"ratio ratio-16x9 mb-3\"><div class=\"video-placeholder-wrapper video-placeholder-wrapper--16x9\">\n\t\t\t    <div class=\"video-placeholder d-flex justify-content-center align-items-center\">\n\t\t\t        <div class=\"overlay text-white p-2 w-100 text-center d-block justify-content-center align-items-center\">\n\t\t\t            <div>Kolmandate osapoolte sisu n\u00e4gemiseks palun n\u00f5ustu k\u00fcpsistega.<\/div>\n\t\t\t            <button class=\"btn btn-secondary btn-sm mt-1 consent-change\">Muuda n\u00f5usolekut<\/button>\n\t\t\t        <\/div>\n\t\t\t    <\/div>\n\t\t\t<\/div>\n<\/div><\/div>\n        <\/div>\n        <\/div>\n    <\/div>\n\n\n<p>\n\t<\/p><div class=\"accordion mb-3\">\n        <div class=\"accordion-item accordion-item--white\">\n        <h2 class=\"accordion-header\" id=\"accordion-69defbf4aec1f-heading\">\n            <button class=\"accordion-button collapsed\" type=\"button\" data-bs-toggle=\"collapse\" data-bs-target=\"#accordion-69defbf4aec1f-collapse\" aria-expanded=\"true\" aria-controls=\"accordion-69defbf4aec1f-collapse\">2. Video: V\u00f5rgupinge<\/button>\n        <\/h2>\n        <div id=\"accordion-69defbf4aec1f-collapse\" class=\"accordion-collapse collapse\" aria-labelledby=\"accordion-69defbf4aec1f-heading\">\n            <div class=\"accordion-body\"> <div class=\"ratio ratio-16x9 mb-3\"><div class=\"video-placeholder-wrapper video-placeholder-wrapper--16x9\">\n\t\t\t    <div class=\"video-placeholder d-flex justify-content-center align-items-center\">\n\t\t\t        <div class=\"overlay text-white p-2 w-100 text-center d-block justify-content-center align-items-center\">\n\t\t\t            <div>Kolmandate osapoolte sisu n\u00e4gemiseks palun n\u00f5ustu k\u00fcpsistega.<\/div>\n\t\t\t            <button class=\"btn btn-secondary btn-sm mt-1 consent-change\">Muuda n\u00f5usolekut<\/button>\n\t\t\t        <\/div>\n\t\t\t    <\/div>\n\t\t\t<\/div>\n<\/div><\/div>\n        <\/div>\n        <\/div>\n    <\/div>\n\n\n<p>\n\t<\/p><div class=\"accordion mb-3\">\n        <div class=\"accordion-item accordion-item--white\">\n        <h2 class=\"accordion-header\" id=\"accordion-69defbf4aec21-heading\">\n            <button class=\"accordion-button collapsed\" type=\"button\" data-bs-toggle=\"collapse\" data-bs-target=\"#accordion-69defbf4aec21-collapse\" aria-expanded=\"true\" aria-controls=\"accordion-69defbf4aec21-collapse\">3. Video: Elektrivideo lapiku patarei, multimeetri ja taskulambipirniga<\/button>\n        <\/h2>\n        <div id=\"accordion-69defbf4aec21-collapse\" class=\"accordion-collapse collapse\" aria-labelledby=\"accordion-69defbf4aec21-heading\">\n            <div class=\"accordion-body\"> <div class=\"ratio ratio-16x9 mb-3\"><div class=\"video-placeholder-wrapper video-placeholder-wrapper--16x9\">\n\t\t\t    <div class=\"video-placeholder d-flex justify-content-center align-items-center\">\n\t\t\t        <div class=\"overlay text-white p-2 w-100 text-center d-block justify-content-center align-items-center\">\n\t\t\t            <div>Kolmandate osapoolte sisu n\u00e4gemiseks palun n\u00f5ustu k\u00fcpsistega.<\/div>\n\t\t\t            <button class=\"btn btn-secondary btn-sm mt-1 consent-change\">Muuda n\u00f5usolekut<\/button>\n\t\t\t        <\/div>\n\t\t\t    <\/div>\n\t\t\t<\/div>\n<\/div><\/div>\n        <\/div>\n        <\/div>\n    <\/div>\n\n\n<h4>\n\tHarjutus\u00fclesanded\n<\/h4>\n\n<div class=\"h5p-iframe-wrapper\"><div class=\"video-placeholder-wrapper video-placeholder-wrapper--fixed\" style=\"height: 366px;\">\n\t\t\t    <div class=\"video-placeholder d-flex justify-content-center align-items-center\">\n\t\t\t        <div class=\"overlay text-white p-2 w-100 text-center d-block justify-content-center align-items-center\">\n\t\t\t            <div>Kolmandate osapoolte sisu n\u00e4gemiseks palun n\u00f5ustu k\u00fcpsistega.<\/div>\n\t\t\t            <button class=\"btn btn-secondary btn-sm mt-1 consent-change\">Muuda n\u00f5usolekut<\/button>\n\t\t\t        <\/div>\n\t\t\t    <\/div>\n\t\t\t<\/div>\n<\/div>\n","protected":false},"excerpt":{"rendered":"<p>\u00a0 Teemad:\u00a0Elektriv\u00e4li, v\u00e4ljatugevus, pinge, potentsiaal, mahtuvus, EMJ, takistus, eritakistus. \u00d5ppematerjalid Loe l\u00e4bi Riina Murulaidi ja Madis Reemanni f\u00fc\u00fcsika\u00f5pikutest peat\u00fckid elektrivoolu ja elektriv\u00e4lja kohta. 1. Elektriv\u00e4li (\u00f5pikust \u201cElektromagnetism\u201d, autor Riina Murulaid)2. Alalisvool (\u00f5pikust \u201cEnergia\u201d, autor Madis Reemann)3. Elektrivool keskkondades (\u00f5pikust \u201cEnergia\u201d, &#8230;<\/p>\n","protected":false},"author":345,"featured_media":0,"parent":0,"menu_order":0,"comment_status":"closed","ping_status":"closed","template":"","meta":{"_acf_changed":false,"inline_featured_image":false,"footnotes":""},"class_list":["post-5","page","type-page","status-publish","hentry"],"acf":[],"_links":{"self":[{"href":"https:\/\/sisu.ut.ee\/fyysikagymnaasiumile\/wp-json\/wp\/v2\/pages\/5","targetHints":{"allow":["GET"]}}],"collection":[{"href":"https:\/\/sisu.ut.ee\/fyysikagymnaasiumile\/wp-json\/wp\/v2\/pages"}],"about":[{"href":"https:\/\/sisu.ut.ee\/fyysikagymnaasiumile\/wp-json\/wp\/v2\/types\/page"}],"author":[{"embeddable":true,"href":"https:\/\/sisu.ut.ee\/fyysikagymnaasiumile\/wp-json\/wp\/v2\/users\/345"}],"replies":[{"embeddable":true,"href":"https:\/\/sisu.ut.ee\/fyysikagymnaasiumile\/wp-json\/wp\/v2\/comments?post=5"}],"version-history":[{"count":4,"href":"https:\/\/sisu.ut.ee\/fyysikagymnaasiumile\/wp-json\/wp\/v2\/pages\/5\/revisions"}],"predecessor-version":[{"id":62,"href":"https:\/\/sisu.ut.ee\/fyysikagymnaasiumile\/wp-json\/wp\/v2\/pages\/5\/revisions\/62"}],"wp:attachment":[{"href":"https:\/\/sisu.ut.ee\/fyysikagymnaasiumile\/wp-json\/wp\/v2\/media?parent=5"}],"curies":[{"name":"wp","href":"https:\/\/api.w.org\/{rel}","templated":true}]}}