{"id":67,"date":"2024-04-04T05:49:00","date_gmt":"2024-04-04T02:49:00","guid":{"rendered":"https:\/\/sisu.ut.ee\/fysioterapeutilinehindamine\/57-spetsiifilised-testid\/"},"modified":"2024-04-04T05:52:27","modified_gmt":"2024-04-04T02:52:27","slug":"57-spetsiifilised-testid","status":"publish","type":"page","link":"https:\/\/sisu.ut.ee\/fysioterapeutilinehindamine\/57-spetsiifilised-testid\/","title":{"rendered":"5.7. Spetsiifilised testid"},"content":{"rendered":"<h6>\n\tEnim teostatavad testid l\u00fclisamba nimmeosa neuroloogiliste kudede patoloogia tuvastamiseks on Slump test, sirge jala t\u00f5stmise test ja k\u00f5huliasendis p\u00f5lveliigese painutustest.<br>\n<\/h6>\n<p style=\"margin-top:12.0pt\">\n\t<span lang=\"et\" style=\",serif\">Neuroloogilised testid hindavad n\u00e4rvikoe mehaanilist liikuvust, selle tundlikkust mehaanilisele survele v\u00f5i kompressioonile. Neuroloogilised testid koos asjakohase patsiendi anamneesiga ning piiratud liikuvusulatusega viitavad sageli diski prolapsile. Enamus n\u00e4rvikoe hindamise teste on progressiivsed v\u00f5i segmentaalsed. Kui patsient on testi algasendis, siis teostatakse korraga vaid \u00fcks<a> <\/a><\/span><span lang=\"et\" style=\",serif\">liigutus; s\u00fcmptomite mitteilmnemisel sooritatakse j\u00e4rgmine provokatiivne liigutus ja nii kuni testi l\u00f5puni v\u00f5i s\u00fcmptomite ilmnemiseni. N\u00e4rvikoe pingepunktid (ingl <i>tension points<\/i>) v\u00f5ivad tekkida s\u00f5ltuvalt surve avaldamisest erinevates piirkondades, n\u00e4iteks Slump testi korral (peat\u00fckk 4.4.) l\u00fclisamba C6, Th6 v\u00f5i L4 l\u00fcli tasandil, aga ka hamstringlihase v\u00f5i s\u00e4\u00e4re tagumise lihase piirkonnas. N\u00e4rvikoe patoloogia piirab normaalset liigutussooritust. Pingepunktid on piirkonnad, kus n\u00e4rvikude liigub minimaalselt. Oluline on teada, et pingepunktile avalduv surve s\u00f5ltub keha v\u00f5i j\u00e4seme asendist.<\/span>\n<\/p>\n<p style=\"margin-top:12.0pt\">\n\t<span lang=\"et\" style=\",serif\">Neuroloogiline test on positiivne kui see provotseerib patsiendi s\u00fcmptome. Kuna testid provotseerivad survet n\u00e4rvikoele, tunnevad patsiendid valu v\u00f5i ebamugavust. Kui s\u00fcmptome ei teki, on test negatiivne. Iga terapeut teeb valiku paari, kolme neuroloogilise testi osas, tuginedes oma praktilistele kogemustele ning testi efektiivsuse p\u00f5him\u00f5ttele. K\u00f5iki neuroloogilisi teste ei ole otstarbekas rakendada.<\/span>\n<\/p>\n<h4>\n\tSirge jala t\u00f5stmise test\u00a0<br>\n<\/h4>\n<h6>\n\tSirge jala t\u00f5stmise test v\u00f5imaldab tuvastada nii istmikun\u00e4rvi, sakroiliakaalliigese kui puusaliigese patoloogiat aga ka hamstringlihaste l\u00fchenemist.<br>\n<\/h6>\n<p style=\"margin-top:12.0pt\">\n\t<span lang=\"et\" style=\",serif\">Sirge jala t\u00f5stmise test (ingl <i>straight leg rising test<\/i>), tuntud ka kui Lasegue test, on \u00fcks peamine alaj\u00e4seme neuroloogiline test, mida teostatakse siis kui patsient on selili asendis t\u00e4ielikult l\u00f5dvestunud (joonis 10). Test sooritatakse m\u00f5lema alaj\u00e4semega, kuid as\u00fcmptomaatiline alaj\u00e4se esmalt. Kui patsient on seliliasendis, tema puusaliigeses on v\u00e4hesel m\u00e4\u00e4ral sisse roteeritud ning addutseeritud ja p\u00f5veliiges sirutatud, painutab terapeut patsiendi puusaliigese kuni patsient tunneb valu v\u00f5i pinget alaseljas v\u00f5i alaj\u00e4seme tagak\u00fcljes. Kui valu esineb primaarselt alaseljas, on t\u00f5en\u00e4oline diski prolaps l\u00fclisambas tsentraalselt, kui valu esineb alaj\u00e4semes, on t\u00f5en\u00e4oline, et patoloogia p\u00f5hjustab survet n\u00e4rvikoele lateraalselt. S\u00fcmptomite esinemisel langetab terapeut ettevaatlikult patsiendi alaj\u00e4seme kuni valukaebus v\u00f5i pinge kaob. Seej\u00e4rel palutakse patsiendil painutada kael nii, et l\u00f5ug oleks vastu rinnakuluud v\u00f5i sooritab terapeut patsiendi h\u00fcppeliigese dorsaalfleksiooni- m\u00f5lemaid liigutusi v\u00f5ib sooritada ka samaaegselt, kuid tavap\u00e4rane on, et h\u00fcppeliigese dorsaalfleksioon teostatakse esmalt. M\u00f5lemad liigutused on provokatiivsed, n\u00e4rvikudet \u00e4rritav. Unilateraalselt sirge jala t\u00f5stmisel on L5<\/span><span lang=\"et\" style=\",serif\">, S1 ja S2 n\u00e4vijuur (<i>n ishiadicus<\/i>) t\u00e4ielikult v\u00e4lja venitatud puusaliigese 70\u00b0 painutuse korral. Valu p\u00e4rast 70\u00b0 puusaliigese painutust v\u00f5ib olla seotud l\u00fclisamba nimmeosa fassettliigese v\u00f5i sakroiliakaalliigese patoloogiaga. Reie tagak\u00fcljelihaste \u00fcletoonuse kahtlusel tuleb hinnata vastava testiga hamstringlihaste elastsus. Sirge jala t\u00f5stmise test tuleb sooritada m\u00f5lema alaj\u00e4semega, t\u00e4psustada tuleb erinevused ning m\u00f5ista, kas funktsionaalne h\u00e4ire on tingitud n\u00e4rvikoe venitusest, liigespatoloogiast v\u00f5i pehmete kudede h\u00e4irest. Testi tulemuste t\u00f5lgendamisel peab arvestama ka patsiendi individuaalsete ise\u00e4rasustega. N\u00e4iteks v\u00f5ib h\u00fcpermobiilsete liigestega inimene teostada puusaliigese painutuse kuni 120\u00b0 ulatuses ilma s\u00fcmptomiteta, olgugi, et n\u00e4rvijuure patoloogia on teiste kliiniliste diagnoosimismeetoditega tuvastatud. Test on positiivne kui valu ulatub alaseljast alaj\u00e4semeni istmikun\u00e4rvi kulgemise alal. Tabelis 7 on n\u00e4idatud sirge jala t\u00f5stmise testi modifikatsioonid, mis hindavad erinevate perifeersete n\u00e4rvide funktsionaalset seisundit.<\/span><br>\u00a0\n<\/p>\n<h5 style=\"margin-top: 12pt;text-align: center\">\n\t<span lang=\"et\" style=\",serif\">Tabel 7. Sirge jala t\u00f5stmise test ja selle modifikatsioonid.<\/span><br>\n<\/h5>\n<table class=\"table table-hover\" align=\"center\" style=\"border-collapse: collapse;width: 80%\" width=\"442\">\n<tbody>\n<tr style=\"height:106.0pt\">\n<td style=\"width: 65.25pt\" width=\"87\">\n<p style=\"margin-top:12.0pt;padding:5.0pt5.0pt5.0pt5.0pt\">\n\t\t\t\t\t<span style=\"height:106.0pt\">\u00a0<\/span>\n\t\t\t\t<\/p>\n<\/td>\n<td style=\"width: 87.75pt;border-left: none\" width=\"117\">\n<p style=\"margin-top: 12pt;text-align: center\">\n\t\t\t\t\t<strong><span style=\"height:106.0pt\"><span lang=\"et\"><span style=\"line-height:115%\"><span style=\",serif\">Peamine sirge jala t\u00f5stmise test. Istmikun\u00e4rvi (<i>n ishiadicus<\/i>) ja s\u00e4\u00e4ren\u00e4rvi (<i>n tibialis<\/i>) hindamine <\/span><\/span><\/span><\/span><\/strong>\n\t\t\t\t<\/p>\n<\/td>\n<td style=\"width: 85.5pt;border-left: none\" width=\"114\">\n<p style=\"margin-top: 12pt;text-align: center\">\n\t\t\t\t\t<strong><span style=\"height:106.0pt\"><span lang=\"et\"><span style=\"line-height:115%\"><span style=\",serif\">S\u00e4\u00e4remarjan\u00e4rvi <\/span><\/span><\/span><\/span><span style=\"height:106.0pt\"><span lang=\"et\"><span style=\"line-height:115%\"><span style=\",serif\">(<i>n suralis<\/i>) hindamine<\/span><\/span><\/span><\/span><\/strong>\n\t\t\t\t<\/p>\n<\/td>\n<td style=\"width: 93pt;border-left: none\" width=\"124\">\n<p style=\"margin-top: 12pt;text-align: center\">\n\t\t\t\t\t<strong><span style=\"height:106.0pt\"><span lang=\"et\"><span style=\"line-height:115%\"><span style=\",serif\">\u00dchispindluun\u00e4rvi\u00a0<\/span><\/span><\/span><\/span><\/strong><strong><span style=\"height:106.0pt\"><span lang=\"et\"><span style=\"line-height:115%\"><span style=\",serif\">(<i>n peroneus communis<\/i>) hindamine<\/span><\/span><\/span><\/span><\/strong>\n\t\t\t\t<\/p>\n<\/td>\n<\/tr>\n<tr style=\"height:38.5pt\">\n<td style=\"width:65.25pt;border:solidblack1.0pt;border-top:none\" width=\"87\">\n<p style=\"margin-top:12.0pt;padding:5.0pt5.0pt5.0pt5.0pt\">\n\t\t\t\t\t<span style=\"height:38.5pt\"><span lang=\"et\"><span style=\"line-height:115%\"><span style=\",serif\">Puusaliiges<\/span><\/span><\/span><\/span>\n\t\t\t\t<\/p>\n<\/td>\n<td style=\"width:87.75pt;border-top:none;border-left:none;border-bottom:solidblack1.0pt;border-right:solidblack1.0pt\" width=\"117\">\n<p style=\"margin-top:12.0pt;padding:5.0pt5.0pt5.0pt5.0pt\">\n\t\t\t\t\t<span style=\"height:38.5pt\"><span lang=\"et\"><span style=\"line-height:115%\"><span style=\",serif\">fleksioon ja adduktsioon<\/span><\/span><\/span><\/span>\n\t\t\t\t<\/p>\n<\/td>\n<td style=\"width:85.5pt;border-top:none;border-left:none;border-bottom:solidblack1.0pt;border-right:solidblack1.0pt\" width=\"114\">\n<p style=\"margin-top:12.0pt;padding:5.0pt5.0pt5.0pt5.0pt\">\n\t\t\t\t\t<span style=\"height:38.5pt\"><span lang=\"et\"><span style=\"line-height:115%\"><span style=\",serif\">fleksioon<\/span><\/span><\/span><\/span>\n\t\t\t\t<\/p>\n<\/td>\n<td style=\"width:93.0pt;border-top:none;border-left:none;border-bottom:solidblack1.0pt;border-right:solidblack1.0pt\" width=\"124\">\n<p style=\"margin-top:12.0pt;padding:5.0pt5.0pt5.0pt5.0pt\">\n\t\t\t\t\t<span style=\"height:38.5pt\"><span lang=\"et\"><span style=\"line-height:115%\"><span style=\",serif\">fleksioon ja siserotatsioon<\/span><\/span><\/span><\/span>\n\t\t\t\t<\/p>\n<\/td>\n<\/tr>\n<tr style=\"height:24.25pt\">\n<td style=\"width:65.25pt;border:solidblack1.0pt;border-top:none\" width=\"87\">\n<p style=\"margin-top:12.0pt;padding:5.0pt5.0pt5.0pt5.0pt\">\n\t\t\t\t\t<span style=\"height:24.25pt\"><span lang=\"et\"><span style=\"line-height:115%\"><span style=\",serif\">P\u00f5lveliiges<\/span><\/span><\/span><\/span>\n\t\t\t\t<\/p>\n<\/td>\n<td style=\"width:87.75pt;border-top:none;border-left:none;border-bottom:solidblack1.0pt;border-right:solidblack1.0pt\" width=\"117\">\n<p style=\"margin-top:12.0pt;padding:5.0pt5.0pt5.0pt5.0pt\">\n\t\t\t\t\t<span style=\"height:24.25pt\"><span lang=\"et\"><span style=\"line-height:115%\"><span style=\",serif\">ekstensioon<\/span><\/span><\/span><\/span>\n\t\t\t\t<\/p>\n<\/td>\n<td style=\"width:85.5pt;border-top:none;border-left:none;border-bottom:solidblack1.0pt;border-right:solidblack1.0pt\" width=\"114\">\n<p style=\"margin-top:12.0pt;padding:5.0pt5.0pt5.0pt5.0pt\">\n\t\t\t\t\t<span style=\"height:24.25pt\"><span lang=\"et\"><span style=\"line-height:115%\"><span style=\",serif\">ekstensioon<\/span><\/span><\/span><\/span>\n\t\t\t\t<\/p>\n<\/td>\n<td style=\"width:93.0pt;border-top:none;border-left:none;border-bottom:solidblack1.0pt;border-right:solidblack1.0pt\" width=\"124\">\n<p style=\"margin-top:12.0pt;padding:5.0pt5.0pt5.0pt5.0pt\">\n\t\t\t\t\t<span style=\"height:24.25pt\"><span lang=\"et\"><span style=\"line-height:115%\"><span style=\",serif\">ekstensioon<\/span><\/span><\/span><\/span>\n\t\t\t\t<\/p>\n<\/td>\n<\/tr>\n<tr style=\"height:24.25pt\">\n<td style=\"width:65.25pt;border:solidblack1.0pt;border-top:none\" width=\"87\">\n<p style=\"margin-top:12.0pt;padding:5.0pt5.0pt5.0pt5.0pt\">\n\t\t\t\t\t<span style=\"height:24.25pt\"><span lang=\"et\"><span style=\"line-height:115%\"><span style=\",serif\">H\u00fcppeliiges<\/span><\/span><\/span><\/span>\n\t\t\t\t<\/p>\n<\/td>\n<td style=\"width:87.75pt;border-top:none;border-left:none;border-bottom:solidblack1.0pt;border-right:solidblack1.0pt\" width=\"117\">\n<p style=\"margin-top:12.0pt;padding:5.0pt5.0pt5.0pt5.0pt\">\n\t\t\t\t\t<span style=\"height:24.25pt\"><span lang=\"et\"><span style=\"line-height:115%\"><span style=\",serif\">dorsaalfleksioon<\/span><\/span><\/span><\/span>\n\t\t\t\t<\/p>\n<\/td>\n<td style=\"width:85.5pt;border-top:none;border-left:none;border-bottom:solidblack1.0pt;border-right:solidblack1.0pt\" width=\"114\">\n<p style=\"margin-top:12.0pt;padding:5.0pt5.0pt5.0pt5.0pt\">\n\t\t\t\t\t<span style=\"height:24.25pt\"><span lang=\"et\"><span style=\"line-height:115%\"><span style=\",serif\">dorsaalfleksioon<\/span><\/span><\/span><\/span>\n\t\t\t\t<\/p>\n<p style=\"margin-top:12.0pt;padding:5.0pt5.0pt5.0pt5.0pt\">\n\t\t\t\t\t<span style=\"height:24.25pt\"><span lang=\"et\"><span style=\"line-height:115%\"><span style=\",serif\">inversioon<\/span><\/span><\/span><\/span>\n\t\t\t\t<\/p>\n<\/td>\n<td style=\"width:93.0pt;border-top:none;border-left:none;border-bottom:solidblack1.0pt;border-right:solidblack1.0pt\" width=\"124\">\n<p style=\"margin-top:12.0pt;padding:5.0pt5.0pt5.0pt5.0pt\">\n\t\t\t\t\t<span style=\"height:24.25pt\"><span lang=\"et\"><span style=\"line-height:115%\"><span style=\",serif\">plantaarfleksioon<\/span><\/span><\/span><\/span>\n\t\t\t\t<\/p>\n<p style=\"margin-top:12.0pt;padding:5.0pt5.0pt5.0pt5.0pt\">\n\t\t\t\t\t<span style=\"height:24.25pt\"><span lang=\"et\"><span style=\"line-height:115%\"><span style=\",serif\">inversioon<\/span><\/span><\/span><\/span>\n\t\t\t\t<\/p>\n<\/td>\n<\/tr>\n<\/tbody>\n<\/table>\n<p style=\"margin-top: 12pt;text-align: center\">\n\t<img loading=\"lazy\" decoding=\"async\" width=\"480\" height=\"454\" class=\"alignnone wp-image-217\" style=\"width: 250px;height: 236px\" src=\"https:\/\/sisu.ut.ee\/wp-content\/uploads\/sites\/414\/joonis5-10.png\" title=\"joonis5-10.png\" alt=\"Joonis 5-10\" srcset=\"https:\/\/sisu.ut.ee\/wp-content\/uploads\/sites\/414\/joonis5-10.png 480w, https:\/\/sisu.ut.ee\/wp-content\/uploads\/sites\/414\/joonis5-10-300x284.png 300w\" sizes=\"auto, (max-width: 480px) 100vw, 480px\">\n<\/p>\n<h5 style=\"text-align: center\">\n\t<span lang=\"et\" style=\",serif\">Joonis 10. Sirge jala t\u00f5stmise test. <\/span><br>\n<\/h5>\n<h4>\n\tK\u00f5huliasendis p\u00f5lveliigese painutustest<br>\n<\/h4>\n<h6>\n\tK\u00f5huliasendis teostatav p\u00f5lveliigese painutustest v\u00f5imaldab hinnata L2-L3 n\u00e4rvijuure patoloogiat.<br>\n<\/h6>\n<p>\n\t<span lang=\"et\" style=\",serif\">Patsient on k\u00f5huliasendis. Terapeut painutab patsiendi p\u00f5lveliigese s\u00f5ltuvalt s\u00fcmptomitest nii kaugele kui v\u00f5imalik. S\u00fcmptomite puudumisel viiakse kand vastu tuharat. P\u00f5lveliigese painutuse ajal on vaja j\u00e4lgida, et puusaliiges ei oleks roteeritud. Kui terapeut ei saa patsiendi p\u00f5lveliigest painutada rohkem kui 90\u00b0 puusaliigese patoloogia t\u00f5ttu, v\u00f5ib p\u00f5lveliigese painutuse ajal passiivselt teostada ka puusaliigese ekstensiooni. Unilateraalne neuroloogiline valu l\u00fclisamba nimmeosas, tuharas v\u00f5i reie\u00a0<\/span><span lang=\"et\" style=\",serif\">tagak\u00fcljes v\u00f5ib viidata L2-L3 n\u00e4rvijuure kahjustusele. Testi ajal esinev valu v\u00f5ib viidata nii reien\u00e4rvi venitumisele kui reie nelipealihase \u00fcletoonusele v\u00f5i selle l\u00fchenemisele. P\u00f5hjaliku patsiendi anamneesi ning valu eristamise p\u00f5hjal on v\u00f5imalik probleemi kirjeldada. Reie nelipealihase l\u00fchenemise korral v\u00f5ib kanna viimine tuhara suunas tekitada puusaliigese painutuse aga ka valu ristluu piirkonnas v\u00f5i l\u00fclisamba nimmeosas. Painutatud p\u00f5lveliigese asendit peab s\u00e4ilitama 45-60 sekundit. <\/span>\n<\/p>\n<p style=\"text-align: center\">\n\t<img loading=\"lazy\" decoding=\"async\" width=\"554\" height=\"518\" class=\"alignnone wp-image-218\" style=\"width: 250px;height: 234px\" src=\"https:\/\/sisu.ut.ee\/wp-content\/uploads\/sites\/414\/joonis5-11.png\" title=\"joonis5-11.png\" alt=\"Joonis 5-11\" srcset=\"https:\/\/sisu.ut.ee\/wp-content\/uploads\/sites\/414\/joonis5-11.png 554w, https:\/\/sisu.ut.ee\/wp-content\/uploads\/sites\/414\/joonis5-11-300x281.png 300w\" sizes=\"auto, (max-width: 554px) 100vw, 554px\">\n<\/p>\n<h5 style=\"text-align: center\">\n\t<span lang=\"et\" style=\",serif\">Joonis 11. K\u00f5huliasendis p\u00f5lveliigese painutustest.<\/span><br>\n<\/h5>\n","protected":false},"excerpt":{"rendered":"<p>Enim teostatavad testid l\u00fclisamba nimmeosa neuroloogiliste kudede patoloogia tuvastamiseks on Slump test, sirge jala t\u00f5stmise test ja k\u00f5huliasendis p\u00f5lveliigese painutustest. Neuroloogilised testid hindavad n\u00e4rvikoe mehaanilist liikuvust, selle tundlikkust mehaanilisele survele v\u00f5i kompressioonile. Neuroloogilised testid koos asjakohase patsiendi anamneesiga ning piiratud &#8230;<\/p>\n","protected":false},"author":9,"featured_media":0,"parent":0,"menu_order":0,"comment_status":"closed","ping_status":"closed","template":"","meta":{"_acf_changed":false,"inline_featured_image":false,"footnotes":""},"class_list":["post-67","page","type-page","status-publish","hentry"],"acf":[],"_links":{"self":[{"href":"https:\/\/sisu.ut.ee\/fysioterapeutilinehindamine\/wp-json\/wp\/v2\/pages\/67","targetHints":{"allow":["GET"]}}],"collection":[{"href":"https:\/\/sisu.ut.ee\/fysioterapeutilinehindamine\/wp-json\/wp\/v2\/pages"}],"about":[{"href":"https:\/\/sisu.ut.ee\/fysioterapeutilinehindamine\/wp-json\/wp\/v2\/types\/page"}],"author":[{"embeddable":true,"href":"https:\/\/sisu.ut.ee\/fysioterapeutilinehindamine\/wp-json\/wp\/v2\/users\/9"}],"replies":[{"embeddable":true,"href":"https:\/\/sisu.ut.ee\/fysioterapeutilinehindamine\/wp-json\/wp\/v2\/comments?post=67"}],"version-history":[{"count":1,"href":"https:\/\/sisu.ut.ee\/fysioterapeutilinehindamine\/wp-json\/wp\/v2\/pages\/67\/revisions"}],"predecessor-version":[{"id":546,"href":"https:\/\/sisu.ut.ee\/fysioterapeutilinehindamine\/wp-json\/wp\/v2\/pages\/67\/revisions\/546"}],"wp:attachment":[{"href":"https:\/\/sisu.ut.ee\/fysioterapeutilinehindamine\/wp-json\/wp\/v2\/media?parent=67"}],"curies":[{"name":"wp","href":"https:\/\/api.w.org\/{rel}","templated":true}]}}