{"id":6,"date":"2024-04-04T02:59:19","date_gmt":"2024-04-03T23:59:19","guid":{"rendered":"https:\/\/sisu.ut.ee\/fmp\/elektromagnetism\/"},"modified":"2024-04-04T02:59:26","modified_gmt":"2024-04-03T23:59:26","slug":"elektromagnetism","status":"publish","type":"page","link":"https:\/\/sisu.ut.ee\/fmp\/elektromagnetism\/","title":{"rendered":"Elektromagnetism"},"content":{"rendered":"<p><a href=\"\/wp-content\/uploads\/sites\/183\/liikumine.pdf\" target=\"_blank\" rel=\"noopener\">Liikumine mehaanikas ja elektris<br><\/a><br><a href=\"\/wp-content\/uploads\/sites\/183\/m6istekaart-em.pdf\" target=\"_blank\" rel=\"noopener\">Elektromagnetilised suurused-m\u00f5istekaart<\/a><br><a href=\"\/wp-content\/uploads\/sites\/183\/fyys-suurused-em.pdf\" target=\"_blank\" rel=\"noopener\">Elektromagnetilised suurused-tabel<\/a><\/p>\n<p><a href=\"\/wp-content\/uploads\/sites\/183\/eml_skaala.pdf\" target=\"_blank\" rel=\"noopener\">Elektromagnetlainete skaala<\/a><a href=\"\/wp-content\/uploads\/sites\/183\/liikumine.pdf\" target=\"_blank\" rel=\"noopener\"><br><\/a><a href=\"\/wp-content\/uploads\/sites\/183\/em-lainete_tekkimine.pdf\" target=\"_blank\" rel=\"noopener\">Elektromagnetlainete tekkimine<\/a><a href=\"\/wp-content\/uploads\/sites\/183\/liikumine.pdf\" target=\"_blank\" rel=\"noopener\"><br><\/a><a href=\"\/wp-content\/uploads\/sites\/183\/elektrivali_ja_magnetvali.pdf\" target=\"_blank\" rel=\"noopener\">Elektriv\u00e4li ja magnetv\u00e4li<\/a><br><a href=\"\/wp-content\/uploads\/sites\/183\/ib-elektromagnetlained.ppt\" target=\"_blank\" rel=\"noopener\">Elektromagnetlained (PPT)<\/a><\/p>\n","protected":false},"excerpt":{"rendered":"<p>Liikumine mehaanikas ja elektrisElektromagnetilised suurused-m\u00f5istekaartElektromagnetilised suurused-tabel Elektromagnetlainete skaalaElektromagnetlainete tekkimineElektriv\u00e4li ja magnetv\u00e4liElektromagnetlained (PPT)<\/p>\n","protected":false},"author":91,"featured_media":0,"parent":0,"menu_order":0,"comment_status":"closed","ping_status":"closed","template":"","meta":{"_acf_changed":false,"inline_featured_image":false,"footnotes":""},"class_list":["post-6","page","type-page","status-publish","hentry"],"acf":[],"_links":{"self":[{"href":"https:\/\/sisu.ut.ee\/fmp\/wp-json\/wp\/v2\/pages\/6","targetHints":{"allow":["GET"]}}],"collection":[{"href":"https:\/\/sisu.ut.ee\/fmp\/wp-json\/wp\/v2\/pages"}],"about":[{"href":"https:\/\/sisu.ut.ee\/fmp\/wp-json\/wp\/v2\/types\/page"}],"author":[{"embeddable":true,"href":"https:\/\/sisu.ut.ee\/fmp\/wp-json\/wp\/v2\/users\/91"}],"replies":[{"embeddable":true,"href":"https:\/\/sisu.ut.ee\/fmp\/wp-json\/wp\/v2\/comments?post=6"}],"version-history":[{"count":1,"href":"https:\/\/sisu.ut.ee\/fmp\/wp-json\/wp\/v2\/pages\/6\/revisions"}],"predecessor-version":[{"id":84,"href":"https:\/\/sisu.ut.ee\/fmp\/wp-json\/wp\/v2\/pages\/6\/revisions\/84"}],"wp:attachment":[{"href":"https:\/\/sisu.ut.ee\/fmp\/wp-json\/wp\/v2\/media?parent=6"}],"curies":[{"name":"wp","href":"https:\/\/api.w.org\/{rel}","templated":true}]}}