{"id":5,"date":"2024-04-04T02:59:19","date_gmt":"2024-04-03T23:59:19","guid":{"rendered":"https:\/\/sisu.ut.ee\/fmp\/mehaanika\/"},"modified":"2024-04-04T02:59:26","modified_gmt":"2024-04-03T23:59:26","slug":"mehaanika","status":"publish","type":"page","link":"https:\/\/sisu.ut.ee\/fmp\/mehaanika\/","title":{"rendered":"Mehaanika"},"content":{"rendered":"<p>\n\t<a data-url=\"https:\/\/sisu.ut.ee\/wp-content\/uploads\/sites\/183\/fyys_suurused_mehaanika.pdf\" href=\"https:\/\/sisu.ut.ee\/wp-content\/uploads\/sites\/183\/fyys_suurused_mehaanika.pdf\" target=\"_blank\" title=\"\" rel=\"noopener\">F\u00fc\u00fcsikalised suurused \u2013 mehaanika<\/a>\n<\/p>\n<p>\n\t<a href=\"\/wp-content\/uploads\/sites\/183\/sumb.pdf\" target=\"_blank\" rel=\"noopener\">Sumbuvate v\u00f5nkumiste DV<\/a>\n<\/p>\n<p>\n\t<a href=\"\/wp-content\/uploads\/sites\/183\/translatsioon-rotatsioon.pdf\" target=\"_blank\" rel=\"noopener\">Kulg- ja p\u00f6\u00f6rdliikumine<\/a>\n<\/p>\n<p>\n\t<a href=\"\/wp-content\/uploads\/sites\/183\/kinemaatika.pdf\" target=\"_blank\" rel=\"noopener\">Kinemaatika graafikud<\/a>\n<\/p>\n<p>\n\t<a href=\"\/wp-content\/uploads\/sites\/183\/5-kuup.pdf\" target=\"_blank\" rel=\"noopener\">4D ja 5D kuup<\/a>\n<\/p>\n<p>\n\t<a href=\"\/wp-content\/uploads\/sites\/183\/zenoni_apooriad.pdf\" target=\"_blank\" rel=\"noopener\">Zenoni apooriad<\/a>\n<\/p>\n<p>\n\t<a href=\"\/wp-content\/uploads\/sites\/183\/vonkumine.pdf\" target=\"_blank\" rel=\"noopener\">V\u00f5nkumine<\/a>\n<\/p>\n<p>\n\t<a data-fid=\"68954\" href=\"https:\/\/sisu.ut.ee\/wp-content\/uploads\/sites\/183\/ajaline_tuletis_ja_integraal.pdf\">Ajaline tuletis ja integraal<\/a><\/p>\n","protected":false},"excerpt":{"rendered":"<p>F\u00fc\u00fcsikalised suurused \u2013 mehaanika Sumbuvate v\u00f5nkumiste DV Kulg- ja p\u00f6\u00f6rdliikumine Kinemaatika graafikud 4D ja 5D kuup Zenoni apooriad V\u00f5nkumine Ajaline tuletis ja integraal<\/p>\n","protected":false},"author":91,"featured_media":0,"parent":0,"menu_order":0,"comment_status":"closed","ping_status":"closed","template":"","meta":{"_acf_changed":false,"inline_featured_image":false,"footnotes":""},"class_list":["post-5","page","type-page","status-publish","hentry"],"acf":[],"_links":{"self":[{"href":"https:\/\/sisu.ut.ee\/fmp\/wp-json\/wp\/v2\/pages\/5","targetHints":{"allow":["GET"]}}],"collection":[{"href":"https:\/\/sisu.ut.ee\/fmp\/wp-json\/wp\/v2\/pages"}],"about":[{"href":"https:\/\/sisu.ut.ee\/fmp\/wp-json\/wp\/v2\/types\/page"}],"author":[{"embeddable":true,"href":"https:\/\/sisu.ut.ee\/fmp\/wp-json\/wp\/v2\/users\/91"}],"replies":[{"embeddable":true,"href":"https:\/\/sisu.ut.ee\/fmp\/wp-json\/wp\/v2\/comments?post=5"}],"version-history":[{"count":1,"href":"https:\/\/sisu.ut.ee\/fmp\/wp-json\/wp\/v2\/pages\/5\/revisions"}],"predecessor-version":[{"id":85,"href":"https:\/\/sisu.ut.ee\/fmp\/wp-json\/wp\/v2\/pages\/5\/revisions\/85"}],"wp:attachment":[{"href":"https:\/\/sisu.ut.ee\/fmp\/wp-json\/wp\/v2\/media?parent=5"}],"curies":[{"name":"wp","href":"https:\/\/api.w.org\/{rel}","templated":true}]}}