{"id":5,"date":"2024-04-04T02:59:27","date_gmt":"2024-04-03T23:59:27","guid":{"rendered":"https:\/\/sisu.ut.ee\/fjt\/elektromagnetism\/"},"modified":"2024-04-04T02:59:34","modified_gmt":"2024-04-03T23:59:34","slug":"elektromagnetism","status":"publish","type":"page","link":"https:\/\/sisu.ut.ee\/fjt\/elektromagnetism\/","title":{"rendered":"Elektromagnetism"},"content":{"rendered":"<p><a href=\"\/wp-content\/uploads\/sites\/184\/liikumine.pdf\" target=\"_blank\" rel=\"noopener\">Liikumine mehaanikas ja elektris<\/a><a href=\"\/wp-content\/uploads\/sites\/184\/liikumine.pdf\" target=\"_blank\" rel=\"noopener\"><br><\/a><a href=\"https:\/\/sisu.ut.ee\/sites\/default\/files\/pae\/files\/emw_scale.pdf\" target=\"_blank\" rel=\"noopener\">Elektromagnetlainete skaala<\/a><a href=\"\/wp-content\/uploads\/sites\/184\/liikumine.pdf\" target=\"_blank\" rel=\"noopener\"><br><\/a><a href=\"\/wp-content\/uploads\/sites\/184\/eml_teke.pdf\" target=\"_blank\" rel=\"noopener\">Elektromagnetlainete tekkimine<\/a><a href=\"\/wp-content\/uploads\/sites\/184\/liikumine.pdf\" target=\"_blank\" rel=\"noopener\"><br><\/a><a href=\"\/wp-content\/uploads\/sites\/184\/elektrivali_ja_magnetvali.pdf\" target=\"_blank\" rel=\"noopener\">Elektriv\u00e4li ja magnetv\u00e4li<\/a><a href=\"\/wp-content\/uploads\/sites\/184\/liikumine.pdf\" target=\"_blank\" rel=\"noopener\"><\/a><br><a href=\"\/wp-content\/uploads\/sites\/184\/fyys-suurused-em.pdf\" target=\"_blank\" rel=\"noopener\">F\u00fc\u00fcsikalised suurused \u2013 elektromagnetism<\/a><a href=\"\/wp-content\/uploads\/sites\/184\/m6istekaart-em.pdf\" target=\"_blank\" rel=\"noopener\"><br>Elektromagnetilised suurused-m\u00f5istekaart<\/a><br><a href=\"\/wp-content\/uploads\/sites\/184\/ind-maht-kompleksmeetod.pdf\" target=\"_blank\" rel=\"noopener\">Induktiivsus, mahtuvus, kompleksmeetod<\/a><br><a href=\"\/wp-content\/uploads\/sites\/184\/rc-_ja_rl-ahelad.pdf\" target=\"_blank\" rel=\"noopener\">RC- ja RL -ahelad<\/a><a href=\"\/wp-content\/uploads\/sites\/184\/kolmelambiylesanne.pdf\" target=\"_blank\" rel=\"noopener\"><br><\/a><a href=\"\/wp-content\/uploads\/sites\/184\/cos-fii_parandamine.pdf\" target=\"_blank\" rel=\"noopener\">Cos-fii parandamine<\/a><a href=\"\/wp-content\/uploads\/sites\/184\/kolmelambiylesanne.pdf\" target=\"_blank\" rel=\"noopener\"><br><\/a><a href=\"\/wp-content\/uploads\/sites\/184\/aine_omadused-si-cgsm.pdf\" target=\"_blank\" rel=\"noopener\">Aine omadused-SI-CGS<\/a><a href=\"\/wp-content\/uploads\/sites\/184\/kolmelambiylesanne.pdf\" target=\"_blank\" rel=\"noopener\"><\/a><br><a href=\"\/wp-content\/uploads\/sites\/184\/ib-elektromagnetlained.ppt\" target=\"_blank\" rel=\"noopener\">Elektromagnetlained (PPT)<\/a><\/p>\n","protected":false},"excerpt":{"rendered":"<p>Liikumine mehaanikas ja elektrisElektromagnetlainete skaalaElektromagnetlainete tekkimineElektriv\u00e4li ja magnetv\u00e4liF\u00fc\u00fcsikalised suurused \u2013 elektromagnetismElektromagnetilised suurused-m\u00f5istekaartInduktiivsus, mahtuvus, kompleksmeetodRC- ja RL -aheladCos-fii parandamineAine omadused-SI-CGSElektromagnetlained (PPT)<\/p>\n","protected":false},"author":91,"featured_media":0,"parent":0,"menu_order":0,"comment_status":"closed","ping_status":"closed","template":"","meta":{"_acf_changed":false,"inline_featured_image":false,"footnotes":""},"class_list":["post-5","page","type-page","status-publish","hentry"],"acf":[],"_links":{"self":[{"href":"https:\/\/sisu.ut.ee\/fjt\/wp-json\/wp\/v2\/pages\/5","targetHints":{"allow":["GET"]}}],"collection":[{"href":"https:\/\/sisu.ut.ee\/fjt\/wp-json\/wp\/v2\/pages"}],"about":[{"href":"https:\/\/sisu.ut.ee\/fjt\/wp-json\/wp\/v2\/types\/page"}],"author":[{"embeddable":true,"href":"https:\/\/sisu.ut.ee\/fjt\/wp-json\/wp\/v2\/users\/91"}],"replies":[{"embeddable":true,"href":"https:\/\/sisu.ut.ee\/fjt\/wp-json\/wp\/v2\/comments?post=5"}],"version-history":[{"count":1,"href":"https:\/\/sisu.ut.ee\/fjt\/wp-json\/wp\/v2\/pages\/5\/revisions"}],"predecessor-version":[{"id":80,"href":"https:\/\/sisu.ut.ee\/fjt\/wp-json\/wp\/v2\/pages\/5\/revisions\/80"}],"wp:attachment":[{"href":"https:\/\/sisu.ut.ee\/fjt\/wp-json\/wp\/v2\/media?parent=5"}],"curies":[{"name":"wp","href":"https:\/\/api.w.org\/{rel}","templated":true}]}}