{"id":6,"date":"2024-04-04T00:11:20","date_gmt":"2024-04-03T21:11:20","guid":{"rendered":"https:\/\/sisu.ut.ee\/fahm1\/publikatsioonid\/"},"modified":"2024-11-14T14:24:10","modified_gmt":"2024-11-14T12:24:10","slug":"publikatsioonid","status":"publish","type":"page","link":"https:\/\/sisu.ut.ee\/fahm1\/publikatsioonid\/","title":{"rendered":"Publikatsioonid"},"content":{"rendered":"<p><\/p>\n\n\n<p><strong>2024<\/strong><\/p>\n<p>Sellin, A; Heinsoo, K; Kupper, P; Meier, R; \u00d5unapuu-Pikas, E; Reinthal, T; Rosenvald, K; Tullus, A. (2024).<\/p>\n<p><strong>Growth responses to elevated environmental humidity vary between phenological forms of <em>Picea abies<\/em>.<\/strong><\/p>\n<p><a href=\"https:\/\/www.frontiersin.org\/journals\/forests-and-global-change\/articles\/10.3389\/ffgc.2024.1370934\/full\">Frontiers in Forest and Global Change, 7:1370934.<\/a> 10.3389\/ffgc.2024.1370934<\/p>\n<p>\u00a0<\/p>\n<p><strong>2023<\/strong><\/p>\n<p>Kharel, B; Rusalepp, L; Battharai, B; Kaasik, A; Kupper, P; Lutter, R; M\u00e4nd, P; Rohula-Okunev, G; Rosenvald, K; Tullus, A. (2023).\u00a0<\/p>\n<p><strong>Effects of air humidity and soil moisture on secondary metabolites in the leaves and roots of <em>Betula pendula<\/em> of different competitive status.<\/strong><\/p>\n<p><a href=\"https:\/\/link.springer.com\/article\/10.1007\/s00442-023-05388-9\">Oecologia, 202, 193-210.<\/a> 10.1007\/s00442-023-05388-9<\/p>\n<p>\u00a0<\/p>\n<p><strong>2022<\/strong><\/p>\n<p>Sellin, A; Alber, M; Jasi\u0144ska, AK; Rosenvald, K. (2022).<\/p>\n<p><strong>Adjustment of leaf anatomical and hydraulic traits across vertical canopy profiles of young broadleaved forest stands.<\/strong><\/p>\n<p><a href=\"https:\/\/link.springer.com\/article\/10.1007\/s00468-021-02181-0\">Trees, 36, 67-80<\/a>. 10.1007\/s00468-021-02181-0<\/p>\n<p>\u00a0<\/p>\n<p>Kupper, P; Rohula-Okunev, G; Tullus, A; Tulva, I; Merilo, E; Sellin, A. (2022).<\/p>\n<p><strong>Long-term effect of elevated air humidity on seasonal variability in diurnal leaf conductance and gas exchange in silver birch.<\/strong><\/p>\n<p><a href=\"https:\/\/cdnsciencepub.com\/doi\/10.1139\/cjfr-2021-0236\">Canadian Journal of Forest Research, 52, 5.<\/a> 10.1139\/cjfr-2021-0236<\/p>\n<p>\u00a0<\/p>\n<p>\u00d5unapuu-Pikas, E; Venisse, J-S; Label, P; Sellin, A. (2022).\u00a0<\/p>\n<p><strong>Leaf and branch hydraulic plasticity of two light-demanding broadleaf tree species differing in water use strategy.<\/strong><\/p>\n<p><a href=\"https:\/\/doi.org\/10.3390\/f13040594\">Forests, 13, 594.<\/a> 10.3390\/f13040594<\/p>\n<p>\u00a0<\/p>\n<p><strong>2021<\/strong><\/p>\n<p>Rosenvald, K; L\u00f5hmus, K; Kukum\u00e4gi, M; Ostonen, I; Kaasik, A; Tullus, T; Tullus, A. (2021).<\/p>\n<p><strong>The initial overreaction of carbon cycle to elevated atmospheric humidity levels off over time \u2013 a FAHM study in a young birch forest. <\/strong><\/p>\n<p><a href=\"https:\/\/www.sciencedirect.com\/science\/article\/pii\/S0048969721039899?via%3Dihub\">Science of The Total Environment, 796, 148917.<\/a> 10.1016\/j.scitotenv.2021.148917<\/p>\n<p>\u00a0<\/p>\n<p><strong>2020<\/strong><\/p>\n<p>Tullus, A; Rosenvald, K; Lutter, R; Kaasik, A; Kupper, P; Sellin, A. (2020).<\/p>\n<p><strong>Coppicing improves the growth response of short-rotation hybrid aspen to elevated atmospheric humidity.<\/strong><\/p>\n<p><a href=\"https:\/\/www.sciencedirect.com\/science\/article\/pii\/S0378112719317578?via%3Dihub\">Forest Ecology and Management, 459, 117825.<\/a> 10.1016\/foreco.2019.117825<\/p>\n<p>\u00a0<\/p>\n<p>Rosenvald, K; L\u00f5hmus, K; Rohula-Okunev, G; Lutter, R; Kupper, P; Tullus, A. (2020).<\/p>\n<p><strong>Elevated atmospheric humidity prolongs active growth period and increases leaf nitrogen resorption efficiency of\u00a0silver birch.<\/strong><\/p>\n<p><a href=\"https:\/\/link.springer.com\/article\/10.1007\/s00442-020-04688-8#citeas\">Oecologia, 193, 449-460. <\/a>10.1007\/s00442-020-04688-8<\/p>\n<p>\u00a0<\/p>\n<p>Kangur, O; Tullus, A; Sellin, A. (2020).<\/p>\n<p><strong>Night\u2011time transpiration, predawn hydraulic conductance and water potential disequilibrium in hybrid aspen coppice.<\/strong><\/p>\n<p><a href=\"https:\/\/link.springer.com\/article\/10.1007\/s00468-019-01903-9\">Trees 34 (1), 133-141.<\/a> 10.1007\/s00468-019-01903-9<\/p>\n<p>\u00a0<\/p>\n<p>Fanourakis, D; Aliniaeifard, S; Sellin, A; Giday, H; K\u00f6rner, O; Rezaei Nejad, A; Delis, C; Bouranis, D; Koubouris, G; Kambourakis, E; Nikoloudakis, N; Tsaniklidis, G. (2020).<\/p>\n<p><strong>Stomatal behavior following mid- or long-term exposure to high relative air humidity: A review.<\/strong><\/p>\n<p><a href=\"https:\/\/www.sciencedirect.com\/science\/article\/pii\/S0981942820302564\">Plant Physiology and Biochenistry, 153, 92-105.<\/a> 10.1016\/j.plaphy.2020.05.024<\/p>\n<p>\u00a0<\/p>\n<p><strong>2019<\/strong><\/p>\n<p>Ingerpuu, N; Kupper, T; Vellak, K; Kupper, P; S\u00f5ber, J; Tullus, A; Zobel, M; Liira, J. (2019).<\/p>\n<p><strong>Response of bryophytes to afforestation, increase of air humidity, and enrichment of soil diaspore bank.<\/strong><\/p>\n<p><a href=\"https:\/\/www.sciencedirect.com\/science\/article\/pii\/S0378112718309861\">Forest Ecology and Management, 432, 64-72<\/a>.10.1016\/j.foreco.2018.09.004<\/p>\n<p>\u00a0<\/p>\n<p>Alber, M; Petit, G; Sellin, A. (2019).<\/p>\n<p><strong>Does elevated air humidity modify hydraulically relevant anatomical traits of wood in <em>Betula pendula<\/em>?<\/strong><\/p>\n<p><a href=\"https:\/\/link.springer.com\/article\/10.1007\/s00468-019-01863-0\">Trees, 33, 1361-1371<\/a>. 10.1007\/s00468-019-01863-0<\/p>\n<p>\u00a0<\/p>\n<p>L\u00f5hmus, K; Rosenvald, K; Ostonen, I; Kukum\u00e4gi, M; Uri, V; Tullus, A; Aosaar, J; Varik, M; Kupper, P; Torga, R; Maddison, M; Soosaar, K; S\u00f5ner, J; Mander, \u00dc; Kaasik, A; S\u00f5ber, A. (2019).<\/p>\n<p><strong>Elevated atmospheric humidity shapes the carbon cycle of a silver birch forest ecosystem: A FAHM study.<\/strong><\/p>\n<p><a href=\"https:\/\/www.sciencedirect.com\/science\/article\/pii\/S0048969719301779\">Science of the Total Environment, 661, 441-448<\/a>. 10.1016\/j.scitotenv.2019.01.160<\/p>\n<p>\u00a0<\/p>\n<p>Sellin, A; Taneda, H; Alber, M. (2019).<\/p>\n<p><strong>Leaf structural and hydraulic adjustment with respect to air humidity and canopy position in silver birch (<em>Betula pendula<\/em>).<\/strong><\/p>\n<p><a href=\"https:\/\/link.springer.com\/article\/10.1007\/s10265-019-01106-w\">Journal of Plant Research, 132, 369-381. <\/a>10.1007\/s10265-019-01106-w<\/p>\n<p>\u00a0<\/p>\n<p><strong>2018<\/strong><\/p>\n<p>Kupper, P; Ivanova, H; S\u00f5ber, A; Rohula-Okunev, G; Sellin, A. (2018).<\/p>\n<p><strong>Night and daytime water relations in five fast-growing tree species: Effects of environmental and endogenous variables.<\/strong><\/p>\n<p><a href=\"https:\/\/onlinelibrary.wiley.com\/doi\/full\/10.1002\/eco.1927\">Ecohydrology<\/a>. 10.1002\/eco.1927<\/p>\n<p>\u00a0<\/p>\n<p>Oksanen, E; Lihavainen, J; Kein\u00e4nen, M; Keski-Saari, S; Kontunen-Soppela, S; Sellin, A; S\u00f5ber, A. (2018).<\/p>\n<p><strong>Northern forest trees under increasing atmospheric humidity.<\/strong><\/p>\n<p><a href=\"https:\/\/link.springer.com\/chapter\/10.1007\/124_2017_15\">Progress in Botany, Springer<\/a>. 10.1007\/124_2017_15<\/p>\n<p>\u00a0<\/p>\n<p><strong>2017<\/strong><\/p>\n<p>Sellin, A; Alber, M; Kupper, P. (2017).<\/p>\n<p><strong>Increasing air humidity influences hydraulic efficiency but not functional vulnerability of xylem in hybrid aspen.<\/strong><\/p>\n<p><a href=\"https:\/\/www.sciencedirect.com\/science\/article\/pii\/S0176161717302390\">Journal of Plant Physiology, 219,28\u221236. <\/a>10.1016\/j.jplph.2017.09.006<\/p>\n<p>\u00a0<\/p>\n<p>Meitern, A.; \u00d5unapuu-Pikas, E.; Sellin, A. (2017).<\/p>\n<p><strong>Circadian patterns of xylem sap properties and their covariation with plant hydraulic traits in hybrid aspen.<\/strong><\/p>\n<p><a href=\"http:\/\/www.sciencedirect.com\/science\/article\/pii\/S0176161717300779\">Journal of Plant Physiology, 213, 148\u2212156. <\/a>10.1016\/j.jplph.2017.03.012.<\/p>\n<p>\u00a0<\/p>\n<p>Truu, M., Ostonen, I., Preem, J.K., L\u00f5hmus, K., N\u00f5lvak, H., Ligi, T., Rosenvald, K., Parts, K., Kupper, P., Truu, J. (2017).<\/p>\n<p><strong>Elevated air humidity changes soil bacterial community structure in the silver birch stand.<\/strong><\/p>\n<p><a href=\"https:\/\/www.frontiersin.org\/articles\/10.3389\/fmicb.2017.00557\/full\">Frontiers in Microbiology, 8, 1\u221215. <\/a>10.3389\/fmicb.2017.00557.<\/p>\n<p>\u00a0<\/p>\n<p>Rohula, G.; Tulva, I.; Tullus, A.; S\u00f5ber, A.; Kupper, P. (2017).<\/p>\n<p><strong>Endogenous regulation of night-time water relations in hybrid aspen grown at ambient and elevated air humidity.<\/strong><\/p>\n<p><a href=\"https:\/\/link.springer.com\/article\/10.1007\/s10113-016-1024-1\">Regional Environmental Change, 17 (7), 2169\u22122178. <\/a>10.1007\/s10113-016-1024-1.\u00a0\u00a0\u00a0<\/p>\n<p>\u00a0<\/p>\n<p>Sellin, A.; Alber, M.; Kein\u00e4nen, M.; Kupper, P.; Lihavainen, J.; L\u00f5hmus, K.; Oksanen, E.; S\u00f5ber, A.; S\u00f5ber, J.; Tullus, A. (2017).<\/p>\n<p><strong>Growth of northern deciduous trees under increasing atmospheric humidity: possible mechanisms behind the growth retardation.<\/strong><\/p>\n<p><a href=\"https:\/\/link.springer.com\/article\/10.1007\/s10113-016-1042-z\">Regional Environmental Change, 17 (7), 2135\u22122148. <\/a>10.1007\/s10113-016-1042-z.\u00a0\u00a0\u00a0<\/p>\n<p>\u00a0<\/p>\n<p>Kupper, P.; Rohula, G.; Inno, L.; Ostonen, I.; Sellin, A.; S\u00f5ber, A. (2017).<\/p>\n<p><strong>Impact of high daytime air humidity on nutrient uptake and night-time water flux in silver birch, a boreal forest tree species.<\/strong><\/p>\n<p><a href=\"https:\/\/link.springer.com\/article\/10.1007\/s10113-016-1092-2\">Regional Environmental Change, 17 (7), 2149\u22122157. <\/a>10.1007\/s10113-016-1092-2.\u00a0\u00a0\u00a0\u00a0<\/p>\n<p>\u00a0<\/p>\n<p>Kangur, O.; Kupper, P.; Sellin, A. (2017).<\/p>\n<p><strong>Predawn disequilibrium between soil and plant water potentials in light of climate trends predicted for northern Europe.<\/strong><\/p>\n<p><a href=\"https:\/\/link.springer.com\/article\/10.1007\/s10113-017-1183-8\">Regional Environmental Change, 17 (7), 2159\u22122168.<\/a>\u00a0s10113-017-1183-8.\u00a0<\/p>\n<p>\u00a0<\/p>\n<p>Tullus, A; Kupper, P; Kaasik, A; Tullus, H; L\u00f5hmus, K; S\u00f5ber, A; Sellin, A. (2017).<\/p>\n<p><strong>The competitive status of trees determines their responsiveness to increasing atmospheric humidity \u2013 a climate trend predicted for northern latitudes.<\/strong><\/p>\n<p><a href=\"http:\/\/onlinelibrary.wiley.com\/doi\/10.1111\/gcb.13540\/abstract\">Global Change Biology, 23 (5), 1961\u22121974. <\/a>10.1111\/gcb.13540.\u00a0\u00a0\u00a0\u00a0<\/p>\n<p>\u00a0<\/p>\n<p>Torga, R.; Mander, \u00dc.; Soosaar, K.; Kupper, P.; Tullus, A.; Rosenvald, K.; Ostonen, I.; Kutti, S.; Jaagus, J.; S\u00f5ber, J.; Maddison, M.; Kaasik, A.; L\u00f5hmus, K. (2017).<\/p>\n<p><strong>Weather extremes and tree species shape soil greenhouse gas fluxes in an experimental fast-growing deciduous forest of air humidity manipulation.<\/strong><\/p>\n<p><a href=\"http:\/\/www.sciencedirect.com\/science\/article\/pii\/S0925857417302872\">Ecological Engineering, 106, 369\u2212377. <\/a>10.1016\/j.ecoleng.2017.05.025.<\/p>\n<p>\u00a0<\/p>\n<p><strong>2016<\/strong><\/p>\n<p>Lihavainen, J.; Kein\u00e4nen, M.; Keski-Saari, S.; Kontunen-Soppela, S.; S\u00f5ber, A.; Oksanen, E. (2016).\u00a0<br><strong>Artificially decreased vapour pressure deficit in field conditions modifies foliar metabolite profiles of birch and aspen.\u00a0<\/strong><br><a href=\"http:\/\/jxb.oxfordjournals.org\/content\/67\/14\/4367.full\">Journal of Experimental Botany, 67, 4367-4378.<\/a><\/p>\n<p><strong>2015<\/strong><\/p>\n<p>Sellin, A.; Rosenvald, K.; \u00d5unapuu-Pikas, E.; Tullus, A.; Ostonen, I.; L\u00f5hmus, K. (2015).\u00a0<br><strong>Elevated air humidity affects hydraulic traits and tree size but not biomass allocation in young silver birches (<em>Betula pendula<\/em>).\u00a0<\/strong><br><a href=\"https:\/\/www.ncbi.nlm.nih.gov\/pmc\/articles\/PMC4602113\/\">Frontiers in Plant Science, 13, 6:860.<\/a><\/p>\n<p>Kukk, M.; R\u00e4im, O.; Tulva, I.; S\u00f5ber, J.; L\u00f5hmus, K.; S\u00f5mer, A.\u00a0(2015).\u00a0<br><strong>Elevated air humidity modulates bud size and the frequency of bud break in fast-growing deciduous trees: silver birch (<em>Betula pendula<\/em>\u00a0Roth.) and hybrid aspen (<em>Populus tremula<\/em>\u00a0L.\u00a0\u00a0\u00d7\u00a0<em>P. tremuloides\u00a0<\/em>Michx.)<\/strong><br><a href=\"https:\/\/www.researchgate.net\/publication\/277919041_Elevated_air_humidity_modulates_bud_size_and_the_frequency_of_bud_break_in_fast-growing_deciduous_trees_silver_birch_%28Betula_pendula_Roth.%29_and_hybrid_aspen_%28Populus_tremula_L.__P._tremuloides_Michx.%29\">Trees, 29, 1381-1393.<\/a><\/p>\n<p>Niglas, A.; Alber, M.; Suur, K.; Jasi\u0144ska, A. K.; Kupper, P.; Sellin, A. (2015).\u00a0<br><strong>Does increased air humidity affect stomatal morphology and functioning in hybrid aspen?\u00a0<\/strong><br><a href=\"http:\/\/www.nrcresearchpress.com\/doi\/abs\/10.1139\/cjb-2015-0004#.VRu1zfysUsc\">Botany, 93, 243-250.<\/a><\/p>\n<p>Jasi\u0144ska, A. K.; Alber, M.; Tullus, A.; Rahi, M.; Sellin, A. (2015).\u00a0<br><strong>Impact of elevated atmospheric humidity on anatomical and hydraulic traits of xylem in hybrid aspen.\u00a0<\/strong><br><a href=\"http:\/\/www.publish.csiro.au\/paper\/FP14224.htm\">Functional Plant Biology, 42, 565-578.<\/a><\/p>\n<p><strong>2014<\/strong><\/p>\n<p>Aasamaa, K.; K\u00f5ivik, K.; Kupper, P.; S\u00f5ber, A. (2014).\u00a0<br><strong>Growth environment determines light sensitivity of shoot hydraulic conductance.\u00a0<\/strong><br><a href=\"http:\/\/link.springer.com\/article\/10.1007%2Fs11284-013-1104-3#page-1\">Ecological Research, 29, 143 \u2013 151.<\/a><\/p>\n<p>Godbold, D.; Tullus, A.; Kupper, P.; S\u00f5ber, J.; Ostonen, I.; Godbold, J.A.; Lukac, M.; Ahmed, I.U.; Smith, A.R. (2014).\u00a0<br><strong>Elevated atmospheric CO2 and humidity delay leaf fall in Betula pendula, but not in Alnus glutinosa or Populus tremula \u00d7 tremuloides.<\/strong><br><a href=\"http:\/\/link.springer.com\/article\/10.1007%2Fs13595-014-0382-4#page-1\">Annals of Forest Science, 71, 831 \u2013 842.<\/a><\/p>\n<p>Kukum\u00e4gi, M.; Ostonen, I.; Kupper, P.; Truu, M.; Tulva, I.; Varik, M.; Aosaar, J.; S\u00f5ber, J.; L\u00f5hmus, K. (2014).\u00a0<br><strong>The effects of elevated atmospheric humidity on soil respiration components in a young silver birch forest.\u00a0<\/strong><br><a href=\"http:\/\/www.sciencedirect.com\/science\/article\/pii\/S0168192314001038\">Agricultural and Forest Meteorology, 194, 167 \u2013 174.<\/a><\/p>\n<p>Niglas, A.; Kupper, P.; Tullus, A.; Sellin, A. (2014).\u00a0<br><strong>Responses of sap flow, leaf gas exchange and growth of hybrid aspen to elevated atmospheric humidity under field conditions.\u00a0<\/strong><br><a href=\"http:\/\/aobpla.oxfordjournals.org\/content\/early\/2014\/05\/14\/aobpla.plu021\">AoB Plants, 6, 1 \u2013 14.<\/a><\/p>\n<p>Rosenvald, K.; Tullus, A.; Ostonen, I.; Uri, V.; Kupper, P.; Aosaar, J.; Varik, M.; S\u00f5ber, J.; Niglas, A.; Hansen, R.; Rohula, G.; Kukk, M.; S\u00f5ber, A.; L\u00f5hmus, K. (2014).\u00a0<br><strong>The effect of elevated air humidity on young silver birch and hybrid aspen biomass allocation and accumulation \u2013 acclimation mechanisms and capacity.\u00a0<\/strong><br><a href=\"http:\/\/www.sciencedirect.com\/science\/article\/pii\/S0378112714004368\">Forest Ecology and Management, 330, 252 \u2013 260.<\/a><\/p>\n<p>Sellin, A.; Niglas, A.; \u00d5unapuu-Pikas, E.; Kupper, P. (2014).\u00a0<br><strong>Rapid and long-term effects of water deficit on gas exchange and hydraulic conductance of silver birch trees grown under varying atmospheric humidity.\u00a0<\/strong><br><a href=\"http:\/\/www.biomedcentral.com\/1471-2229\/14\/72\">BMC Plant Biology, 14:72.<\/a><\/p>\n<p>Tullus, A.; Sellin, A.; Kupper, P.; Lutter, R.; P\u00e4rn, L.; Jasi\u0144ska, A. K.; Alber, M.; Kukk, M.; Tullus, T.; Tullus, H.; L\u00f5hmus, K.; S\u00f5ber, A. (2014).\u00a0<br><strong>Increasing air humidity \u2013 a climate trend predicted for northern latitudes \u2013 alters the chemical composition of stemwood in silver birch and hybrid aspen.\u00a0<\/strong><br><a href=\"http:\/\/www.silvafennica.fi\/pdf\/article1107.pdf\">Silva Fennica, 48, 1 \u2013 16.<\/a><\/p>\n<p><strong>2013<\/strong><\/p>\n<p>Parts, K; Tedersoo, L; L\u00f5hmus, K; Kupper, P; Rosenvald, K; S\u00f5ber, A; Ostonen, I (2013).\u00a0<br><strong>Increased air humidity and understory composition shape short root traits and the colonizing ectomycorrhizal fungal community in silver birch stands.\u00a0<\/strong><br><a href=\"http:\/\/www.sciencedirect.com\/science\/article\/pii\/S0378112713006312\">Forest Ecology and Management, 310, 720 \u2013 728.<\/a><\/p>\n<p>Sellin, A.; Tullus, A.; Niglas, A.; \u00d5unapuu, E,; Karusion, A.; L\u00f5hmus, K. (2013).<br><strong>Humidity-driven changes in growth rate, photosynthetic capacity, hydraulic properties and other functional traits in silver birch (Betula pendula).<\/strong><br><a href=\"http:\/\/link.springer.com\/article\/10.1007%2Fs11284-013-1041-1#page-1\">Ecological Research, 28, 523 \u2013 535<\/a><\/p>\n<p><strong>2012<\/strong><\/p>\n<p>Tullus, A.; Kupper, P.; Sellin, A.; Parts, L.; S\u00f5ber, J.; Tullus, T.; L\u00f5hmus, K.; S\u00f5ber, A.; Tullus, H. (2012).<br><strong>Climate Change at Northern Latitudes: Rising Atmospheric Humidity Decreases Transpiration, N-uptake and Growth Rate of Hybrid Aspen.<\/strong><br><a href=\"http:\/\/www.ncbi.nlm.nih.gov\/pmc\/articles\/PMC3412825\/\">PLoS ONE, 7(8), e42648.<\/a><\/p>\n<p>Hansen, R.; Mander, \u00dc.; Soosaar, K.; Maddison, M.; L\u00f5hmus, K.; Kupper, P.; Kanal, A.; S\u00f5ber, J. (2012).<br><strong>Greenhouse gas fluxes in an open air humidity manipulation experiment.<\/strong><br><a href=\"http:\/\/link.springer.com\/article\/10.1007%2Fs10980-012-9775-7#page-2\">Landscape Ecology, 28, 637 \u2013 649.<\/a><\/p>\n<p><strong>2011<\/strong><\/p>\n<p>Kupper, P.; S\u00f5ber, J.; Sellin, A.; L\u00f5hmus, K.; Tullus, A.; R\u00e4im, O.; Lubenets, K.; Tulva, I.; Uri, V.; Zobel, M.; Kull, O.; S\u00f5ber, A. (2011).<br><strong>An experimental facility for Free Air Humidity Manipulation (FAHM) can alter water flux through deciduous tree canopy.<\/strong><br><a href=\"http:\/\/www.sciencedirect.com\/science\/article\/pii\/S0098847210001826\">Environmental and Experimental Botany, 72, 432 \u2013 438.<\/a><\/p>","protected":false},"excerpt":{"rendered":"<p>2024 Sellin, A; Heinsoo, K; Kupper, P; Meier, R; \u00d5unapuu-Pikas, E; Reinthal, T; Rosenvald, K; Tullus, A. (2024). Growth responses to elevated environmental humidity vary between phenological forms of Picea abies. Frontiers in Forest and Global Change, 7:1370934. 10.3389\/ffgc.2024.1370934 \u00a0 &#8230;<\/p>\n","protected":false},"author":44,"featured_media":0,"parent":0,"menu_order":0,"comment_status":"closed","ping_status":"closed","template":"","meta":{"_acf_changed":false,"inline_featured_image":false,"footnotes":""},"class_list":["post-6","page","type-page","status-publish","hentry"],"acf":[],"_links":{"self":[{"href":"https:\/\/sisu.ut.ee\/fahm1\/wp-json\/wp\/v2\/pages\/6","targetHints":{"allow":["GET"]}}],"collection":[{"href":"https:\/\/sisu.ut.ee\/fahm1\/wp-json\/wp\/v2\/pages"}],"about":[{"href":"https:\/\/sisu.ut.ee\/fahm1\/wp-json\/wp\/v2\/types\/page"}],"author":[{"embeddable":true,"href":"https:\/\/sisu.ut.ee\/fahm1\/wp-json\/wp\/v2\/users\/44"}],"replies":[{"embeddable":true,"href":"https:\/\/sisu.ut.ee\/fahm1\/wp-json\/wp\/v2\/comments?post=6"}],"version-history":[{"count":10,"href":"https:\/\/sisu.ut.ee\/fahm1\/wp-json\/wp\/v2\/pages\/6\/revisions"}],"predecessor-version":[{"id":700,"href":"https:\/\/sisu.ut.ee\/fahm1\/wp-json\/wp\/v2\/pages\/6\/revisions\/700"}],"wp:attachment":[{"href":"https:\/\/sisu.ut.ee\/fahm1\/wp-json\/wp\/v2\/media?parent=6"}],"curies":[{"name":"wp","href":"https:\/\/api.w.org\/{rel}","templated":true}]}}