{"id":998,"date":"2024-04-03T23:40:38","date_gmt":"2024-04-03T20:40:38","guid":{"rendered":"https:\/\/sisu.ut.ee\/ewod\/seping\/"},"modified":"2024-04-04T00:08:30","modified_gmt":"2024-04-03T21:08:30","slug":"seping","status":"publish","type":"page","link":"https:\/\/sisu.ut.ee\/ewod\/s\/seping\/","title":{"rendered":"Milvi Seping"},"content":{"rendered":"<p>\n\t<a href=\"https:\/\/sisu.ut.ee\/ewod\/s\/seping\/poems\"><strong><span style=\"font-family: verdana, geneva;font-size: medium\">Poems<\/span><\/strong><\/a><strong><span style=\"font-family: verdana, geneva;font-size: medium\"> <a href=\"https:\/\/sisu.ut.ee\/wp-content\/uploads\/sites\/108\/milvi_seping.jpg\" target=\"_self\" rel=\"noopener\"><img decoding=\"async\" alt=\"Milvi Seping\" src=\"https:\/\/sisu.ut.ee\/wp-content\/uploads\/sites\/108\/milvi_seping.jpg\" style=\"float: right;width: 200px;height: 299px\"><\/a><\/span><\/strong>\n<\/p>\n<p>\u00a0\n<\/p>\n<p>\u00a0\n<\/p>\n<p>\n\t<span style=\"color:#000000\"><span style=\"font-size:13px\"><span style=\"font-family:Verdana,Geneva,sans-serif\">Milvi Seping (18 September 1929 \u2013 19 August 2022) was a poet and short prose writer.<\/span><\/span><\/span>\n<\/p>\n<p>\n\t<span style=\"color:#000000\"><span style=\"font-size:13px\"><span style=\"font-family:Verdana,Geneva,sans-serif\">Seping was born in the family of a farmer at Paduvere village in P\u00f5ltsamaa parish, Viljandi County. She attended Paduvere and Vitsj\u00e4rve primary schools. Having completed studies at the school of general education, she entered Tartu Industrial School No. 12. From 1948\u20131971, Seping worked as an assembly locksmith at Tartu Control Apparatus Plant which produced components for Soviet military aircraft. Later, Seping worked in gardening and agriculture, thereafter, was a professional writer in Tartu. She was a member of the Estonian Writers\u2019 Union from 1975 and participated in Tartu Young Authors\u2019 Association.<\/span><\/span><\/span>\n<\/p>\n<p>\n\t<span style=\"color:#000000\"><span style=\"font-size:13px\"><span style=\"font-family:Verdana,Geneva,sans-serif\">Seping began to publish poems from 1951. Her first poetry collection <em>Heliseval sillal<\/em> (\u2018On a Jingling Bridge\u2019) appeared in 1961. In this collection, work-related themes predominate.<\/span><\/span><\/span>\n<\/p>\n<p>\n\t<span style=\"color:#000000\"><span style=\"font-size:13px\"><span style=\"font-family:Verdana,Geneva,sans-serif\">In Milvi Seping\u2019s later creation, factory motifs are replaced by country themes. People\u2019s work on a Soviet collective farm village and their mindset are reflected in a cycle of 17 poems, <em>Kivikorjaja laulud<\/em> (\u2018Stone Gatherer\u2019s Songs\u2019) which received the third prize at the Writers Union competition of long poems in 1977 and appeared in the anthology <em>Poeemip\u00f5imik<\/em> (\u2018Entwined Long Poems\u2019). In 1985, Seping published the short prose collection <em>V\u00e4rvilised linnud<\/em> (\u2018Colourful Birds\u2019). In this book, too, the author deals with the themes of vital importance for the working people, particularly for the elderly.<\/span><\/span><\/span>\n<\/p>\n<p>\n\t<span style=\"color:#000000\"><span style=\"font-size:13px\"><span style=\"font-family:Verdana,Geneva,sans-serif\">Milvi Seping\u2019s poetic manner is simple and straightforward; in her verses, she uses end rhymes with different variations. Her lyrical hero loves her work at the factory, but nature is also indispensably close to her as a country child. The other circle of topics in her poems is nature and love.<\/span><\/span><\/span>\n<\/p>\n<p>\n\t<em><span style=\"color:#000000\"><span style=\"font-size:13px\"><span style=\"font-family:Verdana,Geneva,sans-serif\">L. P. (Translated by I. A.)<\/span><\/span><\/span><\/em>\n<\/p>\n<p><span style=\"color:#000000\"><strong><span style=\"font-family: verdana, geneva;font-size: medium\"><span style=\"font-family:Verdana,Geneva,sans-serif\">Books in Estonian<\/span><\/span><\/strong><\/span>\n<\/p>\n<p>\n\t<span style=\"color:#000000\"><span style=\"font-family:Verdana,Geneva,sans-serif\"><span style=\"font-size:13px\"><strong><em>Poems<\/em><\/strong><br>Milvi Sepping, <strong>Heliseval sillal<\/strong>. Tallinn: Eesti Riiklik Kirjastus, 1961, 64 lk.<br><strong>Urvad \u00fcle m\u00fc\u00fcride<\/strong>. Tallinn: Eesti Raamat, 1974, 84 lk.<br><strong>K\u00fclmamailane<\/strong>. Tallinn: Eesti Raamat, 1981, 70 lk.<\/span><\/span><\/span><\/p>\n<p><strong><span style=\"font-size:13px\"><em>Short stories<\/em><br>V\u00e4rvilised linnud<\/span><\/strong><span style=\"font-size:13px\">. Tallinn: Eesti Raamat, 1985, 135 lk.<\/span><\/p>\n","protected":false},"excerpt":{"rendered":"<p>Poems \u00a0 \u00a0 Milvi Seping (18 September 1929 \u2013 19 August 2022) was a poet and short prose writer. Seping was born in the family of a farmer at Paduvere village in P\u00f5ltsamaa parish, Viljandi County. She attended Paduvere and &#8230;<\/p>\n","protected":false},"author":43,"featured_media":0,"parent":697,"menu_order":0,"comment_status":"closed","ping_status":"closed","template":"","meta":{"_acf_changed":false,"inline_featured_image":false,"footnotes":""},"class_list":["post-998","page","type-page","status-publish","hentry"],"acf":[],"_links":{"self":[{"href":"https:\/\/sisu.ut.ee\/ewod\/wp-json\/wp\/v2\/pages\/998","targetHints":{"allow":["GET"]}}],"collection":[{"href":"https:\/\/sisu.ut.ee\/ewod\/wp-json\/wp\/v2\/pages"}],"about":[{"href":"https:\/\/sisu.ut.ee\/ewod\/wp-json\/wp\/v2\/types\/page"}],"author":[{"embeddable":true,"href":"https:\/\/sisu.ut.ee\/ewod\/wp-json\/wp\/v2\/users\/43"}],"replies":[{"embeddable":true,"href":"https:\/\/sisu.ut.ee\/ewod\/wp-json\/wp\/v2\/comments?post=998"}],"version-history":[{"count":1,"href":"https:\/\/sisu.ut.ee\/ewod\/wp-json\/wp\/v2\/pages\/998\/revisions"}],"predecessor-version":[{"id":4086,"href":"https:\/\/sisu.ut.ee\/ewod\/wp-json\/wp\/v2\/pages\/998\/revisions\/4086"}],"up":[{"embeddable":true,"href":"https:\/\/sisu.ut.ee\/ewod\/wp-json\/wp\/v2\/pages\/697"}],"wp:attachment":[{"href":"https:\/\/sisu.ut.ee\/ewod\/wp-json\/wp\/v2\/media?parent=998"}],"curies":[{"name":"wp","href":"https:\/\/api.w.org\/{rel}","templated":true}]}}