{"id":928,"date":"2024-04-03T23:40:32","date_gmt":"2024-04-03T20:40:32","guid":{"rendered":"https:\/\/sisu.ut.ee\/ewod\/stories-et-97\/"},"modified":"2024-04-04T00:08:41","modified_gmt":"2024-04-03T21:08:41","slug":"stories","status":"publish","type":"page","link":"https:\/\/sisu.ut.ee\/ewod\/m\/mudlum\/stories\/","title":{"rendered":"Mudlum &#8211; short stories"},"content":{"rendered":"<p>\n\t<strong><span style=\"font-size:16px\"><span style=\"font-family:Verdana,Geneva,sans-serif\">Books<\/span><\/span><\/strong>\n<\/p>\n<p>\n\t<span style=\"font-family:Verdana,Geneva,sans-serif\"><strong><em>Hungarian<\/em><\/strong><br><strong>brevi\u00e1rium. <\/strong>Ford. Krisztina Korencsi, N\u00f3ra K\u0151halmy, Krisztina Lengyel T\u00f3th, Vir\u00e1g M\u00e1rkus, Bence Patat, M\u00f3nika Segesdi,\u00a0Vikt\u00f3ria T\u00f3th. \u00c9szt Int\u00e9zet; Pluralica, 2018, 129 pp.<\/span><br>\u00a0\n<\/p>\n<p>\n\t<span style=\"font-family:Verdana,Geneva,sans-serif\"><strong><span style=\"font-size: medium\">In anthologies and magazines<\/span><\/strong><\/span>\n<\/p>\n<p>\n\t<span style=\"font-family:Verdana,Geneva,sans-serif\"><strong><em>Finnish<\/em><\/strong><br><strong>Lepp\u00e4kerttujen vuosi<\/strong>. \u2013 Nippernaati: virolaisen kirjallisuuden antologia, no 2. P\u00e4\u00e4toimittaja Sanna Immanen. Helsinki: Viro-instituutti, 2016, 160 pp. [\u2019Lepatriinude aasta\u2019. See <strong><a href=\"https:\/\/sisu.ut.ee\/ewod\/anthologies\/finnish\/nippernaati2\">contents<\/a><\/strong> of the anthology. Read\/download full text <strong><a href=\"http:\/\/www.digar.ee\/arhiiv\/et\/raamatud\/68130\" target=\"_blank\" rel=\"noopener\">here<\/a><\/strong>.]<\/span><\/p>\n","protected":false},"excerpt":{"rendered":"<p>Books Hungarianbrevi\u00e1rium. Ford. Krisztina Korencsi, N\u00f3ra K\u0151halmy, Krisztina Lengyel T\u00f3th, Vir\u00e1g M\u00e1rkus, Bence Patat, M\u00f3nika Segesdi,\u00a0Vikt\u00f3ria T\u00f3th. \u00c9szt Int\u00e9zet; Pluralica, 2018, 129 pp.\u00a0 In anthologies and magazines FinnishLepp\u00e4kerttujen vuosi. \u2013 Nippernaati: virolaisen kirjallisuuden antologia, no 2. P\u00e4\u00e4toimittaja Sanna Immanen. Helsinki: &#8230;<\/p>\n","protected":false},"author":43,"featured_media":0,"parent":914,"menu_order":0,"comment_status":"closed","ping_status":"closed","template":"","meta":{"_acf_changed":false,"inline_featured_image":false,"footnotes":""},"class_list":["post-928","page","type-page","status-publish","hentry"],"acf":[],"_links":{"self":[{"href":"https:\/\/sisu.ut.ee\/ewod\/wp-json\/wp\/v2\/pages\/928","targetHints":{"allow":["GET"]}}],"collection":[{"href":"https:\/\/sisu.ut.ee\/ewod\/wp-json\/wp\/v2\/pages"}],"about":[{"href":"https:\/\/sisu.ut.ee\/ewod\/wp-json\/wp\/v2\/types\/page"}],"author":[{"embeddable":true,"href":"https:\/\/sisu.ut.ee\/ewod\/wp-json\/wp\/v2\/users\/43"}],"replies":[{"embeddable":true,"href":"https:\/\/sisu.ut.ee\/ewod\/wp-json\/wp\/v2\/comments?post=928"}],"version-history":[{"count":1,"href":"https:\/\/sisu.ut.ee\/ewod\/wp-json\/wp\/v2\/pages\/928\/revisions"}],"predecessor-version":[{"id":4146,"href":"https:\/\/sisu.ut.ee\/ewod\/wp-json\/wp\/v2\/pages\/928\/revisions\/4146"}],"up":[{"embeddable":true,"href":"https:\/\/sisu.ut.ee\/ewod\/wp-json\/wp\/v2\/pages\/914"}],"wp:attachment":[{"href":"https:\/\/sisu.ut.ee\/ewod\/wp-json\/wp\/v2\/media?parent=928"}],"curies":[{"name":"wp","href":"https:\/\/api.w.org\/{rel}","templated":true}]}}

<p>
	<strong><span style="font-size:16px"><span style="font-family:Verdana,Geneva,sans-serif">Books</span></span></strong>
</p>
<p>
	<span style="font-family:Verdana,Geneva,sans-serif"><strong><em>Hungarian</em></strong><br><strong>breviárium. </strong>Ford. Krisztina Korencsi, Nóra Kőhalmy, Krisztina Lengyel Tóth, Virág Márkus, Bence Patat, Mónika Segesdi, Viktória Tóth. Észt Intézet; Pluralica, 2018, 129 pp.</span><br> 
</p>
<p>
	<span style="font-family:Verdana,Geneva,sans-serif"><strong><span style="font-size: medium">In anthologies and magazines</span></strong></span>
</p>
<p>
	<span style="font-family:Verdana,Geneva,sans-serif"><strong><em>Finnish</em></strong><br><strong>Leppäkerttujen vuosi</strong>. – Nippernaati: virolaisen kirjallisuuden antologia, no 2. Päätoimittaja Sanna Immanen. Helsinki: Viro-instituutti, 2016, 160 pp. [’Lepatriinude aasta’. See <strong><a href="https://sisu.ut.ee/ewod/anthologies/finnish/nippernaati2">contents</a></strong> of the anthology. Read/download full text <strong><a href="http://www.digar.ee/arhiiv/et/raamatud/68130" target="_blank" rel="noopener">here</a></strong>.]</span></p>

<p>Books Hungarianbreviárium. Ford. Krisztina Korencsi, Nóra Kőhalmy, Krisztina Lengyel Tóth, Virág Márkus, Bence Patat, Mónika Segesdi, Viktória Tóth. Észt Intézet; Pluralica, 2018, 129 pp.  In anthologies and magazines FinnishLeppäkerttujen vuosi. – Nippernaati: virolaisen kirjallisuuden antologia, no 2. Päätoimittaja Sanna Immanen. Helsinki: &#8230;</p>
