{"id":851,"date":"2024-04-03T23:40:25","date_gmt":"2024-04-03T20:40:25","guid":{"rendered":"https:\/\/sisu.ut.ee\/ewod\/poems-et-135\/"},"modified":"2024-04-04T00:08:54","modified_gmt":"2024-04-03T21:08:54","slug":"poems","status":"publish","type":"page","link":"https:\/\/sisu.ut.ee\/ewod\/v\/vetemaa\/poems\/","title":{"rendered":"Enn Vetemaa &#8211; poems"},"content":{"rendered":"<p><span style=\"font-family: verdana, geneva;font-size: medium\"><strong>In compilations, anthologies, magazines<\/strong><\/span><\/p>\n<p><span style=\"font-family: verdana, geneva;font-size: small\"><strong><em>Esperanto<\/em><\/strong><\/span><br><span style=\"font-family: verdana, geneva;font-size: small\"><strong>Estona soveta poezio<\/strong>. Edited and translated by Hilda Dresen; afterword by Jaan Toomla. Tallinn: Eesti Raamat, 1977, 204 pp. [Poems by\u00a0August Alle, Artur Alliksaar,\u00a0Betti Alver, Vladimir Beekman, Paul Haavaoks, Lehte Hainsalu, Ain Kaalep, Kalju Kangur,\u00a0Jaan Kaplinski, Ilmi Kolla,\u00a0Jaan Kross, Erni Krusten, Jaan K\u00e4rner, Uno Laht,\u00a0Viivi Luik, Kersti Merilaas, Ellen Niit, Minni Nurme, Ralf Parve, Lilli Promet, Mart Raud, Rudolf Rimmel,\u00a0Paul-Eerik Rummo,\u00a0Hando Runnel, Juhan Saar, August Sang, Johannes Semper, Arvi Siig, Juhan Smuul, Harald Suislepp, Aleksander Suuman, Juhan S\u00fctiste,\u00a0Mats Traat, Debora Vaarandi, Johannes Vares-Barbarus,\u00a0Enn Vetemaa.]<\/span><\/p>\n<p><span style=\"font-family: verdana, geneva;font-size: small\"><strong><strong><em>Finnish<\/em><\/strong><br>20\u00a0nykyvirolaista\u00a0runoilijaa.<\/strong>\u00a0Toimittaneet Raili Kilpi-Hynynen, Arvo Turtiainen. Helsinki: Tammi, 1969. [Poems by Betti Alver, Uku Masing, Bernard Kangro, Arno Vihalemm, Kersti Merilaas, August Sang, Debora Vaarandi, Jaan Kross, Kalju Lepik, Ilmar Laaban, Ivar Gr\u00fcnthal, Raimond Kolk, Uno Laht, Ivar Ivask, Aleksander Suuman, Ellen Niit, Mats Traat, Enn Vetemaa, Jaan Kaplinski, Paul-Eerik Rummo.]<\/span><\/p>\n<p><span style=\"font-family: verdana, geneva;font-size: small\"><strong><em>Hungarian<\/em><\/strong><br><strong><strong>Irodalom \u00c9sztorsz\u00e1gban<\/strong><\/strong>. \u00c9szt f\u00fczetek, no 2. Szolnok: Damjanich M\u00fazeum, 1976, 48 pp. [Poems by K. E. S\u00f6\u00f6t, J. S\u00fctiste, J. Smuul, D. Vaarandi, M. Seping, A. Sang, M. Traat, A. Siig, P.-E. Rummo, E. Vetemaa, H. M\u00e4nd.]<strong><br>\u00c9szt k\u00f6lt\u00f6k: huszadik sz\u00e1zadi \u00e9szt l\u00edra<\/strong>. V\u00e1logatta, az \u00e9letrajzi jegyzeteket k\u00e9sz\u00edtette \u00e9s a sz\u00f6veggondoz\u00e1st v\u00e9gezte Bereczki G\u00e1bor, Bereczkin\u00e9 Mai Kiisk, Feh\u00e9rvari Gy\u00f6z\u00f6.\u00a0Budapest: Eur\u00f3pa k\u00f6nyvkiad\u00f3, 1975, 651 pp. [Poems by\u00a0Gustav Suits,\u00a0Ernst Enno,\u00a0Villem Gr\u00fcnthal-Ridala,\u00a0Marie Under,\u00a0Henrik Visnapuu,\u00a0Jaan K\u00e4rner,\u00a0Johannes Barbarus,\u00a0Johannes Semper,\u00a0August Alle,\u00a0Valmar Adams,\u00a0Uku Masing,\u00a0Juhan S\u00fctiste,\u00a0Heiti Talvik,\u00a0Betti Alver,\u00a0August Sang,\u00a0Kersti Merilaas,\u00a0Bernard Kangro,\u00a0Arno Vihalemm,\u00a0Kalju Lepik,\u00a0Ivar Gr\u00fcnthal,\u00a0Felix Kotta,\u00a0Aira Kaal,\u00a0Paul Rummo,\u00a0Debora Vaarandi,\u00a0Ralf Parve,\u00a0Juhan Smuul,\u00a0Ellen Niit,\u00a0Vladimir Beekman,\u00a0Uno Laht,\u00a0Jaan Kross,\u00a0Ain Kaalep,\u00a0Mats Traat,\u00a0Linda Ruud,\u00a0Paul-Eerik Rummo,\u00a0Arvi Siig,\u00a0Enn Vetemaa,\u00a0Rudolf Rimmel,\u00a0Jaan Kaplinski,\u00a0Hando Runnel.]<\/span><\/p>\n<p><span style=\"font-family: verdana, geneva;font-size: small\"><strong><em>Latvian<\/em><\/strong><br><strong>Padomju tautu dzejas izlase<\/strong>. Sast. Uldis Auseklis, Ina Uha, Erika Zimule.\u00a0Riga: Zvaigzne, 1981, 262 pp. [Poems by Mats Traat, Johannes Semper, Betti Alver, Debora Vaarandi, Jaan Kross, Juhan Smuul, Vladimir Beekman, Enn Vetemaa, Paul-Eerik Rummo.]<br><strong>Dzejas diena 1967<\/strong>. Sastaditaji: M. \u010caklais, O. Lisovska, A. Elsksne; makslinieks Gunars Krollis. Riga: Liesma, 1967, 286 pp. [Includes poems by Jaan Kross, Ellen Niit, Mart Raud, Arvi Siig, Mats Traat, Enn Vetemaa.]<br><\/span><\/p>\n<p><span style=\"font-family: verdana, geneva;font-size: small\"><strong><em>Polish<\/em><\/strong><br><strong>Chleb powszedni. Poezja Estonii, Litwy i \u0141otwy<\/strong><span>. Materia\u0142 repertuarowy Og\u00f3lnopolskiego Konkursu Recytatorskiego \u2018Poezja i proza na wsch\u00f3d od Bugu\u2019. Wybra\u0142 Florian Nieuwa\u017cny. Warszawa: Stowarzyszenie Wsp\u00f3\u0142pracy Polska-Wsch\u00f3d, 1997, 122 pp. [Includes poems by Betti Alver, Jan Kaplinski, Jaan Kross, Toomas Liiv, Aarne Puu, Paul Eerik Rummo, Joel Sang, Mats Traat, Arvo Valton, Enn Vetemaa.]<\/span><\/span><\/p>\n<p><span style=\"font-family: verdana, geneva;font-size: small\"><span><strong><em>Russian<\/em><\/strong><br>\u042d\u043d\u043d \u0412\u0435\u0442\u0435\u043c\u0430\u0430, <strong>[\u0421\u0442\u0438\u0445\u0438]<\/strong>. \u041f\u0435\u0440\u0435\u0432\u043e\u0434 \u042e\u043b\u0438\u0438 \u0411\u0430\u0440\u0441\u0443\u043a\u043e\u0432\u043e\u0439, \u0418\u0440\u0438\u043d\u044b \u041c\u0435\u043b\u044f\u043a\u043e\u0432\u043e\u0439 \u0438 \u0412\u0438\u043a\u0442\u043e\u0440\u0438\u0438 \u041a\u0430\u0443\u043f\u0443\u0436. \u2013 \u042d\u0441\u0442\u043e\u043d\u0441\u043a\u0438\u0439 \u043f\u0438\u0441\u0430\u0442\u0435\u043b\u044c-\u0448\u0435\u0441\u0442\u0438\u0434\u0435\u0441\u044f\u0442\u043d\u0438\u043a. 2-\u0439 \u0441\u0431\u043e\u0440\u043d\u0438\u043a. \u041b\u0438\u0442\u0435\u0440\u0430\u0442\u0443\u0440\u043d\u043e-\u043f\u0435\u0440\u0435\u0432\u043e\u0434\u0447\u0435\u0441\u043a\u0430\u044f \u0448\u043a\u043e\u043b\u0430-\u0441\u0442\u0443\u0434\u0438\u044f; \u0441\u043e\u0441\u0442\u0430\u0432\u0438\u0442\u0435\u043b\u044c \u0438 \u0440\u0435\u0434\u0430\u043a\u0442\u043e\u0440 \u0411\u043e\u0440\u0438\u0441 \u0411\u0430\u043b\u044f\u0441\u043d\u044b\u0439. Tallinn: BRI &amp; Ko, [2009], 260 pp. [See <a href=\"https:\/\/sisu.ut.ee\/ewod\/anthologies\/russian\/60ndad2\"><strong>contents<\/strong><\/a> of the anthology.]<br>\u0421\u0432\u0435\u0442\u043b\u0430\u043d \u0421\u0435\u043c\u0435\u043d\u0435\u043d\u043a\u043e, <strong>\u0421\u0432\u0435\u0442 \u0432 \u0434\u0435\u043a\u0430\u0431\u0440\u0435: \u0441\u0442\u0438\u0445\u0438 \u0438 \u043f\u0435\u0440\u0435\u0432\u043e\u0434\u044b<\/strong>. \u0422\u0430\u043b\u043b\u0438\u043d: \u042d\u044d\u0441\u0442\u0438 \u0440\u0430\u0430\u043c\u0430\u0442, 1985, 302 pp. [Includes poems from folklore and by Gustav Suits, Villem Gr\u00fcnthal-Ridala, Marie Under, Valmar Adams, Heiti Talvik, Betti Alver, Kersti Merilaas, Minni Nurme, Debora Vaarandi, Artur Alliksaar, Ain Kaalep, Ellen Niit, Aleksander Suuman, Mats Traat, Enn Vetemaa, Arvi Siig, Andres Ehin, Kalle Kurg, Paul-Eerik Rummo, Hando Runnel, Jaan Kaplinski,Ly Seppel, Viivi Luik, Toomas Liiv, Joel Sang, Juhan Viiding.]<br><\/span><\/span><\/p>\n<p><span style=\"font-family: verdana, geneva;font-size: small\"><span><strong><em>Slovak<\/em><\/strong><br><strong>Osud motyla: antologia mladej estonskej poezie<\/strong>. Zostavil, doslov a medailony napisal Vladimir Macura. Bratislava: Smena, [1984], 215 pp. [Poems by Andres Ehin, Johnny B. Isotamm, Jaak J\u00f5er\u00fc\u00fct, Jaan Kaplinski, Toomas Liiv, Viivi Luik, Paul-Eerik Rummo, Hando Runnel, Mats Traat, Enn Vetemaa, Juhan Viiding.]<br><\/span><\/span><\/p>\n","protected":false},"excerpt":{"rendered":"<p>In compilations, anthologies, magazines EsperantoEstona soveta poezio. Edited and translated by Hilda Dresen; afterword by Jaan Toomla. Tallinn: Eesti Raamat, 1977, 204 pp. [Poems by\u00a0August Alle, Artur Alliksaar,\u00a0Betti Alver, Vladimir Beekman, Paul Haavaoks, Lehte Hainsalu, Ain Kaalep, Kalju Kangur,\u00a0Jaan Kaplinski, &#8230;<\/p>\n","protected":false},"author":43,"featured_media":0,"parent":2041,"menu_order":0,"comment_status":"closed","ping_status":"closed","template":"","meta":{"_acf_changed":false,"inline_featured_image":false,"footnotes":""},"class_list":["post-851","page","type-page","status-publish","hentry"],"acf":[],"_links":{"self":[{"href":"https:\/\/sisu.ut.ee\/ewod\/wp-json\/wp\/v2\/pages\/851","targetHints":{"allow":["GET"]}}],"collection":[{"href":"https:\/\/sisu.ut.ee\/ewod\/wp-json\/wp\/v2\/pages"}],"about":[{"href":"https:\/\/sisu.ut.ee\/ewod\/wp-json\/wp\/v2\/types\/page"}],"author":[{"embeddable":true,"href":"https:\/\/sisu.ut.ee\/ewod\/wp-json\/wp\/v2\/users\/43"}],"replies":[{"embeddable":true,"href":"https:\/\/sisu.ut.ee\/ewod\/wp-json\/wp\/v2\/comments?post=851"}],"version-history":[{"count":1,"href":"https:\/\/sisu.ut.ee\/ewod\/wp-json\/wp\/v2\/pages\/851\/revisions"}],"predecessor-version":[{"id":4225,"href":"https:\/\/sisu.ut.ee\/ewod\/wp-json\/wp\/v2\/pages\/851\/revisions\/4225"}],"up":[{"embeddable":true,"href":"https:\/\/sisu.ut.ee\/ewod\/wp-json\/wp\/v2\/pages\/2041"}],"wp:attachment":[{"href":"https:\/\/sisu.ut.ee\/ewod\/wp-json\/wp\/v2\/media?parent=851"}],"curies":[{"name":"wp","href":"https:\/\/api.w.org\/{rel}","templated":true}]}}