{"id":849,"date":"2024-04-03T23:40:25","date_gmt":"2024-04-03T20:40:25","guid":{"rendered":"https:\/\/sisu.ut.ee\/ewod\/kandler\/"},"modified":"2024-04-04T00:08:54","modified_gmt":"2024-04-03T21:08:54","slug":"kandler","status":"publish","type":"page","link":"https:\/\/sisu.ut.ee\/ewod\/k\/kandler\/","title":{"rendered":"Tiit K\u00e4ndler"},"content":{"rendered":"<p>\n\t<br>Tiit K\u00e4ndler (born 4 October 1948) is a humourist, columnist and (science) journalist.\n<\/p>\n<p>\n\tK\u00e4ndler was born at Turba in L\u00e4\u00e4nemaa County. He attended school in Tallinn and studied physics at Tartu State University where he obtained the degree of Candidate of Physics and Mathematics. He has worked at the Institute of Cybernetics of the Estonian SSR Academy of Sciences and at the National Institute of Chemical Physics and Biophysics, been dramaturge of the Aara humour association, worked for the newspapers <em>Maaleht, Rahva H\u00e4\u00e4l, Eesti P\u00e4evaleht<\/em>, been the founder of the magazine <em>Loodus<\/em> and chief editor of the magazine <em>Loodusajakiri<\/em>.\u00a0 K\u00e4ndler is the editor of the science portal teadus.ee. He is a founding member of the Estonian Genome Centre, a member of the Estonian Association of Journalists, the Estonian Association of Science Journalists and, since 2014, a member of the Estonian Writers\u2019 Union.\n<\/p>\n<p>\n\tK\u00e4ndler has published various writings in the press since the 1970s. Since the 1990s, the main part of his production has consisted of popular-scientific articles. Humorous stories, for example his debut book <em>Uksed akendeks<\/em> (\u2018Doors into Windows\u2019, 1986), and popular-scientific literature for children also make up a considerable part of his creation. Articles from different publications have been collected into the book <em>Teadusluulude j\u00e4lil<\/em> (\u2018Tracking the Delusions of Science\u2019, 2020) which appeared in the series <em>Eesti m\u00f5ttelugu<\/em> (\u2018History of Estonian Thought\u2019).\n<\/p>\n<p>\n\tK\u00e4ndler has received the Annual Award of the Estonian Association of Journalists (1990), Order of the White Star, class V (2001), the award for popularisation of Estonian science (2006, 2016), the title of the best Estonian science journalist (2009) and the European Senior Science Writers Award (2012).\n<\/p>\n<p>\n\t<em>A. K. (Translated by I. A.)<\/em>\n<\/p>\n<p><span style=\"font-family:Verdana,Geneva,sans-serif\"><strong><span style=\"font-size:16px\">Books in Estonian<\/span><\/strong><\/span>\n<\/p>\n<p>\n\t<span style=\"font-family:Verdana,Geneva,sans-serif\"><strong><em>Popular science<\/em><\/strong><br><strong>Poolsaarte Eesti. Kohavaimu otsimas<\/strong>. Tallinn: Eesti P\u00e4evaleht, 2003, 96 lk.<br><strong>Selles tarkuses n\u00e4ha s\u00fcsteemi<\/strong>. Valitud artikleid teadusest ja teadlastest. Tallinn: Jutulind, 2010, 236 lk.<\/span><br><span style=\"line-height:150%\"><font face=\"Times New Roman, serif\"><font size=\"3\"><font style=\"12pt\"><strong>K\u00f5lakoda k\u00f5rva taga: kuidas muusika loob teadust ja teadus teeb muusikat<\/strong>. Tallinn: Tammerraamat, 2010, 168 lk<\/font><\/font><\/font><\/span><br><span style=\"font-family:Verdana,Geneva,sans-serif\"><strong>K\u00f5lakoda k\u00f5rva taga. Kuidas muusika loob teadust ja teadus teeb muusikat<\/strong>. Tallinn: Tammerraamat, 2010, 168 lk.<br><strong>Endel Lippmaa. Mees parima ninaga<\/strong>. Dokumentaalne teadusromaan. Tallinn: Ajakirjade Kirjastus, 2012, 336 lk. [2. tr\u00fckk: 2017.]<\/span><br><span style=\"font-family:Verdana,Geneva,sans-serif\"><strong>K\u00f6\u00f6gif\u00fc\u00fcsika. Kokanduse kuuem\u00f5\u00f5tmeline maailm<\/strong>. Tallinn: Menu Kirjastus, 2014, 184 lk.<\/span><br><span style=\"line-height:150%\"><font face=\"Times New Roman, serif\"><font size=\"3\"><font style=\"12pt\">Tiit K\u00e4ndler, Tiina Kaljundi, <strong>K\u00f5rvemaa, Pandivere, Alutaguse<\/strong>. Tallinn: Solnessi Arhitektuurikirjastus, 2014, 208 lk<\/font><\/font><\/font><\/span><span style=\"font-family:Verdana,Geneva,sans-serif\">.<br><strong>Leiutised, mida ei osatud oodatagi<\/strong>. Tallinn: \u00dchinenud\u00a0Ajakirjad, 2015, 471 lk.<\/span><br><span style=\"line-height:150%\"><font face=\"Times New Roman, serif\"><font size=\"3\"><font style=\"12pt\"><strong>Teadusluulude j\u00e4lil<\/strong>. Tartu: Ilmamaa, 2020, 515 lk. [Sari \u2018Eesti m\u00f5ttelugu\u2019.]<\/font><\/font><\/font><\/span>\n<\/p>\n<p>\n\t<span style=\"font-family:Verdana,Geneva,sans-serif\"><strong><em>Children\u2019s books<\/em><\/strong><br><strong>Asi susiseb<\/strong>. Jutte lastele. Tallinn: Mix, 1992, 48 lk.<\/span><br><span><strong>P\u00e4ikeselt n\u00e4eb kaugemale. V\u00e4ike teadusraamat lastele<\/strong>. Tallinn: Ajakirjade Kirjastus, 2009, 110 lk.<br><strong>Kukkuva Maa lapsed<\/strong>. Tallinn: Ajakirjade Kirjastus, 2010, 110 lk. [Populaarteaduslik raamat lastele.]<br><strong>Valguse v\u00e4rviline maailm. V\u00e4ike teadusraamat koolilastele<\/strong>. Tallinn: Ajakirjade Kirjastus, 2013, 119 lk.<\/span><br><span style=\"font-family:Verdana,Geneva,sans-serif\"><strong>L\u00e4bi musta augu. Reeda, Kati ja Peetri reis \u00d5ueonuga paralleelsesse universumisse ja tagasi<\/strong>. Tartu: Otto Wilhelm, 2017, 159 lk.<br><strong>Andruse \u00f5nnep\u00e4ev<\/strong>. Tallinn: Reaali Kirjastus, 2018, 61 lk.<\/span>\n<\/p>\n<p>\n\t<span style=\"font-family:Verdana,Geneva,sans-serif\"><strong><em>Humour<\/em><\/strong><br><strong>Uksed akendeks<\/strong>. Tallinn: Eesti Raamat, 1986, 158 lk.\u00a0<br><strong>Loll on targaks saada, ehk, Tark lits taskus<\/strong>. Kloogaranna: Teaduslugu, 2013, CXV lk.<br><strong>\u00d5ueonu aasta<\/strong>. Kloogaranna: Teaduslugu, 2013, 80 lk.<br><strong>Teadusaabits. Universum \u00fche minutiga<\/strong>. Tallinn: Argo, 2017, 111 lk.<\/span>\n<\/p>\n<p class=\"western\" style=\"margin-bottom:0.21cm\">\n\t<span style=\"line-height:150%\"><font face=\"Times New Roman, serif\"><font size=\"3\"><font style=\"12pt\"><b><em>Memoirs<\/em><\/b><br><strong>K\u00f5ige selle keskel. Kalamaja agulist Reaalkooli<\/strong>. Tallinn: Rahva Raamat, 2020, 151 lk <\/font><\/font><\/font><\/span>\n<\/p>\n<p>\n\t\u00a0<\/p>\n","protected":false},"excerpt":{"rendered":"<p>Tiit K\u00e4ndler (born 4 October 1948) is a humourist, columnist and (science) journalist. K\u00e4ndler was born at Turba in L\u00e4\u00e4nemaa County. He attended school in Tallinn and studied physics at Tartu State University where he obtained the degree of Candidate &#8230;<\/p>\n","protected":false},"author":43,"featured_media":0,"parent":498,"menu_order":0,"comment_status":"closed","ping_status":"closed","template":"","meta":{"_acf_changed":false,"inline_featured_image":false,"footnotes":""},"class_list":["post-849","page","type-page","status-publish","hentry"],"acf":[],"_links":{"self":[{"href":"https:\/\/sisu.ut.ee\/ewod\/wp-json\/wp\/v2\/pages\/849","targetHints":{"allow":["GET"]}}],"collection":[{"href":"https:\/\/sisu.ut.ee\/ewod\/wp-json\/wp\/v2\/pages"}],"about":[{"href":"https:\/\/sisu.ut.ee\/ewod\/wp-json\/wp\/v2\/types\/page"}],"author":[{"embeddable":true,"href":"https:\/\/sisu.ut.ee\/ewod\/wp-json\/wp\/v2\/users\/43"}],"replies":[{"embeddable":true,"href":"https:\/\/sisu.ut.ee\/ewod\/wp-json\/wp\/v2\/comments?post=849"}],"version-history":[{"count":1,"href":"https:\/\/sisu.ut.ee\/ewod\/wp-json\/wp\/v2\/pages\/849\/revisions"}],"predecessor-version":[{"id":4223,"href":"https:\/\/sisu.ut.ee\/ewod\/wp-json\/wp\/v2\/pages\/849\/revisions\/4223"}],"up":[{"embeddable":true,"href":"https:\/\/sisu.ut.ee\/ewod\/wp-json\/wp\/v2\/pages\/498"}],"wp:attachment":[{"href":"https:\/\/sisu.ut.ee\/ewod\/wp-json\/wp\/v2\/media?parent=849"}],"curies":[{"name":"wp","href":"https:\/\/api.w.org\/{rel}","templated":true}]}}