{"id":814,"date":"2024-04-03T23:40:21","date_gmt":"2024-04-03T20:40:21","guid":{"rendered":"https:\/\/sisu.ut.ee\/ewod\/laretei\/"},"modified":"2024-04-04T00:09:02","modified_gmt":"2024-04-03T21:09:02","slug":"laretei","status":"publish","type":"page","link":"https:\/\/sisu.ut.ee\/ewod\/l\/laretei\/","title":{"rendered":"K\u00e4bi Laretei"},"content":{"rendered":"<p>\n\t<span style=\"font-family:Verdana,Geneva,sans-serif\"><a href=\"https:\/\/sisu.ut.ee\/ewod\/l\/laretei\/stories\"><strong><span style=\"font-size: medium\">Short stories <\/span><\/strong><\/a><a href=\"https:\/\/sisu.ut.ee\/wp-content\/uploads\/sites\/108\/kabi_laretei_a_saar.jpg\" target=\"_self\" rel=\"noopener\"><img decoding=\"async\" alt=\"K\u00e4bi Laretei\" src=\"https:\/\/sisu.ut.ee\/wp-content\/uploads\/sites\/108\/kabi_laretei_a_saar.jpg\" style=\"float: right;width: 200px;height: 301px\" title=\"Photo: A. Saar\"><\/a><\/span>\n<\/p>\n<p>\n\t<span style=\"font-family:Verdana,Geneva,sans-serif\"><a href=\"https:\/\/sisu.ut.ee\/ewod\/l\/laretei\/nonfiction\"><strong><span style=\"font-size: medium\">Non-fiction<\/span><\/strong><\/a><\/span>\n<\/p>\n<p>\n\t<span style=\"font-family:Verdana,Geneva,sans-serif\"><a href=\"https:\/\/sisu.ut.ee\/ewod\/l\/laretei\/about\"><strong><span style=\"font-size: medium\">About K\u00e4bi Laretei<\/span><\/strong><\/a><\/span>\n<\/p>\n<p>\u00a0\n<\/p>\n<p>\n\t<span style=\"font-size:13px\"><span style=\"font-family:Verdana,Geneva,sans-serif\">K\u00e4bi Alma Laretei (14. VII 1922 \u2013 31. X 2014, Stockholm) was a pianist and prose writer of Estonian origin who lived in Sweden and wrote in Swedish, but concentrated greatly on her Estonian roots in her writing.<\/span><\/span>\n<\/p>\n<p>\n\t<span style=\"font-size:13px\"><span style=\"font-family:Verdana,Geneva,sans-serif\">She was born in Tartu into the family of the diplomat Heinrich Laretei. She began her music studies at the Tallinn Conservatoire; from 1940 she was a refugee in Sweden at her parents\u2019 home. In Sweden she took private lessons in music, and then continued her studies in Switzerland, where she graduated from the Basel Conservatoire in 1947. She began her concert career in 1946 in Stockholm, achieving international recognition as a pianist. From 1959 to 1969 she was married to the Swedish film director Ingmar Bergman, on whose films she collaborated musically (Autumn Sonata, 1978), as well as playing some minor roles (Fanny and Alexander, 1982). She was also a member of the Swedish Writers\u2019 Union. She died in Stockholm.<\/span><\/span>\n<\/p>\n<p>\n\t<span style=\"font-size:13px\"><span style=\"font-family:Verdana,Geneva,sans-serif\">In 1970 she began her writing career in Swedish periodicals, initially writing short stories, which later appeared in a book, <em>Vem spelar jag f\u00f6r?<\/em> (\u2018For Whom Am I Playing?\u2019). That book became K\u00e4bi Laretei\u2019s literary debut.<\/span><\/span>\n<\/p>\n<p>\n\t<span style=\"font-size:13px\"><span style=\"font-family:Verdana,Geneva,sans-serif\">The main theme in Laretei\u2019s work is exile and the search for roots: identity, along with memories of pre-war Estonia. Her works glow with the compositional flourishes of musicals and films. One subject that she treats in her autobiographical works is the vocation and freedom of the artist, the passion of art. The inspiring influence of Ingmar Bergman can be seen here. The tragic events of history which affected K\u00e4bi Laretei\u2019s personal life are constantly reflected in her literary work.<\/span><\/span>\n<\/p>\n<p>\n\t<span style=\"font-size:13px\"><span style=\"font-family:Verdana,Geneva,sans-serif\">Most of K\u00e4bi Laretei\u2019s works have been translated into Estonian.<\/span><\/span>\n<\/p>\n<p>\n\t<em><span style=\"font-size:13px\"><span style=\"font-family:Verdana,Geneva,sans-serif\">A. Mv (Translated by C. M.)<\/span><\/span><\/em>\n<\/p>\n<p><span style=\"font-size:16px\"><span style=\"font-family:Verdana,Geneva,sans-serif\"><strong>Books in Swedish<\/strong><\/span><\/span>\n<\/p>\n<p>\n\t<span style=\"font-size:13px\"><span style=\"font-family:Verdana,Geneva,sans-serif\"><strong>Vem spelar jag f\u00f6r?<\/strong>.\u00a0Stockholm: Bonnier, 1970, 136 pp.<br><strong>En bit jord<\/strong>. Stockholm: Bonnier, 1970, 258 pp.<br><strong>Tulpantr\u00e4det<\/strong>. Stockholm: Bonnier, 1983, 186 lk.<br><strong>Virvlar och sp\u00e5r<\/strong>. Stockholm: Bonnier, 1987, 165 lk.<br><strong>En f\u00f6rlorad klang<\/strong>. Stockholm: Bonnier, 1991, 258 lk.<br><strong>S\u00e5som i en \u00f6vers\u00e4ttning. Teman med variationer<\/strong>. Stockholm: Bonnier, 2004, 382 lk.<br><strong>Vart tog all denna k\u00e4rlek v\u00e4gen?<\/strong>. Stockholm: Norstedts, 2009, 117 lk. [2nd ed: 2010.]<br><strong>Toner och passioner = Ludus tonalis<\/strong>. Stockholm: Norstedts, 2010, 201 lk.<\/span><\/span>\n<\/p>\n<p>\n\t<br><span style=\"font-family:Verdana,Geneva,sans-serif\"><strong><span style=\"font-size:16px\">Books in Estonian<\/span><\/strong><\/span><\/p>\n<p><span style=\"font-size:13px\"><strong>Peot\u00e4is mulda, lapike maad<\/strong>. T\u00f5lkinud\u00a0Anu Salu\u00e4\u00e4r, Tallinn: Perioodika (Loomingu Raamatukogu), 1989, 173 lk.\u00a0[\u2018En bit jord\u2019. Kordustr\u00fckk: 1995.]<br><strong>Mineviku heli<\/strong>. T\u00f5lkinud Anu Salu\u00e4\u00e4r. Tallinn: Perioodika (Loomingu Raamatukogu), 1992, 141 lk. [\u2018En f\u00f6rlorad klang\u2019. Kordustr\u00fckk: 1995.]<br><strong>Seal kodus \u2013 siin v\u00f5\u00f5rsil; Peot\u00e4is mulda, lapike maad; Mineviku heli<\/strong>. T\u00f5lkinud Anu Salu\u00e4\u00e4r. Tallinn:\u00a0Kupar, 1995, 445 lk.<br><strong>Eksiil. Intervjuu\u00a0Urmas Otile; Kellele ma m\u00e4ngin?; Keerised ja j\u00e4ljed<\/strong>. T\u00f5lkinud\u00a0Irja Kiisk\u00fcla\u00a0ja Anu Salu\u00e4\u00e4r. Tallinn:\u00a0SE &amp; JS, 1997, 290 lk.<br><strong>Tulbipuu<\/strong>. T\u00f5lkinud Maimu Ev\u00e9guoz-Laretei\u00a0ja\u00a0J\u00fcri Reinvere. Tallinn:\u00a0Kunst, 1997, 195 lk. [\u2018Tulpantr\u00e4det\u2019.]<br><strong>Vihmapiisad ja kuupaiste<\/strong>. Esseed\u00a0muusikast. T\u00f5lkinud Anu Salu\u00e4\u00e4r,\u00a0Kristi Sinka ja\u00a0Kristiina <strong>Tedremaa<\/strong>. Autoriseeritud t\u00f5lke toimetaja Anu Salu\u00e4\u00e4r. Tallinn: SE &amp; JS, 2002, 239 lk. [Kordustr\u00fckk:\u00a02005].<br><strong>Keerised &amp; j\u00e4ljed<\/strong>. Kogutud proosa. Tallinn: SE &amp; JS, 2003, 830 lk.<br><strong>Otsekui t\u00f5lkes. Teema variatsioonidega<\/strong>. T\u00f5lkinud Anu Salu\u00e4\u00e4r. Tallinn: T\u00e4nap\u00e4ev, 2005, 375 lk. [\u2018S\u00e5som i en \u00f6vers\u00e4ttning. Teman med variationer\u2019.]<br><strong>Kuhu kadus k\u00f5ik see armastus?<\/strong>. Ingmari kirjad K\u00e4bile aastaist 1957\u20132001. P\u00e4evik. Taskukalender. T\u00f5lkinud Anu Salu\u00e4\u00e4r. Tallinn: SE &amp; JS, 2008, 215 lk. [\u2018Vart tog all denna k\u00e4rlek v\u00e4gen?\u2019.]<br><strong>Ludus tonalis. Kirg<\/strong>. T\u00f5lkinud Anu Salu\u00e4\u00e4r. Tallinn: SE &amp; JS, 2010, 213 lk.\u00a0[\u2018Toner och passioner = Ludus tonalis\u2019.]<br><strong>Okas ja K\u00e4bi<\/strong>. Tallinn: SE&amp;JS, 2012, 127 lk.\u00a0<br><strong>Mahagonipuust tiibklaver<\/strong>. Koostanud Sirje Endre, t\u00f5lkinud Anu Salu\u00e4\u00e4r. Tallinn: SE&amp;JS, 2015, 173 lk.<\/span><\/p>\n","protected":false},"excerpt":{"rendered":"<p>Short stories Non-fiction About K\u00e4bi Laretei \u00a0 K\u00e4bi Alma Laretei (14. VII 1922 \u2013 31. X 2014, Stockholm) was a pianist and prose writer of Estonian origin who lived in Sweden and wrote in Swedish, but concentrated greatly on her &#8230;<\/p>\n","protected":false},"author":43,"featured_media":0,"parent":631,"menu_order":0,"comment_status":"closed","ping_status":"closed","template":"","meta":{"_acf_changed":false,"inline_featured_image":false,"footnotes":""},"class_list":["post-814","page","type-page","status-publish","hentry"],"acf":[],"_links":{"self":[{"href":"https:\/\/sisu.ut.ee\/ewod\/wp-json\/wp\/v2\/pages\/814","targetHints":{"allow":["GET"]}}],"collection":[{"href":"https:\/\/sisu.ut.ee\/ewod\/wp-json\/wp\/v2\/pages"}],"about":[{"href":"https:\/\/sisu.ut.ee\/ewod\/wp-json\/wp\/v2\/types\/page"}],"author":[{"embeddable":true,"href":"https:\/\/sisu.ut.ee\/ewod\/wp-json\/wp\/v2\/users\/43"}],"replies":[{"embeddable":true,"href":"https:\/\/sisu.ut.ee\/ewod\/wp-json\/wp\/v2\/comments?post=814"}],"version-history":[{"count":1,"href":"https:\/\/sisu.ut.ee\/ewod\/wp-json\/wp\/v2\/pages\/814\/revisions"}],"predecessor-version":[{"id":4275,"href":"https:\/\/sisu.ut.ee\/ewod\/wp-json\/wp\/v2\/pages\/814\/revisions\/4275"}],"up":[{"embeddable":true,"href":"https:\/\/sisu.ut.ee\/ewod\/wp-json\/wp\/v2\/pages\/631"}],"wp:attachment":[{"href":"https:\/\/sisu.ut.ee\/ewod\/wp-json\/wp\/v2\/media?parent=814"}],"curies":[{"name":"wp","href":"https:\/\/api.w.org\/{rel}","templated":true}]}}