{"id":807,"date":"2024-04-03T23:40:21","date_gmt":"2024-04-03T20:40:21","guid":{"rendered":"https:\/\/sisu.ut.ee\/ewod\/tonistootsen\/"},"modified":"2024-04-04T00:09:01","modified_gmt":"2024-04-03T21:09:01","slug":"tonistootsen","status":"publish","type":"page","link":"https:\/\/sisu.ut.ee\/ewod\/t\/tonistootsen\/","title":{"rendered":"T\u00f5nis Tootsen"},"content":{"rendered":"<p>\n\t<a href=\"https:\/\/sisu.ut.ee\/wp-content\/uploads\/sites\/108\/tonis_tootsen_ruti_jogi-rumvolt2.jpg\" target=\"_self\" rel=\"noopener\"><img decoding=\"async\" alt=\"T\u00f5nis Tootsen\" src=\"https:\/\/sisu.ut.ee\/wp-content\/uploads\/sites\/108\/tonis_tootsen_ruti_jogi-rumvolt2.jpg\" style=\"float: right;width: 300px;height: 300px\" title=\"Photo: Ruti J\u00f5gi-Rumvolt\"><\/a><\/p>\n<p><span style=\"color:#000000\"><span style=\"font-size:13px\"><span style=\"font-family:Verdana,Geneva,sans-serif\">T\u00f5nis Tootsen (born 17 October 1988) is a poet, prose writer who mainly writes science fiction and fantasy, and designer.<\/span><\/span><\/span>\n<\/p>\n<p>\n\t<span style=\"color:#000000\"><span style=\"font-size:13px\"><span style=\"font-family:Verdana,Geneva,sans-serif\">Tootsen has attended school in Tallinn and studied semiotics at the University of Tartu. He has acted as a translator and designer, done audio and video editing, edited the radio programmes of <em>\u00d6\u00f6\u00fclikool<\/em> (\u2018Night University\u2019) and books. His father is journalist and writer <\/span><\/span><\/span><span style=\"font-size:13px\"><span style=\"font-family:Verdana,Geneva,sans-serif\"><a data-url=\"https:\/\/sisu.ut.ee\/ewod\/t\/tootsen\" href=\"https:\/\/sisu.ut.ee\/ewod\/t\/tootsen\" title=\"\">Toivo Tootsen<\/a><\/span><\/span><span style=\"color:#000000\"><span style=\"font-size:13px\"><span style=\"font-family:Verdana,Geneva,sans-serif\"> (born 1943), his half-brother \u2013 journalist and film director, author of the popular radio programme <em>\u00d6\u00f6\u00fclikool<\/em> Jaan Tootsen (born 1975).<\/span><\/span><\/span>\n<\/p>\n<p>\n\t<span style=\"color:#000000\"><span style=\"font-size:13px\"><span style=\"font-family:Verdana,Geneva,sans-serif\">T\u00f5nis Tootsen\u2019s debut book <em>Esimene p\u00e4ev<\/em> (\u2018The First Day\u2019, 2016), which received the Literature Endowment Annual Award (free award), depicts a postapocalyptic world, life in Estonia in 2034. The novel has been written by hand, scanned and post-processed. The result is a book, each copy of which is unique in its artistic vision and design. The novel <em>Ahvide pasteet<\/em> (\u2018P\u00e2t\u00e9 of the Apes\u2019, 2022, the European Union Prize for Literature in 2023), the title of which refers to Pierre Boulle\u2019s science-fiction classic Planet of the Apes, also belongs to the realm of fantasy. It takes a crooked look at the present-day world through the eyes of an ape. The narrative of the book is presented as a manuscript written by the ape Ergo, which has been deciphered and rewritten by Tootsen. As the background to this socio-critical novel, the Estonian history from the 1980s to the 2000s can be discerned. Visions of future Estonia are also created in the prose collection <em>Nukumeister<\/em> (\u2018The Puppet Master\u2019, 2012).<\/span><\/span><\/span>\n<\/p>\n<p>\n\t<span style=\"color:#000000\"><span style=\"font-size:13px\"><span style=\"font-family:Verdana,Geneva,sans-serif\">In 2021, Tootsen published a poetry collection <em>Uttu<\/em> (\u2018Into the Mist\u2019).<\/span><\/span><\/span>\n<\/p>\n<p>\n\t<em><span style=\"color:#000000\"><span style=\"font-size:13px\"><span style=\"font-family:Verdana,Geneva,sans-serif\">A. K. (Translated by I. A.)<\/span><\/span><\/span><\/em>\n<\/p>\n<p><strong><span style=\"font-size:16px\"><span style=\"color:#000000\"><span style=\"font-family:Verdana,Geneva,sans-serif\">Books in Estonian<\/span><\/span><\/span><\/strong>\n<\/p>\n<p>\n\t<span style=\"color:#000000\"><span style=\"font-size:13px\"><span style=\"font-family:Verdana,Geneva,sans-serif\"><strong><em>Novels<\/em><\/strong><br><strong>Esimene p\u00e4ev<\/strong>. Tallinn: T. Tootsen, 2016, 576 lk<br><strong>Ahvide pasteet<\/strong>. \u00dche ahvi m\u00e4lestusi ja m\u00f5tteid. Luhametsa: Kaarnakivi seltsi kirjastus, 2022, 262 lk<\/span><\/span><\/span>\n<\/p>\n<p>\n\t<span style=\"color:#000000\"><span style=\"font-size:13px\"><span style=\"font-family:Verdana,Geneva,sans-serif\"><strong><em>Short prose<\/em><\/strong><br><strong>Nukumeister<\/strong>: tekste aastatest 2007-2011. Tallinn: T. Tootsen, 2012, 220 lk<\/span><\/span><\/span>\n<\/p>\n<p>\n\t<span style=\"color:#000000\"><span style=\"font-size:13px\"><span style=\"font-family:Verdana,Geneva,sans-serif\"><strong><em>Poetry collections<\/em><\/strong><br><strong>Uttu<\/strong>. R\u00f5uge: M\u00f5ttel\u00f5ke, 2021, 149 lk<\/span><\/span><\/span>\n<\/p>\n<p>\n\t<span style=\"color:#000000\"><span style=\"font-size:13px\"><span style=\"font-family:Verdana,Geneva,sans-serif\"><strong><em>Children\u2019s books<\/em><\/strong><br>Toivo Tootsen, T\u00f5nis Tootsen, <strong>J\u00f5hvi Joosepi jututuba<\/strong>: lustakat lugemist kogu perele. Tallinn: I. Parbus, 2001, 107 lk<\/span><\/span><\/span><\/p>\n","protected":false},"excerpt":{"rendered":"<p>T\u00f5nis Tootsen (born 17 October 1988) is a poet, prose writer who mainly writes science fiction and fantasy, and designer. Tootsen has attended school in Tallinn and studied semiotics at the University of Tartu. He has acted as a translator &#8230;<\/p>\n","protected":false},"author":43,"featured_media":0,"parent":709,"menu_order":0,"comment_status":"closed","ping_status":"closed","template":"","meta":{"_acf_changed":false,"inline_featured_image":false,"footnotes":""},"class_list":["post-807","page","type-page","status-publish","hentry"],"acf":[],"_links":{"self":[{"href":"https:\/\/sisu.ut.ee\/ewod\/wp-json\/wp\/v2\/pages\/807","targetHints":{"allow":["GET"]}}],"collection":[{"href":"https:\/\/sisu.ut.ee\/ewod\/wp-json\/wp\/v2\/pages"}],"about":[{"href":"https:\/\/sisu.ut.ee\/ewod\/wp-json\/wp\/v2\/types\/page"}],"author":[{"embeddable":true,"href":"https:\/\/sisu.ut.ee\/ewod\/wp-json\/wp\/v2\/users\/43"}],"replies":[{"embeddable":true,"href":"https:\/\/sisu.ut.ee\/ewod\/wp-json\/wp\/v2\/comments?post=807"}],"version-history":[{"count":1,"href":"https:\/\/sisu.ut.ee\/ewod\/wp-json\/wp\/v2\/pages\/807\/revisions"}],"predecessor-version":[{"id":4268,"href":"https:\/\/sisu.ut.ee\/ewod\/wp-json\/wp\/v2\/pages\/807\/revisions\/4268"}],"up":[{"embeddable":true,"href":"https:\/\/sisu.ut.ee\/ewod\/wp-json\/wp\/v2\/pages\/709"}],"wp:attachment":[{"href":"https:\/\/sisu.ut.ee\/ewod\/wp-json\/wp\/v2\/media?parent=807"}],"curies":[{"name":"wp","href":"https:\/\/api.w.org\/{rel}","templated":true}]}}