{"id":789,"date":"2024-04-03T23:40:19","date_gmt":"2024-04-03T20:40:19","guid":{"rendered":"https:\/\/sisu.ut.ee\/ewod\/rannaleet\/"},"modified":"2024-04-04T00:09:06","modified_gmt":"2024-04-03T21:09:06","slug":"rannaleet","status":"publish","type":"page","link":"https:\/\/sisu.ut.ee\/ewod\/r\/rannaleet\/","title":{"rendered":"Ain Rannaleet"},"content":{"rendered":"<p>\n\t<a href=\"https:\/\/sisu.ut.ee\/ewod\/r\/rannaleet\/stories\"><strong><span style=\"font-size: medium;font-family: verdana, geneva\">Short stories<\/span><\/strong><\/a><strong><span style=\"font-size: medium;font-family: verdana, geneva\"> <a href=\"https:\/\/sisu.ut.ee\/wp-content\/uploads\/sites\/108\/a._rannaleet.jpg\" target=\"_self\" rel=\"noopener\"><img decoding=\"async\" alt=\"Ain Rannaleet\" src=\"https:\/\/sisu.ut.ee\/wp-content\/uploads\/sites\/108\/a._rannaleet.jpg\" style=\"float: right;width: 200px;height: 293px\"><\/a><\/span><\/strong>\n<\/p>\n<p>\n\t\u00a0\n<\/p>\n<p><span style=\"color:#000000\"><span style=\"font-size:13px\"><span style=\"font-family:Verdana,Geneva,sans-serif\">Ain Rannaleet (real name Rudolf Laurent, 25 May \/ 12 May 1904 \u2013 11 November 1937 or 13 September 1943) was an Estonian poet who lived in the Soviet Union.<\/span><\/span><\/span>\n<\/p>\n<p>\n\t<span style=\"color:#000000\"><span style=\"font-size:13px\"><span style=\"font-family:Verdana,Geneva,sans-serif\">Rannaleet was born in the Estonian village of Simititsa in St Petersburg governorate in Russia (Russian Zimititsy, 60 km east of Narva). He attended school there and in Leningrad and studied at Herzen Pedagogical Institute. He worked as a teacher at several places and contributed to Estonian-language publications. He was one of the founders of the Estonian section of the Leningrad Association of Proletarian Writers in 1926. He was arrested in Leningrad for political reasons in 1937. According to the official Soviet version, Rannaleet died in prison camp in 1943. More recent data, however, state that he was shot dead by the NKVD in Leningrad already in 1937.<\/span><\/span><\/span>\n<\/p>\n<p>\n\t<span style=\"color:#000000\"><span style=\"font-size:13px\"><span style=\"font-family:Verdana,Geneva,sans-serif\">His first poems appeared in the Estonian-language press of Soviet Russia. He acquired an essential place among the Estonian poets of Russia. He writes about revolutionary struggle, e.g., the long poem <em>Veli<\/em> (\u2018Brother\u2019, 1927) about the events of 1905, but his poetry of nature and home with noticeable romantic undercurrents is more remarkable and sentient, e.g., the collection <em>\u00d5htused k\u00fclad<\/em> (\u2018Evening Villages\u2019, 1928). His creation has been collected into <em>Luuletused<\/em> (\u2018Poems\u2019, 2006).<\/span><\/span><\/span>\n<\/p>\n<p>\n\t<span style=\"color:#000000\"><em><span style=\"font-size:13px\"><span style=\"font-family:Verdana,Geneva,sans-serif\">A. K. (Translated by I. A.)<\/span><\/span><\/em><\/span><\/p>\n<p>\u00a0\n<\/p>\n<p>\n\t<span style=\"color:#000000\"><strong><span style=\"font-size:16px\"><span style=\"font-family:Verdana,Geneva,sans-serif\">Books in Estonian<\/span><\/span><\/strong><\/span>\n<\/p>\n<p>\n\t<span style=\"color:#000000\"><span style=\"font-size:13px\"><span style=\"font-family:Verdana,Geneva,sans-serif\"><strong><em>Poetry<\/em><\/strong><br><strong>Veli<\/strong>: poeem. Leningrad: K\u00fclvaja, 1927, 67 lk.<br><strong>\u00d5htused k\u00fclad<\/strong>: 1924\u20131928 a. loodusl\u00fc\u00fcrika. Leningrad: K\u00fclvaja, 1928, 48 lk.<br><strong>M\u00e4gede harjale<\/strong>. Koostanud Ants Salum. Tallinn: Eesti Raamat, 1978, 87 lk.<br><strong>Luuletused<\/strong>. Koostanud Ants Salum. Habaja: Kentaur, 2006, 192 lk.<\/span><\/span><\/span>\n<\/p>\n<p>\n\t\u00a0\n<\/p>\n<p>\n\t\u00a0<\/p>\n","protected":false},"excerpt":{"rendered":"<p>Short stories \u00a0 Ain Rannaleet (real name Rudolf Laurent, 25 May \/ 12 May 1904 \u2013 11 November 1937 or 13 September 1943) was an Estonian poet who lived in the Soviet Union. Rannaleet was born in the Estonian village &#8230;<\/p>\n","protected":false},"author":43,"featured_media":0,"parent":686,"menu_order":0,"comment_status":"closed","ping_status":"closed","template":"","meta":{"_acf_changed":false,"inline_featured_image":false,"footnotes":""},"class_list":["post-789","page","type-page","status-publish","hentry"],"acf":[],"_links":{"self":[{"href":"https:\/\/sisu.ut.ee\/ewod\/wp-json\/wp\/v2\/pages\/789","targetHints":{"allow":["GET"]}}],"collection":[{"href":"https:\/\/sisu.ut.ee\/ewod\/wp-json\/wp\/v2\/pages"}],"about":[{"href":"https:\/\/sisu.ut.ee\/ewod\/wp-json\/wp\/v2\/types\/page"}],"author":[{"embeddable":true,"href":"https:\/\/sisu.ut.ee\/ewod\/wp-json\/wp\/v2\/users\/43"}],"replies":[{"embeddable":true,"href":"https:\/\/sisu.ut.ee\/ewod\/wp-json\/wp\/v2\/comments?post=789"}],"version-history":[{"count":1,"href":"https:\/\/sisu.ut.ee\/ewod\/wp-json\/wp\/v2\/pages\/789\/revisions"}],"predecessor-version":[{"id":4295,"href":"https:\/\/sisu.ut.ee\/ewod\/wp-json\/wp\/v2\/pages\/789\/revisions\/4295"}],"up":[{"embeddable":true,"href":"https:\/\/sisu.ut.ee\/ewod\/wp-json\/wp\/v2\/pages\/686"}],"wp:attachment":[{"href":"https:\/\/sisu.ut.ee\/ewod\/wp-json\/wp\/v2\/media?parent=789"}],"curies":[{"name":"wp","href":"https:\/\/api.w.org\/{rel}","templated":true}]}}