{"id":78,"date":"2024-04-03T23:39:20","date_gmt":"2024-04-03T20:39:20","guid":{"rendered":"https:\/\/sisu.ut.ee\/ewod\/mandmets\/"},"modified":"2024-04-04T00:11:03","modified_gmt":"2024-04-03T21:11:03","slug":"mandmets","status":"publish","type":"page","link":"https:\/\/sisu.ut.ee\/ewod\/m\/mandmets\/","title":{"rendered":"Jakob M\u00e4ndmets"},"content":{"rendered":"<p>\n\t<a href=\"https:\/\/sisu.ut.ee\/ewod\/m\/mandmets\/stories\"><strong><span style=\"font-family: verdana, geneva;font-size: medium\">Short stories<\/span><\/strong><\/a><strong><span style=\"font-family: verdana, geneva;font-size: medium\"> <a href=\"https:\/\/sisu.ut.ee\/wp-content\/uploads\/sites\/108\/j.mandmets.jpg\" target=\"_self\" rel=\"noopener\"><img decoding=\"async\" alt=\"Jakob M\u00e4ndmets\" src=\"https:\/\/sisu.ut.ee\/wp-content\/uploads\/sites\/108\/j.mandmets.jpg\" style=\"float: right;width: 200px;height: 303px\"><\/a><\/span><\/strong>\n<\/p>\n<p>\n\t<br>\u00a0\n<\/p>\n<p><span style=\"color:#000000\"><span style=\"font-size:13px\"><span style=\"font-family:Verdana,Geneva,sans-serif\">Jakob M\u00e4ndmets (29 July 1871 \u2013 25 December 1930) was a writer and journalist.<\/span><\/span><\/span>\n<\/p>\n<p>\n\t<span style=\"color:#000000\"><span style=\"font-size:13px\"><span style=\"font-family:Verdana,Geneva,sans-serif\">He was born on Suurepere farm in Paik\u00fcla village, K\u00e4rla parish, Saaremaa Island, as the tenth child of the family. Diseases had earlier taken seven children from the family; therefore, the parents took particular care of their last son Jakob. The writer had beautiful memories of his childhood, and, decades later, he used many motifs in his creation. He received the first instruction in literacy at home, thereafter, went to K\u00e4rla parish school. Books were appreciated at M\u00e4ndmets\u2019 home. After K\u00e4rla parish school, Jakob M\u00e4ndmets studied at Kaarma Teachers Seminary, which he completed in 1888.<\/span><\/span><\/span>\n<\/p>\n<p>\n\t<span style=\"color:#000000\"><span style=\"font-size:13px\"><span style=\"font-family:Verdana,Geneva,sans-serif\">He became a schoolteacher near his home at Karida village in K\u00e4rla parish. After a year of service, he had to leave because of conflicts with the local pastor. From 1892, M\u00e4ndmets worked for ten years as a teacher in Kose parish. In this period, he began to publish realist stories about village life, initially in periodicals.\u00a0 His first book was a melodramatic village story <em>Lepituse ingel<\/em> (\u2018Angel of Reconciliation\u2019, 1899). In 1903, having fallen into disfavour with the Kose pastor H\u00f6rschelmann, Jakob M\u00e4ndmets settled in Tallinn and began to work as a journalist there. First, he worked for the newspaper <em>Uus Aeg<\/em>, after its closure in 1905, he continued working mostly for the newspaper <em>P\u00e4evaleht<\/em> and for shorter periods, for other newspapers. Jakob M\u00e4ndmets was a member of the Estonian Writers\u2019 Union from 1922. His grandson was the natural scientist Endel Lippmaa.<\/span><\/span><\/span>\n<\/p>\n<p>\n\t<span style=\"color:#000000\"><span style=\"font-size:13px\"><span style=\"font-family:Verdana,Geneva,sans-serif\">Jakob M\u00e4ndmets attracted attention in the first decades of the 20th century with collections of stories about everyday village life in Saaremaa Island. He has also written novels, novellas and fragments. He has also published plays and numerous essays and articles.<\/span><\/span><\/span>\n<\/p>\n<p>\n\t<em><span style=\"color:#000000\"><span style=\"font-size:13px\"><span style=\"font-family:Verdana,Geneva,sans-serif\">L. P. (Translated by I. A.)<\/span><\/span><\/span><\/em>\n<\/p>\n<p><strong><span style=\"font-size:16px\"><span style=\"color:#000000\"><span style=\"font-family:Verdana,Geneva,sans-serif\">Books in Estonian<\/span><\/span><\/span><\/strong>\n<\/p>\n<p>\n\t<span style=\"color:#000000\"><span style=\"font-size:13px\"><span style=\"font-family:Verdana,Geneva,sans-serif\"><strong><em>Novels<\/em><\/strong><br><strong>Rasked patud<\/strong>. Tallinn: J. Ploompuu, 1901. 255 lk.<br><strong>Tulesse<\/strong>: Jutustus Eesti minevikust. Tallinn: G. Pihlakas, 1901. 256 lk.<br><strong>Sala s\u00fc\u00fcdlane<\/strong>. Tallinn: J. Ploompuu, 1900. 168 lk.<\/span><\/span><\/span>\n<\/p>\n<p>\n\t<span style=\"color:#000000\"><span style=\"font-size:13px\"><span style=\"font-family:Verdana,Geneva,sans-serif\"><strong><em>Stories<\/em><\/strong><br><strong>Lepituse ingel<\/strong>: Lugu k\u00fclaelust. Jurjev: Uus Aeg, 1899. 64 lk.<br><strong>Kui palju pisaraid!<\/strong> Jurjev: Uus Aeg, 1900. 112 lk.<br><strong>Aated ja ained<\/strong>. Jurjev: Kirjanduse s\u00f5brad, 1901. 144 lk.<br><strong>Sakste pulmas<\/strong>. Jurjev: Kirjanduse s\u00f5brad, 1901. 135 lk.<br><strong>Nagu muinasjutt<\/strong>. Jurjev: Kirjanduse s\u00f5brad, 1902. 159 lk.<br><strong>Tont<\/strong>: T\u00f5sine kujutus Eestirahwa elust. Jurjev: T. Kukk, 1903. 68 lk.<br><strong>H\u00e4bitundmata Villu<\/strong>: uudisjutt. Tallinn: Eesti Postimees, 1904. 112 lk.<br><strong>Wana k\u00e4sikiri<\/strong>. Tallinn: G. Schneideri raamatukauplus, 1904. 132 lk.<br><strong>Lihtne lugu<\/strong>. Tallinn: J. Lilienbach, 1906. 48 lk.<br><strong>Kiir kaugusest; Ei ole aega<\/strong>. Tallinn: Ploompuu, 1922. 30 lk.<br><strong>Katkiraiutud kaljas<\/strong> [jutt]. Tartu: Loodus, 1926. 39 lk.<\/span><\/span><\/span>\n<\/p>\n<p>\n\t<span style=\"color:#000000\"><span style=\"font-size:13px\"><span style=\"font-family:Verdana,Geneva,sans-serif\"><strong><em>Collections of short stories<\/em><\/strong><br><strong>Koduk\u00fcla wainult<\/strong>. Revel: Tallinn: J. Ploompuu, 1900. 107 lk.<br><strong>Oma \u00f5uest<\/strong>: Seitse Eesti juttu. Tallinn: J. Ploompuu, 1900. 94 lk.<br><strong>\u00d5itseliste jutud<\/strong>. Tallinn: J. Ploompuu, 1901. 112 lk.<br><strong>Pilpad<\/strong>. Tallinn: J. H. Vahtrik, 1902. 91 lk.<br><strong>Talgud<\/strong> [jutustused]. Tallinn: G. Schneideri raamatukauplus, 1903. 88 lk.<br><strong>Wiirastused <\/strong>[jutustused]. Tallinn: M. Schiffer, 1911. 112 lk.<br><strong>Isa talus<\/strong> [jutustused]. Tallinn: Teadus, 1913. 154 lk.<br><strong>Meri<\/strong>. Tartu: Noor-Eesti, 1914. 169 lk.<br><strong>K\u00fcla<\/strong> [jutustused]. Tallinn: Maa, 1915. 146 lk.<br><strong>Hingekarjane R\u00f6mer ja teised jutustused<\/strong>. Tallinn: M\u00f5te, 1917. 213 lk.<br><strong>Maa j\u00f5ud<\/strong>. Tartu: Noor-Eesti, 1918. 121 lk.<br><strong>Kodumaa jutud<\/strong>. Tallinn: Ploompuu, 1919. 277 lk.<br><strong>Hiilid karil<\/strong>. Tallinn: Rahva\u00fclikool, 1921. 171 lk.<br><strong>Saatuse tujud<\/strong>. Tallinn: Tallinna Eesti Kirjastus-\u00dchisus, 1922. 166 lk.<br><strong>L\u00e4bi r\u00e4di<\/strong>. Tartu: Loodus, 1927. 328 lk.<br><strong>Teosed; 1. k\u00f6ide<\/strong>. Tallinn: Eesti Riiklik Kirjatus, 1956. 667 lk.<br><strong>Teosed; 2. k\u00f6ide<\/strong>. Tallinn: Eesti Riiklik Kirjatus, 1956. 712 lk.<br><strong>Kui valgus tuli<\/strong>. Tallinn: Eesti Raamat, 1987. 319 lk. [Sari \u2018Eesti novellivara\u2019]<\/span><\/span><\/span>\n<\/p>\n<p>\n\t<span style=\"color:#000000\"><span style=\"font-size:13px\"><span style=\"font-family:Verdana,Geneva,sans-serif\"><strong><em>Plays<\/em><\/strong><br><strong>Neli p\u00e4eva<\/strong>: Waatem\u00e4ng neljas j\u00e4rgus. Tallinn: J. Ploompuu, 1904. 87 lk.<br><strong>Kosilane<\/strong>: \u00dchej\u00e4rguline n\u00e4item\u00e4ng. Tallinn: J. Ploompuu, 1905. 32 lk.<br><strong>Ema<\/strong>: kurbm\u00e4ng 4 waatuses. Tallinn: Teadus, 1908. 80 lk.<br><strong>Ametilt kosilane (Kosilane)<\/strong>: \u00fchevaatuslik juhtumus Kuuskn\u00f5mme vabadiku talus. Tallinn: Tavet Mutsu Teaterkirjastus, 1930. 31 lk.<br><strong>Ebajumal<\/strong>: n\u00e4idend kolmes vaatuses. Tallinn: Eesti Haridusliit, 1930. 137 lk.<br><strong>Elut\u00f6\u00f6<\/strong>: kolmej\u00e4rguline n\u00e4idend. Tallinn: Eesti Haridusliit, 1930. 73 lk.<br><strong>Metsavahi majas (Neli p\u00e4eva)<\/strong>: n\u00e4idend 4 vaatuses. Tallinn: T. Mutsu, 1930. 108 lk.<br><strong>Mikk Kivi<\/strong>: n\u00e4idend 4 j\u00e4rgus. Tallinn: T. Mutsu, 1930. 93 lk.<\/span><\/span><\/span>\n<\/p>\n<p>\n\t\u00a0<\/p>\n","protected":false},"excerpt":{"rendered":"<p>Short stories \u00a0 Jakob M\u00e4ndmets (29 July 1871 \u2013 25 December 1930) was a writer and journalist. He was born on Suurepere farm in Paik\u00fcla village, K\u00e4rla parish, Saaremaa Island, as the tenth child of the family. Diseases had earlier &#8230;<\/p>\n","protected":false},"author":43,"featured_media":0,"parent":642,"menu_order":0,"comment_status":"closed","ping_status":"closed","template":"","meta":{"_acf_changed":false,"inline_featured_image":false,"footnotes":""},"class_list":["post-78","page","type-page","status-publish","hentry"],"acf":[],"_links":{"self":[{"href":"https:\/\/sisu.ut.ee\/ewod\/wp-json\/wp\/v2\/pages\/78","targetHints":{"allow":["GET"]}}],"collection":[{"href":"https:\/\/sisu.ut.ee\/ewod\/wp-json\/wp\/v2\/pages"}],"about":[{"href":"https:\/\/sisu.ut.ee\/ewod\/wp-json\/wp\/v2\/types\/page"}],"author":[{"embeddable":true,"href":"https:\/\/sisu.ut.ee\/ewod\/wp-json\/wp\/v2\/users\/43"}],"replies":[{"embeddable":true,"href":"https:\/\/sisu.ut.ee\/ewod\/wp-json\/wp\/v2\/comments?post=78"}],"version-history":[{"count":1,"href":"https:\/\/sisu.ut.ee\/ewod\/wp-json\/wp\/v2\/pages\/78\/revisions"}],"predecessor-version":[{"id":4988,"href":"https:\/\/sisu.ut.ee\/ewod\/wp-json\/wp\/v2\/pages\/78\/revisions\/4988"}],"up":[{"embeddable":true,"href":"https:\/\/sisu.ut.ee\/ewod\/wp-json\/wp\/v2\/pages\/642"}],"wp:attachment":[{"href":"https:\/\/sisu.ut.ee\/ewod\/wp-json\/wp\/v2\/media?parent=78"}],"curies":[{"name":"wp","href":"https:\/\/api.w.org\/{rel}","templated":true}]}}