{"id":7625,"date":"2025-10-03T13:24:08","date_gmt":"2025-10-03T10:24:08","guid":{"rendered":"https:\/\/sisu.ut.ee\/ewod\/?page_id=7625"},"modified":"2025-10-03T13:25:27","modified_gmt":"2025-10-03T10:25:27","slug":"ants-paikre","status":"publish","type":"page","link":"https:\/\/sisu.ut.ee\/ewod\/p\/ants-paikre\/","title":{"rendered":"Ants Paikre"},"content":{"rendered":"<h4 class=\"wp-block-heading\">Books in Estonian<\/h4>\n\n\n\n<p><strong><em>Poems<\/em><\/strong><br><strong>Kirjeldamatu, asendamatu<\/strong>. Tallinn: Perioodika (Loomingu Raamatukogu), 1976, 64 lk.<br><strong>Vere t\u00f5us ja m\u00f5\u00f5n<\/strong>. Tallinn: Eesti Raamat, 1982, 63 lk.<br><strong>S\u00fcgishommikute tuunjas vaikus<\/strong>. Valitud luulet ja luulet\u00f5lkeid. Tartu: Ilmamaa, 2025, 256 lk.<\/p>\n\n\n\n<p><\/p>\n","protected":false},"excerpt":{"rendered":"<p>Books in Estonian PoemsKirjeldamatu, asendamatu. Tallinn: Perioodika (Loomingu Raamatukogu), 1976, 64 lk.Vere t\u00f5us ja m\u00f5\u00f5n. Tallinn: Eesti Raamat, 1982, 63 lk.S\u00fcgishommikute tuunjas vaikus. Valitud luulet ja luulet\u00f5lkeid. Tartu: Ilmamaa, 2025, 256 lk.<\/p>\n","protected":false},"author":43,"featured_media":0,"parent":675,"menu_order":0,"comment_status":"closed","ping_status":"closed","template":"","meta":{"_acf_changed":false,"inline_featured_image":false,"footnotes":""},"class_list":["post-7625","page","type-page","status-publish","hentry"],"acf":[],"_links":{"self":[{"href":"https:\/\/sisu.ut.ee\/ewod\/wp-json\/wp\/v2\/pages\/7625","targetHints":{"allow":["GET"]}}],"collection":[{"href":"https:\/\/sisu.ut.ee\/ewod\/wp-json\/wp\/v2\/pages"}],"about":[{"href":"https:\/\/sisu.ut.ee\/ewod\/wp-json\/wp\/v2\/types\/page"}],"author":[{"embeddable":true,"href":"https:\/\/sisu.ut.ee\/ewod\/wp-json\/wp\/v2\/users\/43"}],"replies":[{"embeddable":true,"href":"https:\/\/sisu.ut.ee\/ewod\/wp-json\/wp\/v2\/comments?post=7625"}],"version-history":[{"count":1,"href":"https:\/\/sisu.ut.ee\/ewod\/wp-json\/wp\/v2\/pages\/7625\/revisions"}],"predecessor-version":[{"id":7626,"href":"https:\/\/sisu.ut.ee\/ewod\/wp-json\/wp\/v2\/pages\/7625\/revisions\/7626"}],"up":[{"embeddable":true,"href":"https:\/\/sisu.ut.ee\/ewod\/wp-json\/wp\/v2\/pages\/675"}],"wp:attachment":[{"href":"https:\/\/sisu.ut.ee\/ewod\/wp-json\/wp\/v2\/media?parent=7625"}],"curies":[{"name":"wp","href":"https:\/\/api.w.org\/{rel}","templated":true}]}}