{"id":756,"date":"2024-04-03T23:40:16","date_gmt":"2024-04-03T20:40:16","guid":{"rendered":"https:\/\/sisu.ut.ee\/ewod\/oe\/"},"modified":"2024-04-04T00:09:11","modified_gmt":"2024-04-03T21:09:11","slug":"oe","status":"publish","type":"page","link":"https:\/\/sisu.ut.ee\/ewod\/oe\/","title":{"rendered":"\u00d5"},"content":{"rendered":"<p>\n\t<span style=\"font-size:13px\"><strong><span style=\"font-family:Verdana,Geneva,sans-serif\"><a data-url=\"https:\/\/sisu.ut.ee\/ewod\/oe\/pilleonnepalu\" href=\"https:\/\/sisu.ut.ee\/ewod\/oe\/pilleonnepalu\" title=\"\">Pille \u00d5nnepalu<\/a><\/span><\/strong><br><span style=\"font-family: verdana, geneva\"><strong><a href=\"https:\/\/sisu.ut.ee\/ewod\/oe\/onnepalu\">T\u00f5nu \u00d5nnepalu<\/a><\/strong><br><strong><a href=\"https:\/\/sisu.ut.ee\/ewod\/oe\/oeun\">Voldemar \u00d5un<\/a><\/strong><br><strong><a href=\"https:\/\/sisu.ut.ee\/ewod\/oe\/ounapuu\">Ervin \u00d5unapuu<\/a><\/strong><\/span><\/span><\/p>\n","protected":false},"excerpt":{"rendered":"<p>Pille \u00d5nnepaluT\u00f5nu \u00d5nnepaluVoldemar \u00d5unErvin \u00d5unapuu<\/p>\n","protected":false},"author":43,"featured_media":0,"parent":0,"menu_order":0,"comment_status":"closed","ping_status":"closed","template":"","meta":{"_acf_changed":false,"inline_featured_image":false,"footnotes":""},"class_list":["post-756","page","type-page","status-publish","hentry"],"acf":[],"_links":{"self":[{"href":"https:\/\/sisu.ut.ee\/ewod\/wp-json\/wp\/v2\/pages\/756","targetHints":{"allow":["GET"]}}],"collection":[{"href":"https:\/\/sisu.ut.ee\/ewod\/wp-json\/wp\/v2\/pages"}],"about":[{"href":"https:\/\/sisu.ut.ee\/ewod\/wp-json\/wp\/v2\/types\/page"}],"author":[{"embeddable":true,"href":"https:\/\/sisu.ut.ee\/ewod\/wp-json\/wp\/v2\/users\/43"}],"replies":[{"embeddable":true,"href":"https:\/\/sisu.ut.ee\/ewod\/wp-json\/wp\/v2\/comments?post=756"}],"version-history":[{"count":1,"href":"https:\/\/sisu.ut.ee\/ewod\/wp-json\/wp\/v2\/pages\/756\/revisions"}],"predecessor-version":[{"id":4329,"href":"https:\/\/sisu.ut.ee\/ewod\/wp-json\/wp\/v2\/pages\/756\/revisions\/4329"}],"wp:attachment":[{"href":"https:\/\/sisu.ut.ee\/ewod\/wp-json\/wp\/v2\/media?parent=756"}],"curies":[{"name":"wp","href":"https:\/\/api.w.org\/{rel}","templated":true}]}}