{"id":726,"date":"2024-04-03T23:40:14","date_gmt":"2024-04-03T20:40:14","guid":{"rendered":"https:\/\/sisu.ut.ee\/ewod\/novels-et-37\/"},"modified":"2024-04-04T00:09:14","modified_gmt":"2024-04-03T21:09:14","slug":"novels","status":"publish","type":"page","link":"https:\/\/sisu.ut.ee\/ewod\/j\/joeruut\/novels\/","title":{"rendered":"Jaak J\u00f5er\u00fc\u00fct &#8211; novels"},"content":{"rendered":"<p><strong><span style=\"font-family: verdana, geneva;font-size: medium\">Books<\/span><\/strong><\/p>\n<p><span style=\"font-family: verdana, geneva\"><strong style=\"line-height: 1.6em\"><em>Finnish<\/em><br><\/strong><strong style=\"line-height: 1.6em\">Muuttuvainen<\/strong>. Translated by Raija H\u00e4m\u00e4l\u00e4inen. Helsinki: Basam Books, 2013, 403 pp. [\u2018Muutlik\u2019.]<\/span><\/p>\n<p><span style=\"font-family: verdana, geneva\" data-mce-mark=\"1\"><em><strong>Latvian<\/strong><\/em><br>J\u0101ks Jeer\u012bts,\u00a0<strong>Main\u012bgais<\/strong>. Translated by Guntars Godi\u0146\u0161. R\u012bga: Mansards, 2012, 391 pp.\u00a0[\u2018Muutlik\u2019.]\u00a0<br><\/span><\/p>\n","protected":false},"excerpt":{"rendered":"<p>Books FinnishMuuttuvainen. Translated by Raija H\u00e4m\u00e4l\u00e4inen. Helsinki: Basam Books, 2013, 403 pp. [\u2018Muutlik\u2019.] LatvianJ\u0101ks Jeer\u012bts,\u00a0Main\u012bgais. Translated by Guntars Godi\u0146\u0161. R\u012bga: Mansards, 2012, 391 pp.\u00a0[\u2018Muutlik\u2019.]\u00a0<\/p>\n","protected":false},"author":43,"featured_media":0,"parent":542,"menu_order":0,"comment_status":"closed","ping_status":"closed","template":"","meta":{"_acf_changed":false,"inline_featured_image":false,"footnotes":""},"class_list":["post-726","page","type-page","status-publish","hentry"],"acf":[],"_links":{"self":[{"href":"https:\/\/sisu.ut.ee\/ewod\/wp-json\/wp\/v2\/pages\/726","targetHints":{"allow":["GET"]}}],"collection":[{"href":"https:\/\/sisu.ut.ee\/ewod\/wp-json\/wp\/v2\/pages"}],"about":[{"href":"https:\/\/sisu.ut.ee\/ewod\/wp-json\/wp\/v2\/types\/page"}],"author":[{"embeddable":true,"href":"https:\/\/sisu.ut.ee\/ewod\/wp-json\/wp\/v2\/users\/43"}],"replies":[{"embeddable":true,"href":"https:\/\/sisu.ut.ee\/ewod\/wp-json\/wp\/v2\/comments?post=726"}],"version-history":[{"count":1,"href":"https:\/\/sisu.ut.ee\/ewod\/wp-json\/wp\/v2\/pages\/726\/revisions"}],"predecessor-version":[{"id":4344,"href":"https:\/\/sisu.ut.ee\/ewod\/wp-json\/wp\/v2\/pages\/726\/revisions\/4344"}],"up":[{"embeddable":true,"href":"https:\/\/sisu.ut.ee\/ewod\/wp-json\/wp\/v2\/pages\/542"}],"wp:attachment":[{"href":"https:\/\/sisu.ut.ee\/ewod\/wp-json\/wp\/v2\/media?parent=726"}],"curies":[{"name":"wp","href":"https:\/\/api.w.org\/{rel}","templated":true}]}}