{"id":591,"date":"2024-04-03T23:40:02","date_gmt":"2024-04-03T20:40:02","guid":{"rendered":"https:\/\/sisu.ut.ee\/ewod\/toomasliiv\/"},"modified":"2024-04-04T00:09:38","modified_gmt":"2024-04-03T21:09:38","slug":"toomasliiv","status":"publish","type":"page","link":"https:\/\/sisu.ut.ee\/ewod\/l\/toomasliiv\/","title":{"rendered":"Toomas Liiv"},"content":{"rendered":"<p>\n\t<a href=\"https:\/\/sisu.ut.ee\/ewod\/l\/toomasliiv\/poems\"><strong><span style=\"font-size: medium;font-family: verdana, geneva\">Poems <\/span><\/strong><\/a><a href=\"https:\/\/sisu.ut.ee\/wp-content\/uploads\/sites\/108\/toomas_liiv_elmar_koster.jpg\" target=\"_self\" rel=\"noopener\"><img decoding=\"async\" alt=\"Toomas Liiv\" src=\"https:\/\/sisu.ut.ee\/wp-content\/uploads\/sites\/108\/toomas_liiv_elmar_koster.jpg\" style=\"float: right;width: 300px;height: 216px\" title=\"Photo: Elmar K\u00f6ster\"><\/a>\n<\/p>\n<p>\n\t<a href=\"https:\/\/sisu.ut.ee\/ewod\/l\/toomasliiv\/about\"><strong><span style=\"font-size: medium;font-family: verdana, geneva\">About\u00a0Toomas Liiv<\/span><\/strong><\/a>\n<\/p>\n<p><span style=\"font-size:13px\"><span style=\"font-family:Verdana,Geneva,sans-serif\">Toomas Liiv (30. XII 1946 \u2013 20. XII 2009) was a poet, literary scholar and a lecturer. In his writing, he tried modifying and blurring the traditional lines between prose and poetry.<\/span><\/span>\n<\/p>\n<p>\n\t<span style=\"font-size:13px\"><span style=\"font-family:Verdana,Geneva,sans-serif\">He was born in Tallinn and after finishing high school, studied Estonian philology at the University of Tartu. As a literary scholar, his main area of interest was Estonian short prose. He defended his PhD in 1982 with the thesis <em>Eesti novell aastail 1917-1930<\/em> (\u2018Estonian Short Story during 1917-1930\u2019). From 1997, he was a professor of Estonian literature in Tallinn University.<\/span><\/span>\n<\/p>\n<p>\n\t<span style=\"font-size:13px\"><span style=\"font-family:Verdana,Geneva,sans-serif\">Toomas Liiv entered the Estonian literary scene in 1965 with a prose piece <em>J\u00f5e \u00e4\u00e4res<\/em> (\u2018By the River\u2019). As a poet, his poem cycle <em>Kase p\u00f5lemine<\/em> (\u2018Burning of the Birch\u2019) in the collection <em>N\u00e4rvitr\u00fckk<\/em> (\u2018Nerve Print\u2019, 1971) gained recognition, along with Joel Sang, Juhan Viiding and Johnny B Isotamm, which marked the poetry innovation of the new decade. Liiv mostly used free verse, at the same time playing with the visual placing of verse and stanzas. His poetry is often parodying, especially of classical forms and styles, and contains (self-) irony. He was one of the first Estonian poets who questioned the point of traditional treatment of literature, thus questioning the current boundaries in writing itself and between genres.<\/span><\/span>\n<\/p>\n<p>\n\t<span style=\"font-size:13px\"><span style=\"font-family:Verdana,Geneva,sans-serif\"><em>A. Mv. (Translated by A. S.)<\/em><\/span><\/span><br>\u00a0\n<\/p>\n<p>\n\t<br><span style=\"font-family:Verdana,Geneva,sans-serif\"><strong><span style=\"font-size:16px\">Books in Estonian<\/span><\/strong><\/span>\n<\/p>\n<p>\n\t<span style=\"font-size:13px\"><span style=\"font-family:Verdana,Geneva,sans-serif\"><strong><em>Poems<\/em><\/strong><br><strong>Kurbus vikerkaarest<\/strong>. Tallinn: Eesti Raamat, 1971, 63 lk.<br><strong>Fragment<\/strong>. Tallinn: Eesti Raamat, 1981, 60 lk.<br><strong>Achtung<\/strong>. Tallinn: Perioodika, 2000, 72 lk.<br><strong>Luuletused 1966-2002<\/strong>. Tallinn: Tuum, 2003, 238 lk.<\/span><\/span>\n<\/p>\n<p>\n\t<span style=\"font-size:13px\"><span style=\"font-family:Verdana,Geneva,sans-serif\"><strong><em>Essays and articles<\/em><\/strong><br><strong>Proosast<\/strong>. Tallinn: Virgela, 1997, 237 lk.<br><strong>Tekst teeb oma t\u00f6\u00f6<\/strong>. Tallinn: Eesti Keele Sihtasutus, 2012, 479 lk.<\/span><\/span>\n<\/p>\n<p>\n\t<span style=\"font-size:13px\"><span style=\"font-family:Verdana,Geneva,sans-serif\"><strong><em>Radio plays<\/em><\/strong><br><strong>Kuuldem\u00e4ng mesilastest<\/strong>. Tallinn: E. Lindsalu, 2018, 22 lk.<\/span><\/span>\n<\/p>\n<p>\n\t\u00a0<\/p>\n","protected":false},"excerpt":{"rendered":"<p>Poems About\u00a0Toomas Liiv Toomas Liiv (30. XII 1946 \u2013 20. XII 2009) was a poet, literary scholar and a lecturer. In his writing, he tried modifying and blurring the traditional lines between prose and poetry. He was born in Tallinn &#8230;<\/p>\n","protected":false},"author":43,"featured_media":0,"parent":631,"menu_order":0,"comment_status":"closed","ping_status":"closed","template":"","meta":{"_acf_changed":false,"inline_featured_image":false,"footnotes":""},"class_list":["post-591","page","type-page","status-publish","hentry"],"acf":[],"_links":{"self":[{"href":"https:\/\/sisu.ut.ee\/ewod\/wp-json\/wp\/v2\/pages\/591","targetHints":{"allow":["GET"]}}],"collection":[{"href":"https:\/\/sisu.ut.ee\/ewod\/wp-json\/wp\/v2\/pages"}],"about":[{"href":"https:\/\/sisu.ut.ee\/ewod\/wp-json\/wp\/v2\/types\/page"}],"author":[{"embeddable":true,"href":"https:\/\/sisu.ut.ee\/ewod\/wp-json\/wp\/v2\/users\/43"}],"replies":[{"embeddable":true,"href":"https:\/\/sisu.ut.ee\/ewod\/wp-json\/wp\/v2\/comments?post=591"}],"version-history":[{"count":1,"href":"https:\/\/sisu.ut.ee\/ewod\/wp-json\/wp\/v2\/pages\/591\/revisions"}],"predecessor-version":[{"id":4491,"href":"https:\/\/sisu.ut.ee\/ewod\/wp-json\/wp\/v2\/pages\/591\/revisions\/4491"}],"up":[{"embeddable":true,"href":"https:\/\/sisu.ut.ee\/ewod\/wp-json\/wp\/v2\/pages\/631"}],"wp:attachment":[{"href":"https:\/\/sisu.ut.ee\/ewod\/wp-json\/wp\/v2\/media?parent=591"}],"curies":[{"name":"wp","href":"https:\/\/api.w.org\/{rel}","templated":true}]}}