{"id":583,"date":"2024-04-03T23:40:01","date_gmt":"2024-04-03T20:40:01","guid":{"rendered":"https:\/\/sisu.ut.ee\/ewod\/mathura\/"},"modified":"2024-04-04T00:09:41","modified_gmt":"2024-04-03T21:09:41","slug":"mathura","status":"publish","type":"page","link":"https:\/\/sisu.ut.ee\/ewod\/m\/mathura\/","title":{"rendered":"Mathura"},"content":{"rendered":"<p>\n\t<a href=\"https:\/\/sisu.ut.ee\/ewod\/m\/mathura\/poems\"><strong><span style=\"font-family: verdana, geneva;font-size: medium\">Poems<\/span><\/strong><\/a><strong><span style=\"font-family: verdana, geneva;font-size: medium\"> <a href=\"https:\/\/sisu.ut.ee\/wp-content\/uploads\/sites\/108\/mathura_photo.jpg\" target=\"_self\" rel=\"noopener\"><img decoding=\"async\" alt=\"mathura\" src=\"https:\/\/sisu.ut.ee\/wp-content\/uploads\/sites\/108\/mathura_photo.jpg\" style=\"float: right;width: 400px;height: 300px\"><\/a><\/span><\/strong>\n<\/p>\n<p>\u00a0\n<\/p>\n<p>Mathura (given name Margus Lattik; born 7 November 1973) is a poet, prose writer, translator and artist.\n<\/p>\n<p>\n\tHe was born and attended school in Tallinn, studied English philology at the University of Tartu and continued his education at Vrindavan Institute for Higher Education in India. He is the head of the publishing imprint, Allika\u00e4\u00e4rne. Mathura is a member of the literary grouping Erakkond and, from 2005, of the Estonian Writers\u2019 Union.\n<\/p>\n<p>\n\tMathura entered literature in the 1990s. His first poetry collection <em>Poeesia valgel taustal<\/em> (\u2018Poetry Against a White Background\u2019, 2001) shows Oriental influences; his pen name Mathura also refers to an Indian city of the same name where, according to traditional lore, the god Krishna was born. An essential place in Mathura\u2019s poetry belongs to places where he has travelled or stayed for a longer time. The contacts between the place and the person create an original experience and cognition of life. So, for example, the collection dedicated to his daughter, <em>Kumalasep\u00e4ev<\/em> (\u2018Bumblebee Day\u2019, 2003), is centred on the North Estonian fishing village Lahe. The source of inspiration for the collection <em>Luuletused Atitlani j\u00e4rvelt<\/em> (\u2018Poems from Lake Atitlan\u2019, 2008) is his trip to Central America, which is also described in the travelogue <em>Guatemala, maa hing<\/em> (\u2018Guatemala, the Soul of the Earth\u2019, 2009). Different places have provided subject matter for introspective wanderings and musings which characterise the whole of Mathura\u2019s calmly deep pantheist creation with its eternal and existential themes. The poetry collection written over several years <em>Lahusolek<\/em> (\u2018Separation\u2019, 2021) describes man\u2019s separation from their creator, fellow humans and environment. It also moves through different places.\n<\/p>\n<p>\n\tThe novel <em>J\u00e4\u00e4minek<\/em> (\u2018As the Ice Lifts\u2019, 2016), which won the literary prize of Virumaa County in 2017, traces the author\u2019s childhood paths at Matsalu Bay. Social themes and dangers of the present-day consumer society are dealt with in <em>Inimene on rohi<\/em> (\u2018Man is Like a Leaf of Grass\u2019, 2008). <em>Kohalolu<\/em> (\u2018Presence\u2019, 2006) also withdraws from the bustling everyday world. The poetry collection <em>K\u00e4e all voogav joon<\/em> (\u2018The Line Flowing Beneath Your Hand\u2019, 2013), which received the <a data-url=\"https:\/\/sisu.ut.ee\/ewod\/s\/suits\" href=\"https:\/\/sisu.ut.ee\/ewod\/s\/suits\" title=\"\">Gustav Suits<\/a> Poetry Prize in 2014, consists of dedication poems to the artists who have inspired the author. The poetry collection was accompanied by an exhibition; the works of Mathura who also practises painting have been displayed at several exhibitions. He has also written song lyrics and literary criticism. He is a prolific translator of poetry and prose from English (Ben Okri, Christopher Isherwood, Derek Walcott, Dylan Thomas, Amos Tutuola, and others) and several other languages, like Hindi, Sami and Ukrainian.\n<\/p>\n<p>\n\tMathura has received the County Annual Award of the Estonian Cultural Endowment (2004, 2017) and the Estonian Cultural Endowment Scholarship Ela ja s\u00e4ra (\u2018Live and Shine\u2019, 2022). His poetry has been translated into more than a dozen languages, with full collections in English, Swedish, Finnish, Hebrew and Chinese. He has presented his work at notable international venues like Internationales Literaturfestival Berlin, International Poetry Nights Hong Kong, European Poetry Festival London and European Poetry Biennale Brasov.\n<\/p>\n<p>\n\t<em>A. K. (Translated by I. A.)<\/em>\n<\/p>\n<p><strong><span style=\"font-size:16px\">Books in Estonian<\/span><\/strong>\n<\/p>\n<p>\n\t<strong><em>Poetry collections<\/em><\/strong><br><strong>Poeesia valgel taustal<\/strong>: kirjutisi aastaist 1993-2000. Tallinn: Erakkond, 2001, 63 lk<br><strong>S\u00f5stramesi<\/strong>. K\u00fclak\u00fcla: Erakkond, 2003, 44 lk<br><strong>Kaks tuulehoogu<\/strong>. Rapla, Ristna: Erakkond, 2004, 68 lk<br><strong>Kohalolu<\/strong>: luuletusi ja r\u00e4nnakuid. Rapla: Allik\u00e4\u00e4rne, 2006, 68 lk<br><strong>Inimene on rohi<\/strong>. Lelle: Allika\u00e4\u00e4rne, 2008, 80 lk<br><strong>Luuletused Atitlani j\u00e4rvelt<\/strong>. Lelle: Allika\u00e4\u00e4rne, 2008, 61 lk<br><strong>Kumalasep\u00e4ev<\/strong>. Lelle: Allika\u00e4\u00e4rne, 2012, 88 lk<br><strong>K\u00e4e all voogav joon<\/strong>. Lelle: Allika\u00e4\u00e4rne, 2013, 77 lk<br>Mathura, Kairi Orgusaar, <strong>S\u00f5strahelmed<\/strong>. Currant Beads. Lelle: Allika\u00e4\u00e4rne, 2013, 69 lk<br><strong>Tantsisklevail lehtedel ta keerleb<\/strong>: 54 haikupilti Hong Kongist. Lelle: Allika\u00e4\u00e4rne, 2019, 54 lk<br><strong>Lahusolek<\/strong>. Lelle: Allika\u00e4\u00e4rne, 2021, 103 lk\n<\/p>\n<p>\n\t<strong><em>Prose<\/em><\/strong><br><strong>J\u00e4\u00e4minek<\/strong>. Lelle: Allika\u00e4\u00e4rne, 2016, 94 lk [2. tr\u00fckk: 2017]\n<\/p>\n<p>\n\t<strong><em>Travelogues<\/em><\/strong><br><strong>Guatemala, maa hing<\/strong>. Lelle: Allika\u00e4\u00e4rne, 2009, 110 lk\n<\/p>\n<p>\n\t<strong><em>Essays and articles<\/em><\/strong><br><strong>Valgust t\u00e4is maja: artikleid eesti kirjandusest<\/strong>. Lelle: Allika\u00e4\u00e4rne, 2021, 113 lk<\/p>\n","protected":false},"excerpt":{"rendered":"<p>Poems \u00a0 Mathura (given name Margus Lattik; born 7 November 1973) is a poet, prose writer, translator and artist. He was born and attended school in Tallinn, studied English philology at the University of Tartu and continued his education at &#8230;<\/p>\n","protected":false},"author":43,"featured_media":0,"parent":642,"menu_order":0,"comment_status":"closed","ping_status":"closed","template":"","meta":{"_acf_changed":false,"inline_featured_image":false,"footnotes":""},"class_list":["post-583","page","type-page","status-publish","hentry"],"acf":[],"_links":{"self":[{"href":"https:\/\/sisu.ut.ee\/ewod\/wp-json\/wp\/v2\/pages\/583","targetHints":{"allow":["GET"]}}],"collection":[{"href":"https:\/\/sisu.ut.ee\/ewod\/wp-json\/wp\/v2\/pages"}],"about":[{"href":"https:\/\/sisu.ut.ee\/ewod\/wp-json\/wp\/v2\/types\/page"}],"author":[{"embeddable":true,"href":"https:\/\/sisu.ut.ee\/ewod\/wp-json\/wp\/v2\/users\/43"}],"replies":[{"embeddable":true,"href":"https:\/\/sisu.ut.ee\/ewod\/wp-json\/wp\/v2\/comments?post=583"}],"version-history":[{"count":1,"href":"https:\/\/sisu.ut.ee\/ewod\/wp-json\/wp\/v2\/pages\/583\/revisions"}],"predecessor-version":[{"id":4505,"href":"https:\/\/sisu.ut.ee\/ewod\/wp-json\/wp\/v2\/pages\/583\/revisions\/4505"}],"up":[{"embeddable":true,"href":"https:\/\/sisu.ut.ee\/ewod\/wp-json\/wp\/v2\/pages\/642"}],"wp:attachment":[{"href":"https:\/\/sisu.ut.ee\/ewod\/wp-json\/wp\/v2\/media?parent=583"}],"curies":[{"name":"wp","href":"https:\/\/api.w.org\/{rel}","templated":true}]}}