{"id":5471,"date":"2024-09-11T15:54:17","date_gmt":"2024-09-11T12:54:17","guid":{"rendered":"https:\/\/sisu.ut.ee\/ewod\/?page_id=5471"},"modified":"2024-09-11T15:54:31","modified_gmt":"2024-09-11T12:54:31","slug":"poems","status":"publish","type":"page","link":"https:\/\/sisu.ut.ee\/ewod\/c\/cullen\/poems\/","title":{"rendered":"Adam Cullen &#8211; poems"},"content":{"rendered":"<h5 class=\"wp-block-heading\"><br>In anthologies and magazines<\/h5>\n\n\n\n<p><em><strong>Finnish<\/strong><\/em><br><strong>Sinisild. Eesti- ja soomekeelne luuleantoloogia = Sinisilta. Viron- ja suomenkielinen runoantologia<\/strong>. Edited by Reijo Roos and Mari-Liis Roos, translated by Merja Aho et al. Talsinki: IlmaPress, 2021, 152 pp. [Includes poems by Lydia Koidula, Karl Martin Sinij\u00e4rv, Contra, Maimu Berg, Adam Cullen, K\u00e4di Kallau, Elo Viiding, Triin Tasuja, Eda Ahi, Veronika Kivisilla, Kai Aareleid, Mihkel Kaevats, J\u00fcrgen Rooste, Asko K\u00fcnnap, Eeva Park, kivisildnik, Triin Soomets, Jan Kaus, Heidi Iivari, Mika Ker\u00e4nen, Veiko Belials, Kauksi \u00dclle.]<\/p>\n","protected":false},"excerpt":{"rendered":"<p>In anthologies and magazines FinnishSinisild. Eesti- ja soomekeelne luuleantoloogia = Sinisilta. Viron- ja suomenkielinen runoantologia. Edited by Reijo Roos and Mari-Liis Roos, translated by Merja Aho et al. Talsinki: IlmaPress, 2021, 152 pp. [Includes poems by Lydia Koidula, Karl Martin &#8230;<\/p>\n","protected":false},"author":43,"featured_media":0,"parent":211,"menu_order":0,"comment_status":"closed","ping_status":"closed","template":"","meta":{"_acf_changed":false,"inline_featured_image":false,"footnotes":""},"class_list":["post-5471","page","type-page","status-publish","hentry"],"acf":[],"_links":{"self":[{"href":"https:\/\/sisu.ut.ee\/ewod\/wp-json\/wp\/v2\/pages\/5471","targetHints":{"allow":["GET"]}}],"collection":[{"href":"https:\/\/sisu.ut.ee\/ewod\/wp-json\/wp\/v2\/pages"}],"about":[{"href":"https:\/\/sisu.ut.ee\/ewod\/wp-json\/wp\/v2\/types\/page"}],"author":[{"embeddable":true,"href":"https:\/\/sisu.ut.ee\/ewod\/wp-json\/wp\/v2\/users\/43"}],"replies":[{"embeddable":true,"href":"https:\/\/sisu.ut.ee\/ewod\/wp-json\/wp\/v2\/comments?post=5471"}],"version-history":[{"count":2,"href":"https:\/\/sisu.ut.ee\/ewod\/wp-json\/wp\/v2\/pages\/5471\/revisions"}],"predecessor-version":[{"id":5474,"href":"https:\/\/sisu.ut.ee\/ewod\/wp-json\/wp\/v2\/pages\/5471\/revisions\/5474"}],"up":[{"embeddable":true,"href":"https:\/\/sisu.ut.ee\/ewod\/wp-json\/wp\/v2\/pages\/211"}],"wp:attachment":[{"href":"https:\/\/sisu.ut.ee\/ewod\/wp-json\/wp\/v2\/media?parent=5471"}],"curies":[{"name":"wp","href":"https:\/\/api.w.org\/{rel}","templated":true}]}}